Last updated on 2025-10-21 09:48:34 CEST.
Flavor | Version | Tinstall | Tcheck | Ttotal | Status | Flags |
---|---|---|---|---|---|---|
r-devel-linux-x86_64-debian-clang | 0.1 | 3.34 | 62.52 | 65.86 | OK | |
r-devel-linux-x86_64-debian-gcc | 0.1 | 1.97 | 43.97 | 45.94 | NOTE | |
r-devel-linux-x86_64-fedora-clang | 0.1 | 101.56 | OK | |||
r-devel-linux-x86_64-fedora-gcc | 0.1 | 106.85 | OK | |||
r-devel-windows-x86_64 | 0.1 | 6.00 | 79.00 | 85.00 | OK | |
r-patched-linux-x86_64 | 0.1 | 2.89 | 59.80 | 62.69 | OK | |
r-release-linux-x86_64 | 0.1 | 3.20 | 58.37 | 61.57 | OK | |
r-release-macos-arm64 | 0.1 | 52.00 | OK | |||
r-release-macos-x86_64 | 0.1 | 84.00 | OK | |||
r-release-windows-x86_64 | 0.1 | 6.00 | 81.00 | 87.00 | OK | |
r-oldrel-macos-arm64 | 0.1 | 38.00 | OK | |||
r-oldrel-macos-x86_64 | 0.1 | 110.00 | OK | |||
r-oldrel-windows-x86_64 | 0.1 | 7.00 | 102.00 | 109.00 | OK |
Version: 0.1
Check: HTML version of manual
Result: NOTE
Found the following HTML validation problems:
gen.beta.html:54:1 (gen.beta.Rd:14): Warning: missing </ul> before </div>
gen.c.html:61:1 (gen.c.Rd:19): Warning: missing </ul> before </div>
gen.example.html:50:1 (gen.example.Rd:12): Warning: missing </ul> before </div>
gen.gamma.html:54:1 (gen.gamma.Rd:14): Warning: missing </ul> before </div>
gen.list.html:63:1 (gen.list.Rd:20): Warning: missing </ul> before </div>
gen.no.shrink.html:47:1 (gen.no.shrink.Rd:11): Warning: missing </ul> before </div>
gen.shrink.html:53:1 (gen.shrink.Rd:15): Warning: missing </ul> before </div>
shrink.list.html:46:1 (shrink.list.Rd:10): Warning: missing </ul> before </div>
shrink.removes.html:50:1 (shrink.removes.Rd:12): Warning: missing </ul> before </div>
tree.replicate.html:64:1 (tree.replicate.Rd:23): Warning: missing </ul> before </div>
Flavor: r-devel-linux-x86_64-debian-gcc