Last updated on 2025-10-21 09:48:34 CEST.
Flavor | Version | Tinstall | Tcheck | Ttotal | Status | Flags |
---|---|---|---|---|---|---|
r-devel-linux-x86_64-debian-clang | 0.1.0 | 2.09 | 30.06 | 32.15 | OK | |
r-devel-linux-x86_64-debian-gcc | 0.1.0 | 1.75 | 23.81 | 25.56 | NOTE | |
r-devel-linux-x86_64-fedora-clang | 0.1.0 | 50.68 | OK | |||
r-devel-linux-x86_64-fedora-gcc | 0.1.0 | 58.96 | OK | |||
r-devel-windows-x86_64 | 0.1.0 | 7.00 | 48.00 | 55.00 | OK | |
r-patched-linux-x86_64 | 0.1.0 | 2.57 | 28.30 | 30.87 | OK | |
r-release-linux-x86_64 | 0.1.0 | 2.34 | 28.12 | 30.46 | OK | |
r-release-macos-arm64 | 0.1.0 | 40.00 | OK | |||
r-release-macos-x86_64 | 0.1.0 | 48.00 | OK | |||
r-release-windows-x86_64 | 0.1.0 | 6.00 | 49.00 | 55.00 | OK | |
r-oldrel-macos-arm64 | 0.1.0 | 27.00 | NOTE | |||
r-oldrel-macos-x86_64 | 0.1.0 | 41.00 | NOTE | |||
r-oldrel-windows-x86_64 | 0.1.0 | 8.00 | 57.00 | 65.00 | NOTE |
Version: 0.1.0
Check: HTML version of manual
Result: NOTE
Found the following HTML validation problems:
hchinamap-shiny.html:68:1 (hchinamap-shiny.Rd:25): Warning: missing </ul> before </div>
Flavor: r-devel-linux-x86_64-debian-gcc
Version: 0.1.0
Check: installed package size
Result: NOTE
installed size is 5.5Mb
sub-directories of 1Mb or more:
doc 2.7Mb
htmlwidgets 2.8Mb
Flavors: r-oldrel-macos-arm64, r-oldrel-macos-x86_64, r-oldrel-windows-x86_64
Version: 0.1.0
Check: LazyData
Result: NOTE
'LazyData' is specified without a 'data' directory
Flavors: r-oldrel-macos-arm64, r-oldrel-macos-x86_64, r-oldrel-windows-x86_64