Last updated on 2025-02-21 09:50:46 CET.
Flavor | Version | Tinstall | Tcheck | Ttotal | Status | Flags |
---|---|---|---|---|---|---|
r-devel-linux-x86_64-debian-clang | 0.2.0 | 4.40 | 18.52 | 22.92 | OK | |
r-devel-linux-x86_64-debian-gcc | 0.2.0 | 3.45 | 15.50 | 18.95 | OK | |
r-devel-linux-x86_64-fedora-clang | 0.2.0 | 34.81 | OK | |||
r-devel-linux-x86_64-fedora-gcc | 0.2.0 | 37.27 | OK | |||
r-devel-macos-arm64 | 0.2.0 | 17.00 | OK | |||
r-devel-macos-x86_64 | 0.2.0 | 35.00 | OK | |||
r-devel-windows-x86_64 | 0.2.0 | 5.00 | 38.00 | 43.00 | OK | |
r-patched-linux-x86_64 | 0.2.0 | 4.33 | 18.00 | 22.33 | OK | |
r-release-linux-x86_64 | 0.2.0 | 3.91 | 17.75 | 21.66 | OK | |
r-release-macos-arm64 | 0.2.0 | 17.00 | OK | |||
r-release-macos-x86_64 | 0.2.0 | 32.00 | NOTE | |||
r-release-windows-x86_64 | 0.2.0 | 6.00 | 37.00 | 43.00 | OK | |
r-oldrel-macos-arm64 | 0.2.0 | 18.00 | OK | |||
r-oldrel-macos-x86_64 | 0.2.0 | 24.00 | OK | |||
r-oldrel-windows-x86_64 | 0.2.0 | 8.00 | 39.00 | 47.00 | OK |
Version: 0.2.0
Check: installed package size
Result: NOTE
installed size is 5.3Mb
sub-directories of 1Mb or more:
data 4.5Mb
Flavor: r-release-macos-x86_64