Last updated on 2025-10-21 09:48:34 CEST.
Flavor | Version | Tinstall | Tcheck | Ttotal | Status | Flags |
---|---|---|---|---|---|---|
r-devel-linux-x86_64-debian-clang | 0.3.1 | 5.07 | 41.97 | 47.04 | OK | |
r-devel-linux-x86_64-debian-gcc | 0.3.1 | 3.66 | 31.75 | 35.41 | NOTE | |
r-devel-linux-x86_64-fedora-clang | 0.3.1 | 70.32 | OK | |||
r-devel-linux-x86_64-fedora-gcc | 0.3.1 | 64.01 | OK | |||
r-devel-windows-x86_64 | 0.3.1 | 6.00 | 61.00 | 67.00 | OK | |
r-patched-linux-x86_64 | 0.3.1 | 5.32 | 39.44 | 44.76 | OK | |
r-release-linux-x86_64 | 0.3.1 | 5.20 | 39.43 | 44.63 | OK | |
r-release-macos-arm64 | 0.3.1 | 30.00 | OK | |||
r-release-macos-x86_64 | 0.3.1 | 49.00 | OK | |||
r-release-windows-x86_64 | 0.3.1 | 7.00 | 62.00 | 69.00 | OK | |
r-oldrel-macos-arm64 | 0.3.1 | 27.00 | OK | |||
r-oldrel-macos-x86_64 | 0.3.1 | 46.00 | OK | |||
r-oldrel-windows-x86_64 | 0.3.1 | 9.00 | 72.00 | 81.00 | OK |
Version: 0.3.1
Check: HTML version of manual
Result: NOTE
Found the following HTML validation problems:
HandlrClient.html:146:1 (HandlrClient.Rd:207): Warning: <h5> anchor "Usage" already defined
HandlrClient.html:152:1 (HandlrClient.Rd:211): Warning: <h5> anchor "Arguments" already defined
HandlrClient.html:190:1 (HandlrClient.Rd:235): Warning: <h5> anchor "Usage" already defined
HandlrClient.html:196:1 (HandlrClient.Rd:239): Warning: <h5> anchor "Arguments" already defined
HandlrClient.html:223:1 (HandlrClient.Rd:256): Warning: <h5> anchor "Usage" already defined
HandlrClient.html:229:1 (HandlrClient.Rd:260): Warning: <h5> anchor "Arguments" already defined
HandlrClient.html:258:1 (HandlrClient.Rd:279): Warning: <h5> anchor "Usage" already defined
HandlrClient.html:264:1 (HandlrClient.Rd:283): Warning: <h5> anchor "Returns" already defined
HandlrClient.html:281:1 (HandlrClient.Rd:292): Warning: <h5> anchor "Usage" already defined
HandlrClient.html:287:1 (HandlrClient.Rd:296): Warning: <h5> anchor "Arguments" already defined
Flavor: r-devel-linux-x86_64-debian-gcc