Last updated on 2025-10-21 09:48:34 CEST.
Flavor | Version | Tinstall | Tcheck | Ttotal | Status | Flags |
---|---|---|---|---|---|---|
r-devel-linux-x86_64-debian-clang | 0.4.6 | 38.79 | 739.61 | 778.40 | OK | |
r-devel-linux-x86_64-debian-gcc | 0.4.6 | 26.28 | 474.96 | 501.24 | NOTE | |
r-devel-linux-x86_64-fedora-clang | 0.4.6 | 1239.09 | OK | |||
r-devel-linux-x86_64-fedora-gcc | 0.4.6 | 1153.30 | OK | |||
r-devel-windows-x86_64 | 0.4.6 | 45.00 | 701.00 | 746.00 | OK | |
r-patched-linux-x86_64 | 0.4.6 | 36.57 | 710.00 | 746.57 | OK | |
r-release-linux-x86_64 | 0.4.6 | 38.93 | 705.54 | 744.47 | OK | |
r-release-macos-arm64 | 0.4.6 | 368.00 | OK | |||
r-release-macos-x86_64 | 0.4.6 | 860.00 | OK | |||
r-release-windows-x86_64 | 0.4.6 | 47.00 | 700.00 | 747.00 | OK | |
r-oldrel-macos-arm64 | 0.4.6 | 320.00 | OK | |||
r-oldrel-macos-x86_64 | 0.4.6 | 567.00 | OK | |||
r-oldrel-windows-x86_64 | 0.4.6 | 57.00 | 1026.00 | 1083.00 | OK |
Version: 0.4.6
Check: HTML version of manual
Result: NOTE
Found the following HTML validation problems:
calc_xscale.html:50:1 (calc_xscale.Rd:12): Warning: missing </ul> before </div>
enumerate_edge_basis.html:89:1 (enumerate_edge_basis.Rd:40): Warning: missing </ul> before </div>
evaluate_basis.html:58:1 (evaluate_basis.Rd:16): Warning: missing </ul> before </div>
formula_hal.html:61:1 (formula_hal.Rd:19): Warning: missing </ul> before </div>
h.html:123:1 (h.Rd:73): Warning: missing </ul> before </div>
index_first_copy.html:47:1 (index_first_copy.Rd:10): Warning: missing </ul> before </div>
meets_basis.html:63:1 (meets_basis.Rd:18): Warning: missing </ul> before </div>
num_knots_generator.html:71:1 (num_knots_generator.Rd:28): Warning: missing </ul> before </div>
plus-.formula_hal9001.html:53:1 (plus-.formula_hal9001.Rd:13): Warning: missing </ul> before </div>
print.formula_hal9001.html:51:1 (print.formula_hal9001.Rd:12): Warning: missing </ul> before </div>
print.summary.hal9001.html:55:1 (print.summary.hal9001.Rd:14): Warning: missing </ul> before </div>
quantizer.html:51:1 (quantizer.Rd:13): Warning: missing </ul> before </div>
Flavor: r-devel-linux-x86_64-debian-gcc