Last updated on 2025-10-21 09:48:34 CEST.
Flavor | Version | Tinstall | Tcheck | Ttotal | Status | Flags |
---|---|---|---|---|---|---|
r-devel-linux-x86_64-debian-clang | 0.4.0 | 16.58 | 115.93 | 132.51 | OK | |
r-devel-linux-x86_64-debian-gcc | 0.4.0 | 10.66 | 85.89 | 96.55 | NOTE | |
r-devel-linux-x86_64-fedora-clang | 0.4.0 | 216.61 | OK | |||
r-devel-linux-x86_64-fedora-gcc | 0.4.0 | 182.84 | OK | |||
r-devel-windows-x86_64 | 0.4.0 | 18.00 | 112.00 | 130.00 | OK | |
r-patched-linux-x86_64 | 0.4.0 | 15.51 | 109.96 | 125.47 | OK | |
r-release-linux-x86_64 | 0.4.0 | 15.75 | 109.26 | 125.01 | OK | |
r-release-macos-arm64 | 0.4.0 | 51.00 | OK | |||
r-release-macos-x86_64 | 0.4.0 | 88.00 | OK | |||
r-release-windows-x86_64 | 0.4.0 | 19.00 | 113.00 | 132.00 | OK | |
r-oldrel-macos-arm64 | 0.4.0 | 43.00 | OK | |||
r-oldrel-macos-x86_64 | 0.4.0 | 67.00 | OK | |||
r-oldrel-windows-x86_64 | 0.4.0 | 20.00 | 146.00 | 166.00 | OK |
Version: 0.4.0
Check: HTML version of manual
Result: NOTE
Found the following HTML validation problems:
gvc.html:137:1 (gvc.Rd:105): Warning: <h5> anchor "Usage" already defined
gvc.html:143:1 (gvc.Rd:109): Warning: <h5> anchor "Returns" already defined
gvc.html:160:1 (gvc.Rd:118): Warning: <h5> anchor "Usage" already defined
gvc.html:166:1 (gvc.Rd:122): Warning: <h5> anchor "Returns" already defined
gvc.html:183:1 (gvc.Rd:131): Warning: <h5> anchor "Usage" already defined
gvc.html:189:1 (gvc.Rd:135): Warning: <h5> anchor "Returns" already defined
gvc.html:206:1 (gvc.Rd:144): Warning: <h5> anchor "Usage" already defined
gvc.html:212:1 (gvc.Rd:148): Warning: <h5> anchor "Arguments" already defined
Flavor: r-devel-linux-x86_64-debian-gcc