Last updated on 2025-10-21 09:48:34 CEST.
Flavor | Version | Tinstall | Tcheck | Ttotal | Status | Flags |
---|---|---|---|---|---|---|
r-devel-linux-x86_64-debian-clang | 1.0.1 | 9.40 | 107.68 | 117.08 | OK | |
r-devel-linux-x86_64-debian-gcc | 1.0.1 | 5.75 | 77.52 | 83.27 | NOTE | |
r-devel-linux-x86_64-fedora-clang | 1.0.1 | 174.91 | OK | |||
r-devel-linux-x86_64-fedora-gcc | 1.0.1 | 175.13 | OK | |||
r-devel-windows-x86_64 | 1.0.1 | 10.00 | 117.00 | 127.00 | OK | |
r-patched-linux-x86_64 | 1.0.1 | 8.29 | 98.90 | 107.19 | OK | |
r-release-linux-x86_64 | 1.0.1 | 7.54 | 98.87 | 106.41 | OK | |
r-release-macos-arm64 | 1.0.1 | 51.00 | OK | |||
r-release-macos-x86_64 | 1.0.1 | 112.00 | OK | |||
r-release-windows-x86_64 | 1.0.1 | 11.00 | 121.00 | 132.00 | OK | |
r-oldrel-macos-arm64 | 1.0.1 | 50.00 | OK | |||
r-oldrel-macos-x86_64 | 1.0.1 | 74.00 | OK | |||
r-oldrel-windows-x86_64 | 1.0.1 | 13.00 | 151.00 | 164.00 | OK |
Version: 1.0.1
Check: HTML version of manual
Result: NOTE
Found the following HTML validation problems:
check_rec_rates_formatting.html:46:1 (check_rec_rates_formatting.Rd:10): Warning: missing </ul> before </div>
make_subscript_matrix.html:71:1 (make_subscript_matrix.Rd:22): Warning: missing </ul> before </div>
tidy_up_sampled_haplos.html:50:1 (tidy_up_sampled_haplos.Rd:12): Warning: missing </ul> before </div>
Flavor: r-devel-linux-x86_64-debian-gcc