Last updated on 2025-10-21 09:48:34 CEST.
Flavor | Version | Tinstall | Tcheck | Ttotal | Status | Flags |
---|---|---|---|---|---|---|
r-devel-linux-x86_64-debian-clang | 0.11.1 | 24.81 | 479.09 | 503.90 | OK | |
r-devel-linux-x86_64-debian-gcc | 0.11.1 | 15.81 | 325.64 | 341.45 | NOTE | |
r-devel-linux-x86_64-fedora-clang | 0.11.1 | 819.35 | OK | |||
r-devel-linux-x86_64-fedora-gcc | 0.11.1 | 750.82 | OK | |||
r-devel-windows-x86_64 | 0.11.1 | 24.00 | 439.00 | 463.00 | OK | |
r-patched-linux-x86_64 | 0.11.1 | 28.66 | 468.71 | 497.37 | OK | |
r-release-linux-x86_64 | 0.11.1 | 19.62 | 466.53 | 486.15 | OK | |
r-release-macos-arm64 | 0.11.1 | 201.00 | OK | |||
r-release-macos-x86_64 | 0.11.1 | 565.00 | OK | |||
r-release-windows-x86_64 | 0.11.1 | 29.00 | 445.00 | 474.00 | OK | |
r-oldrel-macos-arm64 | 0.11.1 | 226.00 | OK | |||
r-oldrel-macos-x86_64 | 0.11.1 | 501.00 | OK | |||
r-oldrel-windows-x86_64 | 0.11.1 | 37.00 | 624.00 | 661.00 | OK |
Version: 0.11.1
Check: HTML version of manual
Result: NOTE
Found the following HTML validation problems:
add_confint.html:64:1 (add_confint.Rd:24): Warning: missing </ul> before </div>
coef.scam.html:56:1 (coef.scam.Rd:15): Warning: missing </ul> before </div>
data_combos.html:81:1 (data_combos.Rd:35): Warning: missing </ul> before </div>
dispersion.html:56:1 (dispersion.Rd:18): Warning: missing </ul> before </div>
draw.compare_smooths.html:62:1 (draw.compare_smooths.Rd:19): Warning: missing </ul> before </div>
draw.conditional_values.html:84:1 (draw.conditional_values.Rd:35): Warning: missing </ul> before </div>
draw.pairwise_concurvity.html:112:1 (draw.pairwise_concurvity.Rd:55): Warning: missing </ul> before </div>
draw.parametric_effects.html:134:1 (draw.parametric_effects.Rd:71): Warning: missing </ul> before </div>
draw_parametric_effect.html:140:1 (draw_parametric_effect.Rd:74): Warning: missing </ul> before </div>
eval_smooth.html:215:1 (eval_smooth.Rd:161): Warning: missing </ul> before </div>
evaluate_parametric_term.html:66:1 (evaluate_parametric_term.Rd:21): Warning: missing </ul> before </div>
factor_combos.html:64:1 (factor_combos.Rd:22): Warning: missing </ul> before </div>
family.gam.html:61:1 (family.gam.Rd:22): Warning: missing </ul> before </div>
family_type.html:57:1 (family_type.Rd:19): Warning: missing </ul> before </div>
fixef.html:44:1 (fixef.Rd:9): Warning: missing </ul> before </div>
gaussian_draws.html:119:1 (gaussian_draws.Rd:67): Warning: missing </ul> before </div>
get_smooths_by_id.html:65:1 (get_smooths_by_id.Rd:27): Warning: missing </ul> before </div>
mh_draws.html:96:1 (mh_draws.Rd:45): Warning: missing </ul> before </div>
n_smooths.html:59:1 (n_smooths.Rd:23): Warning: missing </ul> before </div>
null_deviance.html:53:1 (null_deviance.Rd:15): Warning: missing </ul> before </div>
observed_fitted_plot.html:91:1 (observed_fitted_plot.Rd:41): Warning: missing </ul> before </div>
parametric_effects.html:99:1 (parametric_effects.Rd:47): Warning: missing </ul> before </div>
parametric_terms.html:56:1 (parametric_terms.Rd:18): Warning: missing </ul> before </div>
post_draws.html:193:1 (post_draws.Rd:121): Warning: missing </ul> before </div>
quantile_residuals.html:66:1 (quantile_residuals.Rd:24): Warning: missing </ul> before </div>
reorder_fs_smooth_terms.html:46:1 (reorder_fs_smooth_terms.Rd:10): Warning: missing </ul> before </div>
reorder_tensor_smooth_terms.html:54:1 (reorder_tensor_smooth_terms.Rd:10): Warning: missing </ul> before </div>
residuals_hist_plot.html:103:1 (residuals_hist_plot.Rd:51): Warning: missing </ul> before </div>
residuals_linpred_plot.html:115:1 (residuals_linpred_plot.Rd:59): Warning: missing </ul> before </div>
rtw.html:58:1 (rtw.Rd:16): Warning: missing </ul> before </div>
scale_fill_partial_effect.html:72:1 (scale_fill_partial_effect.Rd:28): Warning: missing </ul> before </div>
shift_values.html:64:1 (shift_values.Rd:20): Warning: missing </ul> before </div>
smooth_terms.html:52:1 (smooth_terms.Rd:14): Warning: missing </ul> before </div>
smooth_type.html:139:1 (smooth_type.Rd:103): Warning: missing </ul> before </div>
smooths.html:53:1 (smooths.Rd:17): Warning: missing </ul> before </div>
spline_values.html:78:1 (spline_values.Rd:32): Warning: missing </ul> before </div>
spline_values2.html:83:1 (spline_values2.Rd:32): Warning: missing </ul> before </div>
too_far_to_na.html:65:1 (too_far_to_na.Rd:21): Warning: missing </ul> before </div>
typical_values.html:77:1 (typical_values.Rd:33): Warning: missing </ul> before </div>
which_smooths.html:67:1 (which_smooths.Rd:27): Warning: missing </ul> before </div>
Flavor: r-devel-linux-x86_64-debian-gcc