CRAN Package Check Results for Package gotop

Last updated on 2025-10-21 09:48:34 CEST.

Flavor Version Tinstall Tcheck Ttotal Status Flags
r-devel-linux-x86_64-debian-clang 0.1.4 2.17 26.73 28.90 OK
r-devel-linux-x86_64-debian-gcc 0.1.4 1.56 21.57 23.13 NOTE
r-devel-linux-x86_64-fedora-clang 0.1.4 39.71 OK
r-devel-linux-x86_64-fedora-gcc 0.1.4 37.91 OK
r-devel-windows-x86_64 0.1.4 3.00 47.00 50.00 OK
r-patched-linux-x86_64 0.1.4 2.12 23.94 26.06 OK
r-release-linux-x86_64 0.1.4 2.16 24.17 26.33 OK
r-release-macos-arm64 0.1.4 24.00 OK
r-release-macos-x86_64 0.1.4 29.00 OK
r-release-windows-x86_64 0.1.4 3.00 49.00 52.00 OK
r-oldrel-macos-arm64 0.1.4 20.00 OK
r-oldrel-macos-x86_64 0.1.4 26.00 OK
r-oldrel-windows-x86_64 0.1.4 4.00 54.00 58.00 OK

Check Details

Version: 0.1.4
Check: HTML version of manual
Result: NOTE Found the following HTML validation problems: gotop-dependencies.html:46:1 (gotop-dependencies.Rd:10): Warning: missing </ul> before </div> Flavor: r-devel-linux-x86_64-debian-gcc