Last updated on 2025-10-21 09:48:34 CEST.
Flavor | Version | Tinstall | Tcheck | Ttotal | Status | Flags |
---|---|---|---|---|---|---|
r-devel-linux-x86_64-debian-clang | 2.7.8 | 7.56 | 76.73 | 84.29 | NOTE | |
r-devel-linux-x86_64-debian-gcc | 2.7.8 | 5.33 | 53.39 | 58.72 | NOTE | |
r-devel-linux-x86_64-fedora-clang | 2.7.8 | 123.92 | NOTE | |||
r-devel-linux-x86_64-fedora-gcc | 2.7.8 | 131.03 | NOTE | |||
r-devel-windows-x86_64 | 2.7.8 | 11.00 | 98.00 | 109.00 | NOTE | |
r-patched-linux-x86_64 | 2.7.8 | 8.94 | 72.82 | 81.76 | NOTE | |
r-release-linux-x86_64 | 2.7.8 | 6.47 | 73.68 | 80.15 | NOTE | |
r-release-macos-arm64 | 2.7.8 | 64.00 | NOTE | |||
r-release-macos-x86_64 | 2.7.8 | 97.00 | NOTE | |||
r-release-windows-x86_64 | 2.7.8 | 11.00 | 100.00 | 111.00 | NOTE | |
r-oldrel-macos-arm64 | 2.7.8 | 54.00 | NOTE | |||
r-oldrel-macos-x86_64 | 2.7.8 | 82.00 | NOTE | |||
r-oldrel-windows-x86_64 | 2.7.8 | 14.00 | 121.00 | 135.00 | NOTE |
Version: 2.7.8
Check: Rd files
Result: NOTE
checkRd: (-1) google_find_place.Rd:67: Lost braces in \itemize; meant \describe ?
checkRd: (-1) google_find_place.Rd:68: Lost braces in \itemize; meant \describe ?
checkRd: (-1) google_find_place.Rd:69: Lost braces in \itemize; meant \describe ?
checkRd: (-1) google_map.Rd:54: Lost braces; missing escapes or markup?
54 | of `{sf}` objects).}
| ^
Flavors: r-devel-linux-x86_64-debian-clang, r-devel-linux-x86_64-debian-gcc, r-devel-linux-x86_64-fedora-clang, r-devel-linux-x86_64-fedora-gcc, r-devel-windows-x86_64, r-patched-linux-x86_64, r-release-linux-x86_64, r-release-macos-arm64, r-release-macos-x86_64, r-release-windows-x86_64, r-oldrel-macos-arm64, r-oldrel-macos-x86_64, r-oldrel-windows-x86_64
Version: 2.7.8
Check: HTML version of manual
Result: NOTE
Found the following HTML validation problems:
add_circles.html:224:1 (add_circles.Rd:135): Warning: <h3> anchor "palette" already defined
add_dragdrop.html:47:1 (add_dragdrop.Rd:10): Warning: missing </ul> before </div>
add_polygons.html:225:1 (add_polygons.Rd:167): Warning: <h3> anchor "palette" already defined
add_polylines.html:209:1 (add_polylines.Rd:134): Warning: <h3> anchor "palette" already defined
add_rectangles.html:222:1 (add_rectangles.Rd:133): Warning: <h3> anchor "palette" already defined
clear_bounds.html:46:1 (clear_bounds.Rd:10): Warning: missing </ul> before </div>
clear_search.html:46:1 (clear_search.Rd:10): Warning: missing </ul> before </div>
google_map_view.html:57:1 (google_map_view.Rd:17): Warning: missing </ul> before </div>
Flavor: r-devel-linux-x86_64-debian-gcc