Last updated on 2025-07-12 09:49:20 CEST.
Flavor | Version | Tinstall | Tcheck | Ttotal | Status | Flags |
---|---|---|---|---|---|---|
r-devel-linux-x86_64-debian-clang | 0.1.2 | 28.78 | 101.88 | 130.66 | NOTE | |
r-devel-linux-x86_64-debian-gcc | 0.1.2 | 18.53 | 73.88 | 92.41 | NOTE | |
r-devel-linux-x86_64-fedora-clang | 0.1.2 | 207.56 | OK | |||
r-devel-linux-x86_64-fedora-gcc | 0.1.2 | 190.35 | OK | |||
r-devel-windows-x86_64 | 0.1.2 | 33.00 | 132.00 | 165.00 | OK | |
r-patched-linux-x86_64 | 0.1.2 | 25.23 | 97.03 | 122.26 | OK | |
r-release-linux-x86_64 | 0.1.2 | 24.34 | 97.81 | 122.15 | OK | |
r-release-macos-arm64 | 0.1.2 | 68.00 | OK | |||
r-release-macos-x86_64 | 0.1.2 | 110.00 | OK | |||
r-release-windows-x86_64 | 0.1.2 | 34.00 | 136.00 | 170.00 | OK | |
r-oldrel-macos-arm64 | 0.1.2 | 58.00 | OK | |||
r-oldrel-macos-x86_64 | 0.1.2 | 88.00 | OK | |||
r-oldrel-windows-x86_64 | 0.1.2 | 40.00 | 155.00 | 195.00 | OK |
Version: 0.1.2
Check: CRAN incoming feasibility
Result: NOTE
Maintainer: ‘Eduardo García-Portugués <edgarcia@est-econ.uc3m.es>’
The BugReports field in DESCRIPTION has
https://github.com/egarpor/goffda
which should likely be
https://github.com/egarpor/goffda/issues
instead.
Flavors: r-devel-linux-x86_64-debian-clang, r-devel-linux-x86_64-debian-gcc