Last updated on 2025-02-21 09:50:45 CET.
Flavor | Version | Tinstall | Tcheck | Ttotal | Status | Flags |
---|---|---|---|---|---|---|
r-devel-linux-x86_64-debian-clang | 0.0-4 | 10.12 | 79.09 | 89.21 | NOTE | |
r-devel-linux-x86_64-debian-gcc | 0.0-4 | 7.16 | 57.93 | 65.09 | NOTE | |
r-devel-linux-x86_64-fedora-clang | 0.0-4 | 139.53 | OK | |||
r-devel-linux-x86_64-fedora-gcc | 0.0-4 | 135.37 | OK | |||
r-devel-macos-arm64 | 0.0-4 | 40.00 | OK | |||
r-devel-macos-x86_64 | 0.0-4 | 90.00 | OK | |||
r-devel-windows-x86_64 | 0.0-4 | 12.00 | 96.00 | 108.00 | NOTE | |
r-patched-linux-x86_64 | 0.0-4 | 15.19 | 75.65 | 90.84 | OK | |
r-release-linux-x86_64 | 0.0-4 | 10.31 | 74.62 | 84.93 | OK | |
r-release-macos-arm64 | 0.0-4 | 41.00 | OK | |||
r-release-macos-x86_64 | 0.0-4 | 68.00 | OK | |||
r-release-windows-x86_64 | 0.0-4 | 11.00 | 92.00 | 103.00 | OK | |
r-oldrel-macos-arm64 | 0.0-4 | 46.00 | OK | |||
r-oldrel-macos-x86_64 | 0.0-4 | 82.00 | OK | |||
r-oldrel-windows-x86_64 | 0.0-4 | 15.00 | 107.00 | 122.00 | OK |
Version: 0.0-4
Check: Rd cross-references
Result: NOTE
Found the following Rd file(s) with Rd \link{} targets missing package
anchors:
FNN.Rd: layer_dropout
rPrior.Rd: rCopula
Please provide package anchors for all Rd \link{} targets not in the
package itself and the base packages.
Flavors: r-devel-linux-x86_64-debian-clang, r-devel-linux-x86_64-debian-gcc, r-devel-windows-x86_64