Last updated on 2025-02-21 09:50:45 CET.
Flavor | Version | Tinstall | Tcheck | Ttotal | Status | Flags |
---|---|---|---|---|---|---|
r-devel-linux-x86_64-debian-clang | 0.3-1 | 7.06 | 65.88 | 72.94 | NOTE | |
r-devel-linux-x86_64-debian-gcc | 0.3-1 | 5.11 | 49.86 | 54.97 | NOTE | |
r-devel-linux-x86_64-fedora-clang | 0.3-1 | 113.44 | NOTE | |||
r-devel-linux-x86_64-fedora-gcc | 0.3-1 | 111.00 | NOTE | |||
r-devel-macos-arm64 | 0.3-1 | 38.00 | NOTE | |||
r-devel-macos-x86_64 | 0.3-1 | 80.00 | NOTE | |||
r-devel-windows-x86_64 | 0.3-1 | 8.00 | 83.00 | 91.00 | NOTE | |
r-patched-linux-x86_64 | 0.3-1 | 7.50 | 63.44 | 70.94 | NOTE | |
r-release-linux-x86_64 | 0.3-1 | 7.14 | 63.57 | 70.71 | NOTE | |
r-release-macos-arm64 | 0.3-1 | 36.00 | NOTE | |||
r-release-macos-x86_64 | 0.3-1 | 61.00 | NOTE | |||
r-release-windows-x86_64 | 0.3-1 | 9.00 | 86.00 | 95.00 | NOTE | |
r-oldrel-macos-arm64 | 0.3-1 | 42.00 | NOTE | |||
r-oldrel-macos-x86_64 | 0.3-1 | 62.00 | NOTE | |||
r-oldrel-windows-x86_64 | 0.3-1 | 11.00 | 122.00 | 133.00 | NOTE |
Version: 0.3-1
Check: Rd files
Result: NOTE
checkRd: (-1) glmc.Rd:232: Escaped LaTeX specials: \&
checkRd: (-1) glmc.Rd:241: Escaped LaTeX specials: \&
checkRd: (-1) glmc.control.Rd:29: Escaped LaTeX specials: \$
checkRd: (-1) glmc.control.Rd:31: Escaped LaTeX specials: \$
checkRd: (-1) glmc.summaries.Rd:79: Escaped LaTeX specials: \&
Flavors: r-devel-linux-x86_64-debian-clang, r-devel-linux-x86_64-debian-gcc, r-devel-linux-x86_64-fedora-clang, r-devel-linux-x86_64-fedora-gcc, r-devel-macos-arm64, r-devel-macos-x86_64, r-devel-windows-x86_64, r-patched-linux-x86_64, r-release-linux-x86_64, r-release-macos-arm64, r-release-macos-x86_64, r-release-windows-x86_64, r-oldrel-macos-arm64, r-oldrel-macos-x86_64, r-oldrel-windows-x86_64