Last updated on 2025-10-21 09:48:34 CEST.
Flavor | Version | Tinstall | Tcheck | Ttotal | Status | Flags |
---|---|---|---|---|---|---|
r-devel-linux-x86_64-debian-clang | 0.1.3 | 6.20 | 50.69 | 56.89 | OK | |
r-devel-linux-x86_64-debian-gcc | 0.1.3 | 4.40 | 35.98 | 40.38 | NOTE | |
r-devel-linux-x86_64-fedora-clang | 0.1.3 | 81.76 | OK | |||
r-devel-linux-x86_64-fedora-gcc | 0.1.3 | 74.20 | OK | |||
r-devel-windows-x86_64 | 0.1.3 | 8.00 | 64.00 | 72.00 | OK | |
r-patched-linux-x86_64 | 0.1.3 | 6.19 | 44.90 | 51.09 | OK | |
r-release-linux-x86_64 | 0.1.3 | 4.97 | 44.77 | 49.74 | OK | |
r-release-macos-arm64 | 0.1.3 | 42.00 | OK | |||
r-release-macos-x86_64 | 0.1.3 | 45.00 | OK | |||
r-release-windows-x86_64 | 0.1.3 | 8.00 | 63.00 | 71.00 | OK | |
r-oldrel-macos-arm64 | 0.1.3 | 32.00 | OK | |||
r-oldrel-macos-x86_64 | 0.1.3 | 46.00 | OK | |||
r-oldrel-windows-x86_64 | 0.1.3 | 9.00 | 75.00 | 84.00 | OK |
Version: 0.1.3
Check: HTML version of manual
Result: NOTE
Found the following HTML validation problems:
check_giedata2input.html:98:1 (check_giedata2input.Rd:42): Warning: missing </ul> before </div>
check_giedatainput.html:98:1 (check_giedatainput.Rd:42): Warning: missing </ul> before </div>
check_gielistinginput.html:62:1 (check_gielistinginput.Rd:18): Warning: missing </ul> before </div>
check_gieunavinput.html:88:1 (check_gieunavinput.Rd:36): Warning: missing </ul> before </div>
construct_url.html:50:1 (construct_url.Rd:12): Warning: missing </ul> before </div>
extract_listelements.html:46:1 (extract_listelements.Rd:10): Warning: missing </ul> before </div>
gie_listinghierarchy.html:62:1 (gie_listinghierarchy.Rd:18): Warning: missing </ul> before </div>
is_response.html:46:1 (is_response.Rd:10): Warning: missing </ul> before </div>
parseresult.html:50:1 (parseresult.Rd:12): Warning: missing </ul> before </div>
send_getrequest.html:54:1 (send_getrequest.Rd:14): Warning: missing </ul> before </div>
setnull.html:50:1 (setnull.Rd:12): Warning: missing </ul> before </div>
try_GET.html:54:1 (try_GET.Rd:14): Warning: missing </ul> before </div>
Flavor: r-devel-linux-x86_64-debian-gcc