Last updated on 2025-07-12 09:49:19 CEST.
Flavor | Version | Tinstall | Tcheck | Ttotal | Status | Flags |
---|---|---|---|---|---|---|
r-devel-linux-x86_64-debian-clang | 0.3.1 | 11.83 | 264.77 | 276.60 | NOTE | |
r-devel-linux-x86_64-debian-gcc | 0.3.1 | 8.32 | 174.95 | 183.27 | WARN | |
r-devel-linux-x86_64-fedora-clang | 0.3.1 | 406.68 | NOTE | |||
r-devel-linux-x86_64-fedora-gcc | 0.3.1 | 449.80 | WARN | |||
r-devel-windows-x86_64 | 0.3.1 | 15.00 | 284.00 | 299.00 | NOTE | |
r-patched-linux-x86_64 | 0.3.1 | 13.79 | 248.00 | 261.79 | NOTE | |
r-release-linux-x86_64 | 0.3.1 | 11.59 | 250.02 | 261.61 | NOTE | |
r-release-macos-arm64 | 0.3.1 | 106.00 | NOTE | |||
r-release-macos-x86_64 | 0.3.1 | 163.00 | NOTE | |||
r-release-windows-x86_64 | 0.3.1 | 15.00 | 240.00 | 255.00 | NOTE | |
r-oldrel-macos-arm64 | 0.3.1 | 81.00 | OK | |||
r-oldrel-macos-x86_64 | 0.3.1 | 128.00 | OK | |||
r-oldrel-windows-x86_64 | 0.3.1 | 20.00 | 311.00 | 331.00 | OK |
Version: 0.3.1
Check: DESCRIPTION meta-information
Result: NOTE
Missing dependency on R >= 4.1.0 because package code uses the pipe
|> or function shorthand \(...) syntax added in R 4.1.0.
File(s) using such syntax:
‘scales-sides-.R’ ‘side-layout-.r’ ‘utils-calls.R’
Flavors: r-devel-linux-x86_64-debian-clang, r-devel-linux-x86_64-debian-gcc, r-devel-linux-x86_64-fedora-clang, r-devel-linux-x86_64-fedora-gcc, r-devel-windows-x86_64, r-patched-linux-x86_64, r-release-linux-x86_64, r-release-macos-arm64, r-release-macos-x86_64, r-release-windows-x86_64
Version: 0.3.1
Check: Rd cross-references
Result: NOTE
Found the following Rd file(s) with Rd \link{} targets missing package
anchors:
geom_xsideabline.Rd: aes
ggside-ggproto-facets.Rd: ggplot2
xside.Rd: ggplot2
yside.Rd: ggplot2
Please provide package anchors for all Rd \link{} targets not in the
package itself and the base packages.
Flavors: r-devel-linux-x86_64-debian-clang, r-devel-linux-x86_64-debian-gcc, r-devel-windows-x86_64, r-patched-linux-x86_64, r-release-linux-x86_64, r-release-windows-x86_64
Version: 0.3.1
Check: replacement functions
Result: WARN
‘ggside_facet.:.FacetGrid’ ‘ggside_facet.:.FacetNull’
‘ggside_facet.:.FacetWrap’ ‘ggside_facet.:.default’
‘ggside_facet.:.ggsideFacet’ ‘ggside_facet.:.FacetGrid’
‘ggside_facet.:.FacetNull’ ‘ggside_facet.:.FacetWrap’
‘ggside_facet.:.default’ ‘ggside_facet.:.ggsideFacet’
The argument of a replacement function which corresponds to the right
hand side must be named ‘value’.
Flavors: r-devel-linux-x86_64-debian-gcc, r-devel-linux-x86_64-fedora-gcc