CRAN Package Check Results for Package ggredist

Last updated on 2025-07-12 09:49:19 CEST.

Flavor Version Tinstall Tcheck Ttotal Status Flags
r-devel-linux-x86_64-debian-clang 0.0.2 4.42 49.59 54.01 NOTE
r-devel-linux-x86_64-debian-gcc 0.0.2 3.57 36.43 40.00 NOTE
r-devel-linux-x86_64-fedora-clang 0.0.2 89.98 OK
r-devel-linux-x86_64-fedora-gcc 0.0.2 88.23 OK
r-devel-windows-x86_64 0.0.2 6.00 67.00 73.00 NOTE
r-patched-linux-x86_64 0.0.2 5.29 46.04 51.33 NOTE
r-release-linux-x86_64 0.0.2 4.71 46.46 51.17 NOTE
r-release-macos-arm64 0.0.2 31.00 OK
r-release-macos-x86_64 0.0.2 46.00 OK
r-release-windows-x86_64 0.0.2 8.00 69.00 77.00 NOTE
r-oldrel-macos-arm64 0.0.2 25.00 OK
r-oldrel-macos-x86_64 0.0.2 38.00 OK
r-oldrel-windows-x86_64 0.0.2 10.00 80.00 90.00 OK

Check Details

Version: 0.0.2
Check: Rd cross-references
Result: NOTE Found the following Rd file(s) with Rd \link{} targets missing package anchors: StatCityRoad.Rd: aes StatDistrict.Rd: aes StatDistrictCoordinates.Rd: aes StatPlaces.Rd: aes Please provide package anchors for all Rd \link{} targets not in the package itself and the base packages. Flavors: r-devel-linux-x86_64-debian-clang, r-devel-linux-x86_64-debian-gcc, r-devel-windows-x86_64, r-patched-linux-x86_64, r-release-linux-x86_64, r-release-windows-x86_64