Last updated on 2025-10-21 09:48:34 CEST.
Flavor | Version | Tinstall | Tcheck | Ttotal | Status | Flags |
---|---|---|---|---|---|---|
r-devel-linux-x86_64-debian-clang | 0.9.0 | 13.73 | 191.15 | 204.88 | OK | |
r-devel-linux-x86_64-debian-gcc | 0.9.0 | 10.81 | 128.90 | 139.71 | NOTE | |
r-devel-linux-x86_64-fedora-clang | 0.9.0 | 313.78 | OK | |||
r-devel-linux-x86_64-fedora-gcc | 0.9.0 | 297.08 | OK | |||
r-devel-windows-x86_64 | 0.9.0 | 15.00 | 173.00 | 188.00 | OK | |
r-patched-linux-x86_64 | 0.9.0 | 15.13 | 179.12 | 194.25 | OK | |
r-release-linux-x86_64 | 0.9.0 | 13.62 | 179.04 | 192.66 | OK | |
r-release-macos-arm64 | 0.9.0 | 86.00 | OK | |||
r-release-macos-x86_64 | 0.9.0 | 221.00 | OK | |||
r-release-windows-x86_64 | 0.9.0 | 16.00 | 175.00 | 191.00 | OK | |
r-oldrel-macos-arm64 | 0.9.0 | 94.00 | OK | |||
r-oldrel-macos-x86_64 | 0.9.0 | 197.00 | OK | |||
r-oldrel-windows-x86_64 | 0.9.0 | 20.00 | 236.00 | 256.00 | OK |
Version: 0.9.0
Check: HTML version of manual
Result: NOTE
Found the following HTML validation problems:
computeDistance.html:70:1 (computeDistance.Rd:21): Warning: missing </ul> before </div>
dot-addNodes.html:87:1 (dot-addNodes.Rd:33): Warning: missing </ul> before </div>
dot-restoreNames.html:91:1 (dot-restoreNames.Rd:43): Warning: missing </ul> before </div>
ggPedigree.core.html:159:1 (ggPedigree.core.Rd:75): Warning: missing </ul> before </div>
ggRelatednessMatrix.core.html:58:1 (ggRelatednessMatrix.core.Rd:15): Warning: missing </ul> before </div>
optimizePedigree.html:58:1 (optimizePedigree.Rd:18): Warning: missing </ul> before </div>
Flavor: r-devel-linux-x86_64-debian-gcc