Last updated on 2025-10-21 09:48:33 CEST.
Flavor | Version | Tinstall | Tcheck | Ttotal | Status | Flags |
---|---|---|---|---|---|---|
r-devel-linux-x86_64-debian-clang | 0.3.4 | 7.44 | 63.59 | 71.03 | OK | |
r-devel-linux-x86_64-debian-gcc | 0.3.4 | 5.65 | 45.86 | 51.51 | NOTE | |
r-devel-linux-x86_64-fedora-clang | 0.3.4 | 117.96 | OK | |||
r-devel-linux-x86_64-fedora-gcc | 0.3.4 | 99.01 | OK | |||
r-devel-windows-x86_64 | 0.3.4 | 10.00 | 74.00 | 84.00 | OK | |
r-patched-linux-x86_64 | 0.3.4 | 8.41 | 59.02 | 67.43 | OK | |
r-release-linux-x86_64 | 0.3.4 | 7.72 | 58.56 | 66.28 | OK | |
r-release-macos-arm64 | 0.3.4 | 24.00 | OK | |||
r-release-macos-x86_64 | 0.3.4 | 47.00 | OK | |||
r-release-windows-x86_64 | 0.3.4 | 12.00 | 75.00 | 87.00 | OK | |
r-oldrel-macos-arm64 | 0.3.4 | 33.00 | OK | |||
r-oldrel-macos-x86_64 | 0.3.4 | 51.00 | OK | |||
r-oldrel-windows-x86_64 | 0.3.4 | 16.00 | 93.00 | 109.00 | OK |
Version: 0.3.4
Check: HTML version of manual
Result: NOTE
Found the following HTML validation problems:
geom_image_interactive.html:47:1 (geom_image_interactive.Rd:10): Warning: missing </ul> before </div>
geom_phylopic_interactive.html:47:1 (geom_phylopic_interactive.Rd:10): Warning: missing </ul> before </div>
Flavor: r-devel-linux-x86_64-debian-gcc