Last updated on 2025-10-21 09:48:34 CEST.
Flavor | Version | Tinstall | Tcheck | Ttotal | Status | Flags |
---|---|---|---|---|---|---|
r-devel-linux-x86_64-debian-clang | 1.5.4 | 7.45 | 135.73 | 143.18 | OK | |
r-devel-linux-x86_64-debian-gcc | 1.5.4 | 5.03 | 96.62 | 101.65 | NOTE | |
r-devel-linux-x86_64-fedora-clang | 1.5.4 | 215.67 | OK | |||
r-devel-linux-x86_64-fedora-gcc | 1.5.4 | 206.85 | OK | |||
r-devel-windows-x86_64 | 1.5.4 | 10.00 | 126.00 | 136.00 | OK | |
r-patched-linux-x86_64 | 1.5.4 | 7.49 | 125.82 | 133.31 | OK | |
r-release-linux-x86_64 | 1.5.4 | 7.72 | 126.34 | 134.06 | OK | |
r-release-macos-arm64 | 1.5.4 | 67.00 | OK | |||
r-release-macos-x86_64 | 1.5.4 | 83.00 | OK | |||
r-release-windows-x86_64 | 1.5.4 | 11.00 | 128.00 | 139.00 | OK | |
r-oldrel-macos-arm64 | 1.5.4 | 58.00 | NOTE | |||
r-oldrel-macos-x86_64 | 1.5.4 | 110.00 | NOTE | |||
r-oldrel-windows-x86_64 | 1.5.4 | 14.00 | 172.00 | 186.00 | NOTE |
Version: 1.5.4
Check: HTML version of manual
Result: NOTE
Found the following HTML validation problems:
combinations.html:46:1 (combinations.Rd:10): Warning: missing </ul> before </div>
plotData_add_venn.html:50:1 (plotData_add_venn.Rd:12): Warning: missing </ul> before </div>
print.html:56:1 (print.Rd:17): Warning: missing </ul> before </div>
Flavor: r-devel-linux-x86_64-debian-gcc
Version: 1.5.4
Check: installed package size
Result: NOTE
installed size is 11.0Mb
sub-directories of 1Mb or more:
doc 9.5Mb
help 1.1Mb
Flavors: r-oldrel-macos-arm64, r-oldrel-macos-x86_64, r-oldrel-windows-x86_64