Last updated on 2025-10-21 09:48:33 CEST.
Flavor | Version | Tinstall | Tcheck | Ttotal | Status | Flags |
---|---|---|---|---|---|---|
r-devel-linux-x86_64-debian-clang | 0.1.12 | 10.90 | 87.58 | 98.48 | OK | |
r-devel-linux-x86_64-debian-gcc | 0.1.12 | 6.72 | 64.41 | 71.13 | NOTE | |
r-devel-linux-x86_64-fedora-clang | 0.1.12 | 153.81 | NOTE | |||
r-devel-linux-x86_64-fedora-gcc | 0.1.12 | 145.03 | NOTE | |||
r-devel-windows-x86_64 | 0.1.12 | 12.00 | 100.00 | 112.00 | OK | |
r-patched-linux-x86_64 | 0.1.12 | 10.17 | 79.04 | 89.21 | OK | |
r-release-linux-x86_64 | 0.1.12 | 10.17 | 79.50 | 89.67 | OK | |
r-release-macos-arm64 | 0.1.12 | 43.00 | OK | |||
r-release-macos-x86_64 | 0.1.12 | 88.00 | OK | |||
r-release-windows-x86_64 | 0.1.12 | 13.00 | 101.00 | 114.00 | OK | |
r-oldrel-macos-arm64 | 0.1.12 | 39.00 | OK | |||
r-oldrel-macos-x86_64 | 0.1.12 | 62.00 | OK | |||
r-oldrel-windows-x86_64 | 0.1.12 | 16.00 | 124.00 | 140.00 | OK |
Version: 0.1.12
Check: HTML version of manual
Result: NOTE
Found the following HTML validation problems:
getWaternomicsData_NBS.html:50:1 (getWaternomicsData_NBS.Rd:12): Warning: missing </ul> before </div>
Flavor: r-devel-linux-x86_64-debian-gcc
Version: 0.1.12
Check: dependencies in R code
Result: NOTE
Namespaces in Imports field not imported from:
‘googlesheets4’ ‘tidyr’
All declared Imports should be used.
Flavors: r-devel-linux-x86_64-fedora-clang, r-devel-linux-x86_64-fedora-gcc