Last updated on 2025-10-21 09:48:33 CEST.
Flavor | Version | Tinstall | Tcheck | Ttotal | Status | Flags |
---|---|---|---|---|---|---|
r-devel-linux-x86_64-debian-clang | 0.1.0 | 35.55 | 334.09 | 369.64 | OK | |
r-devel-linux-x86_64-debian-gcc | 0.1.0 | 21.69 | 206.92 | 228.61 | NOTE | |
r-devel-linux-x86_64-fedora-clang | 0.1.0 | 580.62 | OK | |||
r-devel-linux-x86_64-fedora-gcc | 0.1.0 | 552.49 | OK | |||
r-devel-windows-x86_64 | 0.1.0 | 34.00 | 285.00 | 319.00 | OK | |
r-patched-linux-x86_64 | 0.1.0 | 36.55 | 311.66 | 348.21 | OK | |
r-release-linux-x86_64 | 0.1.0 | 34.53 | 310.74 | 345.27 | OK | |
r-release-macos-arm64 | 0.1.0 | 147.00 | OK | |||
r-release-macos-x86_64 | 0.1.0 | 322.00 | OK | |||
r-release-windows-x86_64 | 0.1.0 | 35.00 | 286.00 | 321.00 | OK | |
r-oldrel-macos-arm64 | 0.1.0 | 147.00 | OK | |||
r-oldrel-macos-x86_64 | 0.1.0 | 332.00 | OK | |||
r-oldrel-windows-x86_64 | 0.1.0 | 48.00 | 403.00 | 451.00 | OK |
Version: 0.1.0
Check: HTML version of manual
Result: NOTE
Found the following HTML validation problems:
create_correlation_plots.html:50:1 (create_correlation_plots.Rd:12): Warning: missing </ul> before </div>
save_temporal_results.html:54:1 (save_temporal_results.Rd:14): Warning: missing </ul> before </div>
validate_method_compatibility.html:54:1 (validate_method_compatibility.Rd:14): Warning: missing </ul> before </div>
Flavor: r-devel-linux-x86_64-debian-gcc