Last updated on 2025-10-21 09:48:33 CEST.
Flavor | Version | Tinstall | Tcheck | Ttotal | Status | Flags |
---|---|---|---|---|---|---|
r-devel-linux-x86_64-debian-clang | 0.7-2 | 40.09 | 71.18 | 111.27 | OK | |
r-devel-linux-x86_64-debian-gcc | 0.7-2 | 21.35 | 53.05 | 74.40 | NOTE | |
r-devel-linux-x86_64-fedora-clang | 0.7-2 | 171.22 | OK | |||
r-devel-linux-x86_64-fedora-gcc | 0.7-2 | 170.19 | OK | |||
r-devel-windows-x86_64 | 0.7-2 | 34.00 | 95.00 | 129.00 | OK | |
r-patched-linux-x86_64 | 0.7-2 | 40.31 | 65.54 | 105.85 | OK | |
r-release-linux-x86_64 | 0.7-2 | 34.08 | 65.86 | 99.94 | OK | |
r-release-macos-arm64 | 0.7-2 | 48.00 | OK | |||
r-release-macos-x86_64 | 0.7-2 | 121.00 | OK | |||
r-release-windows-x86_64 | 0.7-2 | 38.00 | 97.00 | 135.00 | OK | |
r-oldrel-macos-arm64 | 0.7-2 | 55.00 | OK | |||
r-oldrel-macos-x86_64 | 0.7-2 | 111.00 | OK | |||
r-oldrel-windows-x86_64 | 0.7-2 | 49.00 | 114.00 | 163.00 | OK |
Version: 0.7-2
Check: HTML version of manual
Result: NOTE
Found the following HTML validation problems:
GSAbstractCoverageStore.html:150:1 (GSAbstractCoverageStore.Rd:95): Warning: <h5> anchor "Usage" already defined
GSAbstractCoverageStore.html:156:1 (GSAbstractCoverageStore.Rd:99): Warning: <h5> anchor "Arguments" already defined
GSAbstractCoverageStore.html:186:1 (GSAbstractCoverageStore.Rd:115): Warning: <h5> anchor "Usage" already defined
GSAbstractCoverageStore.html:192:1 (GSAbstractCoverageStore.Rd:119): Warning: <h5> anchor "Arguments" already defined
GSAbstractCoverageStore.html:215:1 (GSAbstractCoverageStore.Rd:132): Warning: <h5> anchor "Usage" already defined
GSAbstractCoverageStore.html:221:1 (GSAbstractCoverageStore.Rd:136): Warning: <h5> anchor "Arguments" already defined
GSAbstractDBDataStore.html:200:1 (GSAbstractDBDataStore.Rd:117): Warning: <h5> anchor "Usage" already defined
GSAbstractDBDataStore.html:206:1 (GSAbstractDBDataStore.Rd:121): Warning: <h5> anchor "Arguments" already defined
GSAbstractDBDataStore.html:229:1 (GSAbstractDBDataStore.Rd:134): Warning: <h5> anchor "Usage" already defined
GSAbstractDBDataStore.html:235:1 (GSAbstractDBDataStore.Rd:138): Warning: <h5> anchor "Arguments" already defined
GSAbstractDBDataStore.html:258:1 (GSAbstractDBDataStore.Rd:151): Warning: <h5> anchor "Usage" already defined
GSAbstractDBDataStore.html:264:1 (GSAbstractDBDataStore.Rd:155): Warning: <h5> anchor "Arguments" already defined
GSAbstractDBDataStore.html:287:1 (GSAbstractDBDataStore.Rd:168): Warning: <h5> anchor "Usage" already defined
GSAbstractDBDataStore.html:293:1 (GSAbstractDBDataStore.Rd:172): Warning: <h5> anchor "Arguments" already defined
GSAbstractDBDataStore.html:316:1 (GSAbstractDBDataStore.Rd:185): Warning: <h5> anchor "Usage" already defined
GSAbstractDBDataStore.html:322:1 (GSAbstractDBDataStore.Rd:189): Warning: <h5> anchor "Arguments" already defined
GSAbstractDBDataStore.html:345:1 (GSAbstractDBDataStore.Rd:202): Warning: <h5> anchor "Usage" already defined
GSAbstractDBDataStore.html:351:1 (GSAbstractDBDataStore.Rd:206): Warning: <h5> anchor "Arguments" already defined
GSAbstractDBDataStore.html:374:1 (GSAbstractDBDataStore.Rd:219): Warning: <h5> anchor "Usage" already defined
GSAbstractDBDataStore.html:380:1 (GSAbstractDBDataStore.Rd:223): Warning: <h5> anchor "Arguments" already defined
GSAbstractDBDataStore.html:403:1 (GSAbstractDBDataStore.Rd:236): Warning: <h5> anchor "Usage" already defined
GSAbstractDBDataStore.html:409:1 (GSAbstractDBDataStore.Rd:240): Warning: <h5> anchor "Arguments" already defined
GSAbstractDBDataStore.html:432:1 (GSAbstractDBDataStore.Rd:253): Warning: <h5> anchor "Usage" already defined
GSAbstractDBDataStore.html:438:1 (GSAbstractDBDataStore.Rd:257): Warning: <h5> anchor "Arguments" already defined
GSAbstractDBDataStore.html:461:1 (GSAbstractDBDataStore.Rd:270): Warning: <h5> anchor "Usage" already defined
GSAbstractDBDataStore.html:467:1 (GSAbstractDBDataStore.Rd:274): Warning: <h5> anchor "Arguments" already defined
GSAbstractDBDataStore.html:490:1 (GSAbstractDBDataStore.Rd:287): Warning: <h5> anchor "Usage" already defined
GSAbstractDBDataStore.html:496:1 (GSAbstractDBDataStore.Rd:291): Warning: <h5> anchor "Arguments" already defined
GSAbstractDBDataStore.html:519:1 (GSAbstractDBDataStore.Rd:304): Warning: <h5> anchor "Usage" already defined
GSAbstractDBDataStore.html:525:1 (GSAbstractDBDataStore.Rd:308): Warning: <h5> anchor "Arguments" already defined
GSAbstractDBDataStore.html:548:1 (GSAbstractDBDataStore.Rd:321): Warning: <h5> anchor "Usage" already defined
GSAbstractDBDataStore.html:554:1 (GSAbstractDBDataStore.Rd:325): Warning: <h5> anchor "Arguments" already defined
GSAbstractDBDataStore.html:577:1 (GSAbstractDBDataStore.Rd:338): Warning: <h5> anchor "Usage" already defined
GSAbstractDBDataStore.html:583:1 (GSAbstractDBDataStore.Rd:342): Warning: <h5> anchor "Arguments" already defined
GSAbstractDBDataStore.html:606:1 (GSAbstractDBDataStore.Rd:355): Warning: <h5> anchor "Usage" already defined
GSAbstractDBDataStore.html:612:1 (GSAbstractDBDataStore.Rd:359): Warning: <h5> anchor "Arguments" already defined
GSAbstractDBDataStore.html:635:1 (GSAbstractDBDataStore.Rd:372): Warning: <h5> anchor "Usage" already defined
GSAbstractDBDataStore.html:641:1 (GSAbstractDBDataStore.Rd:376): Warning: <h5> anchor "Arguments" already defined
GSAbstractDBDataStore.html:664:1 (GSAbstractDBDataStore.Rd:389): Warning: <h5> anchor "Usage" already defined
GSAbstractDBDataStore.html:670:1 (GSAbstractDBDataStore.Rd:393): Warning: <h5> anchor "Arguments" already defined
GSAbstractDBDataStore.html:693:1 (GSAbstractDBDataStore.Rd:406): Warning: <h5> anchor "Usage" already defined
GSAbstractDBDataStore.html:699:1 (GSAbstractDBDataStore.Rd:410): Warning: <h5> anchor "Arguments" already defined
GSAbstractDBDataStore.html:722:1 (GSAbstractDBDataStore.Rd:423): Warning: <h5> anchor "Usage" already defined
GSAbstractDBDataStore.html:730:1 (GSAbstractDBDataStore.Rd:429): Warning: <h5> anchor "Arguments" already defined
GSAbstractDBDataStore.html:753:1 (GSAbstractDBDataStore.Rd:442): Warning: <h5> anchor "Usage" already defined
GSAbstractDBDataStore.html:759:1 (GSAbstractDBDataStore.Rd:446): Warning: <h5> anchor "Arguments" already defined
GSAbstractDBDataStore.html:782:1 (GSAbstractDBDataStore.Rd:459): Warning: <h5> anchor "Usage" already defined
GSAbstractDBDataStore.html:798:1 (GSAbstractDBDataStore.Rd:469): Warning: <h5> anchor "Usage" already defined
GSAbstractDBDataStore.html:804:1 (GSAbstractDBDataStore.Rd:473): Warning: <h5> anchor "Arguments" already defined
GSAbstractDataStore.html:159:1 (GSAbstractDataStore.Rd:98): Warning: <h5> anchor "Usage" already defined
GSAbstractDataStore.html:165:1 (GSAbstractDataStore.Rd:102): Warning: <h5> anchor "Arguments" already defined
GSAbstractDataStore.html:196:1 (GSAbstractDataStore.Rd:119): Warning: <h5> anchor "Usage" already defined
GSAbstractDataStore.html:202:1 (GSAbstractDataStore.Rd:123): Warning: <h5> anchor "Arguments" already defined
GSAbstractDataStore.html:225:1 (GSAbstractDataStore.Rd:136): Warning: <h5> anchor "Usage" already defined
GSAbstractDataStore.html:231:1 (GSAbstractDataStore.Rd:140): Warning: <h5> anchor "Arguments" already defined
GSAbstractDataStore.html:246:1 (GSAbstractDataStore.Rd:149): Warning: <h5> anchor "Returns" already defined
GSAbstractDataStore.html:263:1 (GSAbstractDataStore.Rd:158): Warning: <h5> anchor "Usage" already defined
GSAbstractDataStore.html:269:1 (GSAbstractDataStore.Rd:162): Warning: <h5> anchor "Arguments" already defined
GSAbstractDataStore.html:294:1 (GSAbstractDataStore.Rd:177): Warning: <h5> anchor "Usage" already defined
GSAbstractDataStore.html:300:1 (GSAbstractDataStore.Rd:181): Warning: <h5> anchor "Arguments" already defined
GSAbstractDataStore.html:315:1 (GSAbstractDataStore.Rd:190): Warning: <h5> anchor "Returns" already defined
GSAbstractDataStore.html:332:1 (GSAbstractDataStore.Rd:199): Warning: <h5> anchor "Usage" already defined
GSAbstractDataStore.html:338:1 (GSAbstractDataStore.Rd:203): Warning: <h5> anchor "Arguments" already defined
GSAbstractStore.html:163:1 (GSAbstractStore.Rd:104): Warning: <h5> anchor "Usage" already defined
GSAbstractStore.html:169:1 (GSAbstractStore.Rd:108): Warning: <h5> anchor "Arguments" already defined
GSAbstractStore.html:192:1 (GSAbstractStore.Rd:121): Warning: <h5> anchor "Usage" already defined
GSAbstractStore.html:198:1 (GSAbstractStore.Rd:125): Warning: <h5> anchor "Arguments" already defined
GSAbstractStore.html:221:1 (GSAbstractStore.Rd:138): Warning: <h5> anchor "Usage" already defined
GSAbstractStore.html:227:1 (GSAbstractStore.Rd:142): Warning: <h5> anchor "Arguments" already defined
GSAbstractStore.html:250:1 (GSAbstractStore.Rd:155): Warning: <h5> anchor "Usage" already defined
GSAbstractStore.html:256:1 (GSAbstractStore.Rd:159): Warning: <h5> anchor "Arguments" already defined
GSAbstractStore.html:279:1 (GSAbstractStore.Rd:172): Warning: <h5> anchor "Usage" already defined
GSAbstractStore.html:285:1 (GSAbstractStore.Rd:176): Warning: <h5> anchor "Arguments" already defined
GSArcGridCoverageStore.html:143:1 (GSArcGridCoverageStore.Rd:93): Warning: <h5> anchor "Usage" already defined
GSArcGridCoverageStore.html:149:1 (GSArcGridCoverageStore.Rd:97): Warning: <h5> anchor "Arguments" already defined
GSCoverage.html:158:1 (GSCoverage.Rd:103): Warning: <h5> anchor "Usage" already defined
GSCoverage.html:164:1 (GSCoverage.Rd:107): Warning: <h5> anchor "Arguments" already defined
GSCoverage.html:187:1 (GSCoverage.Rd:120): Warning: <h5> anchor "Usage" already defined
GSCoverage.html:193:1 (GSCoverage.Rd:124): Warning: <h5> anchor "Arguments" already defined
GSCoverage.html:223:1 (GSCoverage.Rd:140): Warning: <h5> anchor "Usage" already defined
GSCoverage.html:229:1 (GSCoverage.Rd:144): Warning: <h5> anchor "Returns" already defined
GSCoverage.html:246:1 (GSCoverage.Rd:153): Warning: <h5> anchor "Usage" already defined
GSCoverage.html:252:1 (GSCoverage.Rd:157): Warning: <h5> anchor "Arguments" already defined
GSCoverageBand.html:105:1 (GSCoverageBand.Rd:76): Warning: <h3> anchor "Methods" already defined
GSCoverageBand.html:191:1 (GSCoverageBand.Rd:121): Warning: <h5> anchor "Usage" already defined
GSCoverageBand.html:197:1 (GSCoverageBand.Rd:125): Warning: <h5> anchor "Arguments" already defined
GSCoverageBand.html:220:1 (GSCoverageBand.Rd:138): Warning: <h5> anchor "Usage" already defined
GSCoverageBand.html:226:1 (GSCoverageBand.Rd:142): Warning: <h5> anchor "Arguments" already defined
GSCoverageBand.html:249:1 (GSCoverageBand.Rd:155): Warning: <h5> anchor "Usage" already defined
GSCoverageBand.html:255:1 (GSCoverageBand.Rd:159): Warning: <h5> anchor "Arguments" already defined
GSCoverageBand.html:278:1 (GSCoverageBand.Rd:172): Warning: <h5> anchor "Usage" already defined
GSCoverageBand.html:284:1 (GSCoverageBand.Rd:176): Warning: <h5> anchor "Arguments" already defined
GSCoverageBand.html:307:1 (GSCoverageBand.Rd:189): Warning: <h5> anchor "Usage" already defined
GSCoverageBand.html:313:1 (GSCoverageBand.Rd:193): Warning: <h5> anchor "Arguments" already defined
GSCoverageBand.html:336:1 (GSCoverageBand.Rd:206): Warning: <h5> anchor "Usage" already defined
GSCoverageBand.html:342:1 (GSCoverageBand.Rd:210): Warning: <h5> anchor "Arguments" already defined
GSCoverageBand.html:372:1 (GSCoverageBand.Rd:226): Warning: <h5> anchor "Usage" already defined
GSCoverageBand.html:378:1 (GSCoverageBand.Rd:230): Warning: <h5> anchor "Arguments" already defined
GSCoverageBand.html:391:1 (GSCoverageBand.Rd:237): Warning: <h5> anchor "Returns" already defined
GSCoverageBand.html:408:1 (GSCoverageBand.Rd:246): Warning: <h5> anchor "Usage" already defined
GSCoverageBand.html:414:1 (GSCoverageBand.Rd:250): Warning: <h5> anchor "Arguments" already defined
GSCoverageStoreManager.html:183:1 (GSCoverageStoreManager.Rd:107): Warning: <h5> anchor "Usage" already defined
GSCoverageStoreManager.html:189:1 (GSCoverageStoreManager.Rd:111): Warning: <h5> anchor "Arguments" already defined
GSCoverageStoreManager.html:202:1 (GSCoverageStoreManager.Rd:118): Warning: <h5> anchor "Returns" already defined
GSCoverageStoreManager.html:219:1 (GSCoverageStoreManager.Rd:127): Warning: <h5> anchor "Usage" already defined
GSCoverageStoreManager.html:225:1 (GSCoverageStoreManager.Rd:131): Warning: <h5> anchor "Arguments" already defined
GSCoverageStoreManager.html:240:1 (GSCoverageStoreManager.Rd:140): Warning: <h5> anchor "Returns" already defined
GSCoverageStoreManager.html:258:1 (GSCoverageStoreManager.Rd:150): Warning: <h5> anchor "Usage" already defined
GSCoverageStoreManager.html:264:1 (GSCoverageStoreManager.Rd:154): Warning: <h5> anchor "Arguments" already defined
GSCoverageStoreManager.html:279:1 (GSCoverageStoreManager.Rd:163): Warning: <h5> anchor "Returns" already defined
GSCoverageStoreManager.html:297:1 (GSCoverageStoreManager.Rd:173): Warning: <h5> anchor "Usage" already defined
GSCoverageStoreManager.html:303:1 (GSCoverageStoreManager.Rd:177): Warning: <h5> anchor "Arguments" already defined
GSCoverageStoreManager.html:318:1 (GSCoverageStoreManager.Rd:186): Warning: <h5> anchor "Returns" already defined
GSCoverageStoreManager.html:339:1 (GSCoverageStoreManager.Rd:199): Warning: <h5> anchor "Usage" already defined
GSCoverageStoreManager.html:350:1 (GSCoverageStoreManager.Rd:208): Warning: <h5> anchor "Arguments" already defined
GSCoverageStoreManager.html:369:1 (GSCoverageStoreManager.Rd:221): Warning: <h5> anchor "Returns" already defined
GSCoverageStoreManager.html:387:1 (GSCoverageStoreManager.Rd:231): Warning: <h5> anchor "Usage" already defined
GSCoverageStoreManager.html:393:1 (GSCoverageStoreManager.Rd:235): Warning: <h5> anchor "Arguments" already defined
GSCoverageStoreManager.html:408:1 (GSCoverageStoreManager.Rd:244): Warning: <h5> anchor "Returns" already defined
GSCoverageStoreManager.html:426:1 (GSCoverageStoreManager.Rd:254): Warning: <h5> anchor "Usage" already defined
GSCoverageStoreManager.html:432:1 (GSCoverageStoreManager.Rd:258): Warning: <h5> anchor "Arguments" already defined
GSCoverageStoreManager.html:447:1 (GSCoverageStoreManager.Rd:267): Warning: <h5> anchor "Returns" already defined
GSCoverageStoreManager.html:464:1 (GSCoverageStoreManager.Rd:276): Warning: <h5> anchor "Usage" already defined
GSCoverageStoreManager.html:470:1 (GSCoverageStoreManager.Rd:280): Warning: <h5> anchor "Arguments" already defined
GSCoverageStoreManager.html:497:1 (GSCoverageStoreManager.Rd:297): Warning: <h5> anchor "Usage" already defined
GSCoverageStoreManager.html:503:1 (GSCoverageStoreManager.Rd:301): Warning: <h5> anchor "Arguments" already defined
GSCoverageStoreManager.html:520:1 (GSCoverageStoreManager.Rd:312): Warning: <h5> anchor "Returns" already defined
GSCoverageStoreManager.html:537:1 (GSCoverageStoreManager.Rd:321): Warning: <h5> anchor "Usage" already defined
GSCoverageStoreManager.html:543:1 (GSCoverageStoreManager.Rd:325): Warning: <h5> anchor "Arguments" already defined
GSCoverageStoreManager.html:560:1 (GSCoverageStoreManager.Rd:336): Warning: <h5> anchor "Returns" already defined
GSCoverageStoreManager.html:579:1 (GSCoverageStoreManager.Rd:347): Warning: <h5> anchor "Usage" already defined
GSCoverageStoreManager.html:585:1 (GSCoverageStoreManager.Rd:351): Warning: <h5> anchor "Arguments" already defined
GSCoverageStoreManager.html:620:1 (GSCoverageStoreManager.Rd:376): Warning: <h5> anchor "Usage" already defined
GSCoverageStoreManager.html:635:1 (GSCoverageStoreManager.Rd:389): Warning: <h5> anchor "Arguments" already defined
GSCoverageStoreManager.html:662:1 (GSCoverageStoreManager.Rd:410): Warning: <h5> anchor "Returns" already defined
GSCoverageStoreManager.html:684:1 (GSCoverageStoreManager.Rd:424): Warning: <h5> anchor "Usage" already defined
GSCoverageStoreManager.html:697:1 (GSCoverageStoreManager.Rd:435): Warning: <h5> anchor "Arguments" already defined
GSCoverageStoreManager.html:720:1 (GSCoverageStoreManager.Rd:452): Warning: <h5> anchor "Returns" already defined
GSCoverageStoreManager.html:742:1 (GSCoverageStoreManager.Rd:466): Warning: <h5> anchor "Usage" already defined
GSCoverageStoreManager.html:755:1 (GSCoverageStoreManager.Rd:477): Warning: <h5> anchor "Arguments" already defined
GSCoverageStoreManager.html:778:1 (GSCoverageStoreManager.Rd:494): Warning: <h5> anchor "Returns" already defined
GSCoverageStoreManager.html:800:1 (GSCoverageStoreManager.Rd:508): Warning: <h5> anchor "Usage" already defined
GSCoverageStoreManager.html:813:1 (GSCoverageStoreManager.Rd:519): Warning: <h5> anchor "Arguments" already defined
GSCoverageStoreManager.html:836:1 (GSCoverageStoreManager.Rd:536): Warning: <h5> anchor "Returns" already defined
GSCoverageStoreManager.html:858:1 (GSCoverageStoreManager.Rd:550): Warning: <h5> anchor "Usage" already defined
GSCoverageStoreManager.html:871:1 (GSCoverageStoreManager.Rd:561): Warning: <h5> anchor "Arguments" already defined
GSCoverageStoreManager.html:894:1 (GSCoverageStoreManager.Rd:578): Warning: <h5> anchor "Returns" already defined
GSCoverageStoreManager.html:911:1 (GSCoverageStoreManager.Rd:587): Warning: <h5> anchor "Usage" already defined
GSCoverageStoreManager.html:917:1 (GSCoverageStoreManager.Rd:591): Warning: <h5> anchor "Arguments" already defined
GSCoverageView.html:153:1 (GSCoverageView.Rd:92): Warning: <h5> anchor "Usage" already defined
GSCoverageView.html:159:1 (GSCoverageView.Rd:96): Warning: <h5> anchor "Arguments" already defined
GSCoverageView.html:182:1 (GSCoverageView.Rd:109): Warning: <h5> anchor "Usage" already defined
GSCoverageView.html:188:1 (GSCoverageView.Rd:113): Warning: <h5> anchor "Arguments" already defined
GSCoverageView.html:212:1 (GSCoverageView.Rd:127): Warning: <h5> anchor "Usage" already defined
GSCoverageView.html:218:1 (GSCoverageView.Rd:131): Warning: <h5> anchor "Arguments" already defined
GSCoverageView.html:241:1 (GSCoverageView.Rd:144): Warning: <h5> anchor "Usage" already defined
GSCoverageView.html:247:1 (GSCoverageView.Rd:148): Warning: <h5> anchor "Arguments" already defined
GSCoverageView.html:270:1 (GSCoverageView.Rd:161): Warning: <h5> anchor "Usage" already defined
GSCoverageView.html:276:1 (GSCoverageView.Rd:165): Warning: <h5> anchor "Arguments" already defined
GSCoverageView.html:299:1 (GSCoverageView.Rd:178): Warning: <h5> anchor "Usage" already defined
GSCoverageView.html:305:1 (GSCoverageView.Rd:182): Warning: <h5> anchor "Arguments" already defined
GSCoverageView.html:335:1 (GSCoverageView.Rd:198): Warning: <h5> anchor "Usage" already defined
GSCoverageView.html:341:1 (GSCoverageView.Rd:202): Warning: <h5> anchor "Arguments" already defined
GSCoverageView.html:354:1 (GSCoverageView.Rd:209): Warning: <h5> anchor "Returns" already defined
GSCoverageView.html:371:1 (GSCoverageView.Rd:218): Warning: <h5> anchor "Usage" already defined
GSCoverageView.html:377:1 (GSCoverageView.Rd:222): Warning: <h5> anchor "Arguments" already defined
GSDataStoreManager.html:194:1 (GSDataStoreManager.Rd:110): Warning: <h5> anchor "Usage" already defined
GSDataStoreManager.html:200:1 (GSDataStoreManager.Rd:114): Warning: <h5> anchor "Arguments" already defined
GSDataStoreManager.html:213:1 (GSDataStoreManager.Rd:121): Warning: <h5> anchor "Returns" already defined
GSDataStoreManager.html:230:1 (GSDataStoreManager.Rd:130): Warning: <h5> anchor "Usage" already defined
GSDataStoreManager.html:236:1 (GSDataStoreManager.Rd:134): Warning: <h5> anchor "Arguments" already defined
GSDataStoreManager.html:251:1 (GSDataStoreManager.Rd:143): Warning: <h5> anchor "Returns" already defined
GSDataStoreManager.html:268:1 (GSDataStoreManager.Rd:152): Warning: <h5> anchor "Usage" already defined
GSDataStoreManager.html:274:1 (GSDataStoreManager.Rd:156): Warning: <h5> anchor "Arguments" already defined
GSDataStoreManager.html:289:1 (GSDataStoreManager.Rd:165): Warning: <h5> anchor "Returns" already defined
GSDataStoreManager.html:306:1 (GSDataStoreManager.Rd:174): Warning: <h5> anchor "Usage" already defined
GSDataStoreManager.html:312:1 (GSDataStoreManager.Rd:178): Warning: <h5> anchor "Arguments" already defined
GSDataStoreManager.html:327:1 (GSDataStoreManager.Rd:187): Warning: <h5> anchor "Returns" already defined
GSDataStoreManager.html:346:1 (GSDataStoreManager.Rd:198): Warning: <h5> anchor "Usage" already defined
GSDataStoreManager.html:352:1 (GSDataStoreManager.Rd:202): Warning: <h5> anchor "Arguments" already defined
GSDataStoreManager.html:369:1 (GSDataStoreManager.Rd:213): Warning: <h5> anchor "Returns" already defined
GSDataStoreManager.html:386:1 (GSDataStoreManager.Rd:222): Warning: <h5> anchor "Usage" already defined
GSDataStoreManager.html:392:1 (GSDataStoreManager.Rd:226): Warning: <h5> anchor "Arguments" already defined
GSDataStoreManager.html:409:1 (GSDataStoreManager.Rd:237): Warning: <h5> anchor "Returns" already defined
GSDataStoreManager.html:426:1 (GSDataStoreManager.Rd:246): Warning: <h5> anchor "Usage" already defined
GSDataStoreManager.html:432:1 (GSDataStoreManager.Rd:250): Warning: <h5> anchor "Arguments" already defined
GSDataStoreManager.html:447:1 (GSDataStoreManager.Rd:259): Warning: <h5> anchor "Returns" already defined
GSDataStoreManager.html:464:1 (GSDataStoreManager.Rd:268): Warning: <h5> anchor "Usage" already defined
GSDataStoreManager.html:470:1 (GSDataStoreManager.Rd:272): Warning: <h5> anchor "Arguments" already defined
GSDataStoreManager.html:487:1 (GSDataStoreManager.Rd:283): Warning: <h5> anchor "Returns" already defined
GSDataStoreManager.html:504:1 (GSDataStoreManager.Rd:292): Warning: <h5> anchor "Usage" already defined
GSDataStoreManager.html:510:1 (GSDataStoreManager.Rd:296): Warning: <h5> anchor "Arguments" already defined
GSDataStoreManager.html:527:1 (GSDataStoreManager.Rd:307): Warning: <h5> anchor "Returns" already defined
GSDataStoreManager.html:544:1 (GSDataStoreManager.Rd:316): Warning: <h5> anchor "Usage" already defined
GSDataStoreManager.html:550:1 (GSDataStoreManager.Rd:320): Warning: <h5> anchor "Arguments" already defined
GSDataStoreManager.html:567:1 (GSDataStoreManager.Rd:331): Warning: <h5> anchor "Returns" already defined
GSDataStoreManager.html:586:1 (GSDataStoreManager.Rd:342): Warning: <h5> anchor "Usage" already defined
GSDataStoreManager.html:592:1 (GSDataStoreManager.Rd:346): Warning: <h5> anchor "Arguments" already defined
GSDataStoreManager.html:611:1 (GSDataStoreManager.Rd:359): Warning: <h5> anchor "Returns" already defined
GSDataStoreManager.html:629:1 (GSDataStoreManager.Rd:369): Warning: <h5> anchor "Usage" already defined
GSDataStoreManager.html:635:1 (GSDataStoreManager.Rd:373): Warning: <h5> anchor "Arguments" already defined
GSDataStoreManager.html:654:1 (GSDataStoreManager.Rd:386): Warning: <h5> anchor "Returns" already defined
GSDataStoreManager.html:672:1 (GSDataStoreManager.Rd:396): Warning: <h5> anchor "Usage" already defined
GSDataStoreManager.html:678:1 (GSDataStoreManager.Rd:400): Warning: <h5> anchor "Arguments" already defined
GSDataStoreManager.html:695:1 (GSDataStoreManager.Rd:411): Warning: <h5> anchor "Returns" already defined
GSDataStoreManager.html:717:1 (GSDataStoreManager.Rd:425): Warning: <h5> anchor "Usage" already defined
GSDataStoreManager.html:733:1 (GSDataStoreManager.Rd:439): Warning: <h5> anchor "Arguments" already defined
GSDataStoreManager.html:762:1 (GSDataStoreManager.Rd:462): Warning: <h5> anchor "Returns" already defined
GSDataStoreManager.html:784:1 (GSDataStoreManager.Rd:476): Warning: <h5> anchor "Usage" already defined
GSDataStoreManager.html:798:1 (GSDataStoreManager.Rd:488): Warning: <h5> anchor "Arguments" already defined
GSDataStoreManager.html:823:1 (GSDataStoreManager.Rd:507): Warning: <h5> anchor "Returns" already defined
GSDataStoreManager.html:845:1 (GSDataStoreManager.Rd:521): Warning: <h5> anchor "Usage" already defined
GSDataStoreManager.html:859:1 (GSDataStoreManager.Rd:533): Warning: <h5> anchor "Arguments" already defined
GSDataStoreManager.html:884:1 (GSDataStoreManager.Rd:552): Warning: <h5> anchor "Returns" already defined
GSDataStoreManager.html:906:1 (GSDataStoreManager.Rd:566): Warning: <h5> anchor "Usage" already defined
GSDataStoreManager.html:920:1 (GSDataStoreManager.Rd:578): Warning: <h5> anchor "Arguments" already defined
GSDataStoreManager.html:945:1 (GSDataStoreManager.Rd:597): Warning: <h5> anchor "Returns" already defined
GSDataStoreManager.html:967:1 (GSDataStoreManager.Rd:611): Warning: <h5> anchor "Usage" already defined
GSDataStoreManager.html:981:1 (GSDataStoreManager.Rd:623): Warning: <h5> anchor "Arguments" already defined
GSDataStoreManager.html:1006:1 (GSDataStoreManager.Rd:642): Warning: <h5> anchor "Returns" already defined
GSDataStoreManager.html:1028:1 (GSDataStoreManager.Rd:656): Warning: <h5> anchor "Usage" already defined
GSDataStoreManager.html:1042:1 (GSDataStoreManager.Rd:668): Warning: <h5> anchor "Arguments" already defined
GSDataStoreManager.html:1067:1 (GSDataStoreManager.Rd:687): Warning: <h5> anchor "Returns" already defined
GSDataStoreManager.html:1089:1 (GSDataStoreManager.Rd:701): Warning: <h5> anchor "Usage" already defined
GSDataStoreManager.html:1103:1 (GSDataStoreManager.Rd:713): Warning: <h5> anchor "Arguments" already defined
GSDataStoreManager.html:1128:1 (GSDataStoreManager.Rd:732): Warning: <h5> anchor "Returns" already defined
GSDataStoreManager.html:1145:1 (GSDataStoreManager.Rd:741): Warning: <h5> anchor "Usage" already defined
GSDataStoreManager.html:1151:1 (GSDataStoreManager.Rd:745): Warning: <h5> anchor "Arguments" already defined
GSDimension.html:151:1 (GSDimension.Rd:92): Warning: <h5> anchor "Usage" already defined
GSDimension.html:157:1 (GSDimension.Rd:96): Warning: <h5> anchor "Arguments" already defined
GSDimension.html:180:1 (GSDimension.Rd:109): Warning: <h5> anchor "Usage" already defined
GSDimension.html:186:1 (GSDimension.Rd:113): Warning: <h5> anchor "Arguments" already defined
GSDimension.html:209:1 (GSDimension.Rd:126): Warning: <h5> anchor "Usage" already defined
GSDimension.html:215:1 (GSDimension.Rd:130): Warning: <h5> anchor "Arguments" already defined
GSDimension.html:240:1 (GSDimension.Rd:145): Warning: <h5> anchor "Usage" already defined
GSDimension.html:246:1 (GSDimension.Rd:149): Warning: <h5> anchor "Arguments" already defined
GSDimension.html:269:1 (GSDimension.Rd:162): Warning: <h5> anchor "Usage" already defined
GSDimension.html:275:1 (GSDimension.Rd:166): Warning: <h5> anchor "Arguments" already defined
GSDimension.html:298:1 (GSDimension.Rd:179): Warning: <h5> anchor "Usage" already defined
GSDimension.html:304:1 (GSDimension.Rd:183): Warning: <h5> anchor "Arguments" already defined
GSFeatureDimension.html:137:1 (GSFeatureDimension.Rd:85): Warning: <h5> anchor "Usage" already defined
GSFeatureDimension.html:143:1 (GSFeatureDimension.Rd:89): Warning: <h5> anchor "Arguments" already defined
GSFeatureDimension.html:166:1 (GSFeatureDimension.Rd:102): Warning: <h5> anchor "Usage" already defined
GSFeatureDimension.html:172:1 (GSFeatureDimension.Rd:106): Warning: <h5> anchor "Arguments" already defined
GSFeatureDimension.html:195:1 (GSFeatureDimension.Rd:119): Warning: <h5> anchor "Usage" already defined
GSFeatureDimension.html:201:1 (GSFeatureDimension.Rd:123): Warning: <h5> anchor "Arguments" already defined
GSFeatureDimension.html:224:1 (GSFeatureDimension.Rd:136): Warning: <h5> anchor "Usage" already defined
GSFeatureDimension.html:230:1 (GSFeatureDimension.Rd:140): Warning: <h5> anchor "Arguments" already defined
GSFeatureType.html:161:1 (GSFeatureType.Rd:104): Warning: <h5> anchor "Usage" already defined
GSFeatureType.html:167:1 (GSFeatureType.Rd:108): Warning: <h5> anchor "Arguments" already defined
GSFeatureType.html:190:1 (GSFeatureType.Rd:121): Warning: <h5> anchor "Usage" already defined
GSFeatureType.html:196:1 (GSFeatureType.Rd:125): Warning: <h5> anchor "Arguments" already defined
GSFeatureType.html:219:1 (GSFeatureType.Rd:138): Warning: <h5> anchor "Usage" already defined
GSFeatureType.html:225:1 (GSFeatureType.Rd:142): Warning: <h5> anchor "Arguments" already defined
GSFeatureType.html:255:1 (GSFeatureType.Rd:158): Warning: <h5> anchor "Usage" already defined
GSFeatureType.html:261:1 (GSFeatureType.Rd:162): Warning: <h5> anchor "Arguments" already defined
GSFeatureType.html:274:1 (GSFeatureType.Rd:169): Warning: <h5> anchor "Returns" already defined
GSFeatureType.html:291:1 (GSFeatureType.Rd:178): Warning: <h5> anchor "Usage" already defined
GSFeatureType.html:297:1 (GSFeatureType.Rd:182): Warning: <h5> anchor "Arguments" already defined
GSGeoPackageDataStore.html:155:1 (GSGeoPackageDataStore.Rd:117): Warning: <h5> anchor "Usage" already defined
GSGeoPackageDataStore.html:161:1 (GSGeoPackageDataStore.Rd:121): Warning: <h5> anchor "Arguments" already defined
GSGeoTIFFCoverageStore.html:143:1 (GSGeoTIFFCoverageStore.Rd:93): Warning: <h5> anchor "Usage" already defined
GSGeoTIFFCoverageStore.html:149:1 (GSGeoTIFFCoverageStore.Rd:97): Warning: <h5> anchor "Arguments" already defined
GSImageMosaicCoverageStore.html:143:1 (GSImageMosaicCoverageStore.Rd:93): Warning: <h5> anchor "Usage" already defined
GSImageMosaicCoverageStore.html:149:1 (GSImageMosaicCoverageStore.Rd:97): Warning: <h5> anchor "Arguments" already defined
GSInputCoverageBand.html:139:1 (GSInputCoverageBand.Rd:86): Warning: <h5> anchor "Usage" already defined
GSInputCoverageBand.html:145:1 (GSInputCoverageBand.Rd:90): Warning: <h5> anchor "Arguments" already defined
GSInputCoverageBand.html:168:1 (GSInputCoverageBand.Rd:103): Warning: <h5> anchor "Usage" already defined
GSInputCoverageBand.html:174:1 (GSInputCoverageBand.Rd:107): Warning: <h5> anchor "Arguments" already defined
GSInputCoverageBand.html:197:1 (GSInputCoverageBand.Rd:120): Warning: <h5> anchor "Usage" already defined
GSInputCoverageBand.html:203:1 (GSInputCoverageBand.Rd:124): Warning: <h5> anchor "Arguments" already defined
GSInputCoverageBand.html:226:1 (GSInputCoverageBand.Rd:137): Warning: <h5> anchor "Usage" already defined
GSInputCoverageBand.html:232:1 (GSInputCoverageBand.Rd:141): Warning: <h5> anchor "Arguments" already defined
GSLayer.html:181:1 (GSLayer.Rd:119): Warning: <h5> anchor "Usage" already defined
GSLayer.html:187:1 (GSLayer.Rd:123): Warning: <h5> anchor "Arguments" already defined
GSLayer.html:210:1 (GSLayer.Rd:136): Warning: <h5> anchor "Usage" already defined
GSLayer.html:216:1 (GSLayer.Rd:140): Warning: <h5> anchor "Arguments" already defined
GSLayer.html:239:1 (GSLayer.Rd:153): Warning: <h5> anchor "Usage" already defined
GSLayer.html:245:1 (GSLayer.Rd:157): Warning: <h5> anchor "Arguments" already defined
GSLayer.html:268:1 (GSLayer.Rd:170): Warning: <h5> anchor "Usage" already defined
GSLayer.html:274:1 (GSLayer.Rd:174): Warning: <h5> anchor "Arguments" already defined
GSLayer.html:297:1 (GSLayer.Rd:187): Warning: <h5> anchor "Usage" already defined
GSLayer.html:303:1 (GSLayer.Rd:191): Warning: <h5> anchor "Arguments" already defined
GSLayer.html:326:1 (GSLayer.Rd:204): Warning: <h5> anchor "Usage" already defined
GSLayer.html:332:1 (GSLayer.Rd:208): Warning: <h5> anchor "Arguments" already defined
GSLayer.html:355:1 (GSLayer.Rd:221): Warning: <h5> anchor "Usage" already defined
GSLayer.html:361:1 (GSLayer.Rd:225): Warning: <h5> anchor "Arguments" already defined
GSLayer.html:384:1 (GSLayer.Rd:238): Warning: <h5> anchor "Usage" already defined
GSLayer.html:390:1 (GSLayer.Rd:242): Warning: <h5> anchor "Arguments" already defined
GSLayer.html:413:1 (GSLayer.Rd:255): Warning: <h5> anchor "Usage" already defined
GSLayer.html:419:1 (GSLayer.Rd:259): Warning: <h5> anchor "Arguments" already defined
GSLayer.html:449:1 (GSLayer.Rd:275): Warning: <h5> anchor "Usage" already defined
GSLayer.html:455:1 (GSLayer.Rd:279): Warning: <h5> anchor "Arguments" already defined
GSLayer.html:468:1 (GSLayer.Rd:286): Warning: <h5> anchor "Returns" already defined
GSLayer.html:485:1 (GSLayer.Rd:295): Warning: <h5> anchor "Usage" already defined
GSLayer.html:491:1 (GSLayer.Rd:299): Warning: <h5> anchor "Arguments" already defined
GSLayer.html:505:1 (GSLayer.Rd:308): Warning: <h3> anchor "Super-class" already defined
GSLayer.html:511:1 (GSLayer.Rd:311): Warning: <h3> anchor "Public-fields" already defined
GSLayer.html:527:1 (GSLayer.Rd:322): Warning: <h3> anchor "Methods" already defined
GSLayer.html:531:1 (GSLayer.Rd:323): Warning: <h4> anchor "Public-methods" already defined
GSLayer.html:566:1 (GSLayer.Rd:344): Warning: <h4> anchor "Method-+E2+80+98new+28+29+E2+80+99" already defined
GSLayer.html:572:1 (GSLayer.Rd:346): Warning: <h5> anchor "Usage" already defined
GSLayer.html:578:1 (GSLayer.Rd:350): Warning: <h5> anchor "Arguments" already defined
GSLayer.html:599:1 (GSLayer.Rd:365): Warning: <h4> anchor "Method-+E2+80+98decode+28+29+E2+80+99" already defined
GSLayer.html:605:1 (GSLayer.Rd:367): Warning: <h5> anchor "Usage" already defined
GSLayer.html:611:1 (GSLayer.Rd:371): Warning: <h5> anchor "Arguments" already defined
GSLayer.html:628:1 (GSLayer.Rd:382): Warning: <h4> anchor "Method-+E2+80+98setName+28+29+E2+80+99" already defined
GSLayer.html:634:1 (GSLayer.Rd:384): Warning: <h5> anchor "Usage" already defined
GSLayer.html:640:1 (GSLayer.Rd:388): Warning: <h5> anchor "Arguments" already defined
GSLayer.html:663:1 (GSLayer.Rd:401): Warning: <h5> anchor "Usage" already defined
GSLayer.html:669:1 (GSLayer.Rd:405): Warning: <h5> anchor "Arguments" already defined
GSLayer.html:686:1 (GSLayer.Rd:416): Warning: <h4> anchor "Method-+E2+80+98clone+28+29+E2+80+99" already defined
GSLayer.html:692:1 (GSLayer.Rd:418): Warning: <h5> anchor "Usage" already defined
GSLayer.html:698:1 (GSLayer.Rd:422): Warning: <h5> anchor "Arguments" already defined
GSLayerGroup.html:192:1 (GSLayerGroup.Rd:116): Warning: <h5> anchor "Usage" already defined
GSLayerGroup.html:198:1 (GSLayerGroup.Rd:120): Warning: <h5> anchor "Arguments" already defined
GSLayerGroup.html:221:1 (GSLayerGroup.Rd:133): Warning: <h5> anchor "Usage" already defined
GSLayerGroup.html:227:1 (GSLayerGroup.Rd:137): Warning: <h5> anchor "Arguments" already defined
GSLayerGroup.html:250:1 (GSLayerGroup.Rd:150): Warning: <h5> anchor "Usage" already defined
GSLayerGroup.html:256:1 (GSLayerGroup.Rd:154): Warning: <h5> anchor "Arguments" already defined
GSLayerGroup.html:279:1 (GSLayerGroup.Rd:167): Warning: <h5> anchor "Usage" already defined
GSLayerGroup.html:285:1 (GSLayerGroup.Rd:171): Warning: <h5> anchor "Arguments" already defined
GSLayerGroup.html:308:1 (GSLayerGroup.Rd:184): Warning: <h5> anchor "Usage" already defined
GSLayerGroup.html:314:1 (GSLayerGroup.Rd:188): Warning: <h5> anchor "Arguments" already defined
GSLayerGroup.html:337:1 (GSLayerGroup.Rd:201): Warning: <h5> anchor "Usage" already defined
GSLayerGroup.html:343:1 (GSLayerGroup.Rd:205): Warning: <h5> anchor "Arguments" already defined
GSLayerGroup.html:366:1 (GSLayerGroup.Rd:218): Warning: <h5> anchor "Usage" already defined
GSLayerGroup.html:372:1 (GSLayerGroup.Rd:222): Warning: <h5> anchor "Arguments" already defined
GSLayerGroup.html:397:1 (GSLayerGroup.Rd:237): Warning: <h5> anchor "Usage" already defined
GSLayerGroup.html:403:1 (GSLayerGroup.Rd:241): Warning: <h5> anchor "Arguments" already defined
GSLayerGroup.html:426:1 (GSLayerGroup.Rd:254): Warning: <h5> anchor "Usage" already defined
GSLayerGroup.html:432:1 (GSLayerGroup.Rd:258): Warning: <h5> anchor "Arguments" already defined
GSLayerGroup.html:462:1 (GSLayerGroup.Rd:274): Warning: <h5> anchor "Usage" already defined
GSLayerGroup.html:468:1 (GSLayerGroup.Rd:278): Warning: <h5> anchor "Arguments" already defined
GSLayerGroup.html:491:1 (GSLayerGroup.Rd:291): Warning: <h5> anchor "Usage" already defined
GSLayerGroup.html:497:1 (GSLayerGroup.Rd:295): Warning: <h5> anchor "Arguments" already defined
GSLayerGroup.html:510:1 (GSLayerGroup.Rd:302): Warning: <h5> anchor "Returns" already defined
GSLayerGroup.html:527:1 (GSLayerGroup.Rd:311): Warning: <h5> anchor "Usage" already defined
GSLayerGroup.html:533:1 (GSLayerGroup.Rd:315): Warning: <h5> anchor "Arguments" already defined
GSLayerGroup.html:556:1 (GSLayerGroup.Rd:328): Warning: <h5> anchor "Usage" already defined
GSLayerGroup.html:562:1 (GSLayerGroup.Rd:332): Warning: <h5> anchor "Arguments" already defined
GSLayerGroup.html:575:1 (GSLayerGroup.Rd:339): Warning: <h5> anchor "Returns" already defined
GSLayerGroup.html:592:1 (GSLayerGroup.Rd:348): Warning: <h5> anchor "Usage" already defined
GSLayerGroup.html:598:1 (GSLayerGroup.Rd:352): Warning: <h5> anchor "Arguments" already defined
GSLayerGroup.html:611:1 (GSLayerGroup.Rd:359): Warning: <h5> anchor "Returns" already defined
GSLayerGroup.html:628:1 (GSLayerGroup.Rd:368): Warning: <h5> anchor "Usage" already defined
GSLayerGroup.html:634:1 (GSLayerGroup.Rd:372): Warning: <h5> anchor "Arguments" already defined
GSLayerGroup.html:667:1 (GSLayerGroup.Rd:395): Warning: <h5> anchor "Usage" already defined
GSLayerGroup.html:673:1 (GSLayerGroup.Rd:399): Warning: <h5> anchor "Arguments" already defined
GSLayerManager.html:154:1 (GSLayerManager.Rd:94): Warning: <h5> anchor "Usage" already defined
GSLayerManager.html:160:1 (GSLayerManager.Rd:98): Warning: <h5> anchor "Returns" already defined
GSLayerManager.html:177:1 (GSLayerManager.Rd:107): Warning: <h5> anchor "Usage" already defined
GSLayerManager.html:196:1 (GSLayerManager.Rd:118): Warning: <h5> anchor "Returns" already defined
GSLayerManager.html:213:1 (GSLayerManager.Rd:127): Warning: <h5> anchor "Usage" already defined
GSLayerManager.html:219:1 (GSLayerManager.Rd:131): Warning: <h5> anchor "Arguments" already defined
GSLayerManager.html:232:1 (GSLayerManager.Rd:138): Warning: <h5> anchor "Returns" already defined
GSLayerManager.html:249:1 (GSLayerManager.Rd:147): Warning: <h5> anchor "Usage" already defined
GSLayerManager.html:255:1 (GSLayerManager.Rd:151): Warning: <h5> anchor "Arguments" already defined
GSLayerManager.html:268:1 (GSLayerManager.Rd:158): Warning: <h5> anchor "Returns" already defined
GSLayerManager.html:285:1 (GSLayerManager.Rd:167): Warning: <h5> anchor "Usage" already defined
GSLayerManager.html:291:1 (GSLayerManager.Rd:171): Warning: <h5> anchor "Arguments" already defined
GSLayerManager.html:304:1 (GSLayerManager.Rd:178): Warning: <h5> anchor "Returns" already defined
GSLayerManager.html:321:1 (GSLayerManager.Rd:187): Warning: <h5> anchor "Usage" already defined
GSLayerManager.html:327:1 (GSLayerManager.Rd:191): Warning: <h5> anchor "Arguments" already defined
GSLayerManager.html:340:1 (GSLayerManager.Rd:198): Warning: <h5> anchor "Returns" already defined
GSLayerManager.html:357:1 (GSLayerManager.Rd:207): Warning: <h5> anchor "Usage" already defined
GSLayerManager.html:363:1 (GSLayerManager.Rd:211): Warning: <h5> anchor "Arguments" already defined
GSLayerManager.html:376:1 (GSLayerManager.Rd:218): Warning: <h5> anchor "Returns" already defined
GSLayerManager.html:393:1 (GSLayerManager.Rd:227): Warning: <h5> anchor "Usage" already defined
GSLayerManager.html:399:1 (GSLayerManager.Rd:231): Warning: <h5> anchor "Arguments" already defined
GSLayerManager.html:414:1 (GSLayerManager.Rd:240): Warning: <h5> anchor "Returns" already defined
GSLayerManager.html:431:1 (GSLayerManager.Rd:249): Warning: <h5> anchor "Usage" already defined
GSLayerManager.html:437:1 (GSLayerManager.Rd:253): Warning: <h5> anchor "Arguments" already defined
GSLayerManager.html:452:1 (GSLayerManager.Rd:262): Warning: <h5> anchor "Returns" already defined
GSLayerManager.html:469:1 (GSLayerManager.Rd:271): Warning: <h5> anchor "Usage" already defined
GSLayerManager.html:475:1 (GSLayerManager.Rd:275): Warning: <h5> anchor "Arguments" already defined
GSLayerManager.html:490:1 (GSLayerManager.Rd:284): Warning: <h5> anchor "Returns" already defined
GSLayerManager.html:507:1 (GSLayerManager.Rd:293): Warning: <h5> anchor "Usage" already defined
GSLayerManager.html:513:1 (GSLayerManager.Rd:297): Warning: <h5> anchor "Arguments" already defined
GSLayerManager.html:528:1 (GSLayerManager.Rd:306): Warning: <h5> anchor "Returns" already defined
GSLayerManager.html:545:1 (GSLayerManager.Rd:315): Warning: <h5> anchor "Usage" already defined
GSLayerManager.html:551:1 (GSLayerManager.Rd:319): Warning: <h5> anchor "Arguments" already defined
GSManager.html:168:1 (GSManager.Rd:93): Warning: <h5> anchor "Usage" already defined
GSManager.html:174:1 (GSManager.Rd:97): Warning: <h5> anchor "Arguments" already defined
GSManager.html:197:1 (GSManager.Rd:110): Warning: <h5> anchor "Usage" already defined
GSManager.html:203:1 (GSManager.Rd:114): Warning: <h5> anchor "Arguments" already defined
GSManager.html:226:1 (GSManager.Rd:127): Warning: <h5> anchor "Usage" already defined
GSManager.html:232:1 (GSManager.Rd:131): Warning: <h5> anchor "Arguments" already defined
GSManager.html:263:1 (GSManager.Rd:152): Warning: <h5> anchor "Usage" already defined
GSManager.html:269:1 (GSManager.Rd:156): Warning: <h5> anchor "Arguments" already defined
GSManager.html:300:1 (GSManager.Rd:177): Warning: <h5> anchor "Usage" already defined
GSManager.html:323:1 (GSManager.Rd:190): Warning: <h5> anchor "Usage" already defined
GSManager.html:329:1 (GSManager.Rd:194): Warning: <h5> anchor "Returns" already defined
GSManager.html:346:1 (GSManager.Rd:203): Warning: <h5> anchor "Usage" already defined
GSManager.html:352:1 (GSManager.Rd:207): Warning: <h5> anchor "Returns" already defined
GSManager.html:369:1 (GSManager.Rd:216): Warning: <h5> anchor "Usage" already defined
GSManager.html:375:1 (GSManager.Rd:220): Warning: <h5> anchor "Returns" already defined
GSManager.html:392:1 (GSManager.Rd:229): Warning: <h5> anchor "Usage" already defined
GSManager.html:398:1 (GSManager.Rd:233): Warning: <h5> anchor "Arguments" already defined
GSManager.html:425:1 (GSManager.Rd:250): Warning: <h5> anchor "Usage" already defined
GSManager.html:431:1 (GSManager.Rd:254): Warning: <h5> anchor "Returns" already defined
GSManager.html:448:1 (GSManager.Rd:263): Warning: <h5> anchor "Usage" already defined
GSManager.html:454:1 (GSManager.Rd:267): Warning: <h5> anchor "Returns" already defined
GSManager.html:471:1 (GSManager.Rd:276): Warning: <h5> anchor "Usage" already defined
GSManager.html:477:1 (GSManager.Rd:280): Warning: <h5> anchor "Returns" already defined
GSManager.html:494:1 (GSManager.Rd:289): Warning: <h5> anchor "Usage" already defined
GSManager.html:500:1 (GSManager.Rd:293): Warning: <h5> anchor "Returns" already defined
GSManager.html:517:1 (GSManager.Rd:302): Warning: <h5> anchor "Usage" already defined
GSManager.html:523:1 (GSManager.Rd:306): Warning: <h5> anchor "Returns" already defined
GSManager.html:540:1 (GSManager.Rd:315): Warning: <h5> anchor "Usage" already defined
GSManager.html:546:1 (GSManager.Rd:319): Warning: <h5> anchor "Returns" already defined
GSManager.html:563:1 (GSManager.Rd:328): Warning: <h5> anchor "Usage" already defined
GSManager.html:569:1 (GSManager.Rd:332): Warning: <h5> anchor "Returns" already defined
GSManager.html:586:1 (GSManager.Rd:341): Warning: <h5> anchor "Usage" already defined
GSManager.html:592:1 (GSManager.Rd:345): Warning: <h5> anchor "Arguments" already defined
GSMetadataLink.html:153:1 (GSMetadataLink.Rd:92): Warning: <h5> anchor "Usage" already defined
GSMetadataLink.html:159:1 (GSMetadataLink.Rd:96): Warning: <h5> anchor "Arguments" already defined
GSMetadataLink.html:182:1 (GSMetadataLink.Rd:109): Warning: <h5> anchor "Usage" already defined
GSMetadataLink.html:188:1 (GSMetadataLink.Rd:113): Warning: <h5> anchor "Arguments" already defined
GSMetadataLink.html:211:1 (GSMetadataLink.Rd:126): Warning: <h5> anchor "Usage" already defined
GSMetadataLink.html:217:1 (GSMetadataLink.Rd:130): Warning: <h5> anchor "Arguments" already defined
GSMetadataLink.html:240:1 (GSMetadataLink.Rd:143): Warning: <h5> anchor "Usage" already defined
GSMetadataLink.html:246:1 (GSMetadataLink.Rd:147): Warning: <h5> anchor "Arguments" already defined
GSMetadataLink.html:269:1 (GSMetadataLink.Rd:160): Warning: <h5> anchor "Usage" already defined
GSMetadataLink.html:275:1 (GSMetadataLink.Rd:164): Warning: <h5> anchor "Arguments" already defined
GSMonitorManager.html:133:1 (GSMonitorManager.Rd:89): Warning: <h5> anchor "Usage" already defined
GSMonitorManager.html:139:1 (GSMonitorManager.Rd:93): Warning: <h5> anchor "Arguments" already defined
GSNamespace.html:137:1 (GSNamespace.Rd:88): Warning: <h5> anchor "Usage" already defined
GSNamespace.html:143:1 (GSNamespace.Rd:92): Warning: <h5> anchor "Arguments" already defined
GSNamespace.html:166:1 (GSNamespace.Rd:105): Warning: <h5> anchor "Usage" already defined
GSNamespace.html:172:1 (GSNamespace.Rd:109): Warning: <h5> anchor "Arguments" already defined
GSNamespaceManager.html:136:1 (GSNamespaceManager.Rd:88): Warning: <h5> anchor "Usage" already defined
GSNamespaceManager.html:142:1 (GSNamespaceManager.Rd:92): Warning: <h5> anchor "Returns" already defined
GSNamespaceManager.html:159:1 (GSNamespaceManager.Rd:101): Warning: <h5> anchor "Usage" already defined
GSNamespaceManager.html:178:1 (GSNamespaceManager.Rd:112): Warning: <h5> anchor "Returns" already defined
GSNamespaceManager.html:195:1 (GSNamespaceManager.Rd:121): Warning: <h5> anchor "Usage" already defined
GSNamespaceManager.html:201:1 (GSNamespaceManager.Rd:125): Warning: <h5> anchor "Arguments" already defined
GSNamespaceManager.html:216:1 (GSNamespaceManager.Rd:134): Warning: <h5> anchor "Returns" already defined
GSNamespaceManager.html:233:1 (GSNamespaceManager.Rd:143): Warning: <h5> anchor "Usage" already defined
GSNamespaceManager.html:239:1 (GSNamespaceManager.Rd:147): Warning: <h5> anchor "Arguments" already defined
GSNamespaceManager.html:254:1 (GSNamespaceManager.Rd:156): Warning: <h5> anchor "Returns" already defined
GSNamespaceManager.html:271:1 (GSNamespaceManager.Rd:165): Warning: <h5> anchor "Usage" already defined
GSNamespaceManager.html:277:1 (GSNamespaceManager.Rd:169): Warning: <h5> anchor "Arguments" already defined
GSNamespaceManager.html:292:1 (GSNamespaceManager.Rd:178): Warning: <h5> anchor "Returns" already defined
GSNamespaceManager.html:309:1 (GSNamespaceManager.Rd:187): Warning: <h5> anchor "Usage" already defined
GSNamespaceManager.html:315:1 (GSNamespaceManager.Rd:191): Warning: <h5> anchor "Arguments" already defined
GSOracleNGDataStore.html:152:1 (GSOracleNGDataStore.Rd:111): Warning: <h5> anchor "Usage" already defined
GSOracleNGDataStore.html:158:1 (GSOracleNGDataStore.Rd:115): Warning: <h5> anchor "Arguments" already defined
GSPostGISDataStore.html:152:1 (GSPostGISDataStore.Rd:111): Warning: <h5> anchor "Usage" already defined
GSPostGISDataStore.html:158:1 (GSPostGISDataStore.Rd:115): Warning: <h5> anchor "Arguments" already defined
GSPublishable.html:141:1 (GSPublishable.Rd:91): Warning: <h5> anchor "Usage" already defined
GSPublishable.html:147:1 (GSPublishable.Rd:95): Warning: <h5> anchor "Arguments" already defined
GSPublishable.html:170:1 (GSPublishable.Rd:108): Warning: <h5> anchor "Usage" already defined
GSPublishable.html:176:1 (GSPublishable.Rd:112): Warning: <h5> anchor "Arguments" already defined
GSPublishable.html:199:1 (GSPublishable.Rd:125): Warning: <h5> anchor "Usage" already defined
GSPublishable.html:205:1 (GSPublishable.Rd:129): Warning: <h5> anchor "Arguments" already defined
GSPublishable.html:228:1 (GSPublishable.Rd:142): Warning: <h5> anchor "Usage" already defined
GSPublishable.html:234:1 (GSPublishable.Rd:146): Warning: <h5> anchor "Arguments" already defined
GSRESTEntrySet.html:143:1 (GSRESTEntrySet.Rd:82): Warning: <h5> anchor "Usage" already defined
GSRESTEntrySet.html:149:1 (GSRESTEntrySet.Rd:86): Warning: <h5> anchor "Arguments" already defined
GSRESTEntrySet.html:172:1 (GSRESTEntrySet.Rd:99): Warning: <h5> anchor "Usage" already defined
GSRESTEntrySet.html:178:1 (GSRESTEntrySet.Rd:103): Warning: <h5> anchor "Arguments" already defined
GSRESTEntrySet.html:201:1 (GSRESTEntrySet.Rd:116): Warning: <h5> anchor "Usage" already defined
GSRESTEntrySet.html:207:1 (GSRESTEntrySet.Rd:120): Warning: <h5> anchor "Arguments" already defined
GSRESTEntrySet.html:239:1 (GSRESTEntrySet.Rd:138): Warning: <h5> anchor "Usage" already defined
GSRESTEntrySet.html:245:1 (GSRESTEntrySet.Rd:142): Warning: <h5> anchor "Arguments" already defined
GSRESTEntrySet.html:270:1 (GSRESTEntrySet.Rd:157): Warning: <h5> anchor "Usage" already defined
GSRESTEntrySet.html:276:1 (GSRESTEntrySet.Rd:161): Warning: <h5> anchor "Arguments" already defined
GSRESTEntrySet.html:289:1 (GSRESTEntrySet.Rd:168): Warning: <h5> anchor "Returns" already defined
GSRESTEntrySet.html:306:1 (GSRESTEntrySet.Rd:177): Warning: <h5> anchor "Usage" already defined
GSRESTEntrySet.html:312:1 (GSRESTEntrySet.Rd:181): Warning: <h5> anchor "Arguments" already defined
GSRESTResource.html:123:1 (GSRESTResource.Rd:66): Warning: <h5> anchor "Usage" already defined
GSRESTResource.html:129:1 (GSRESTResource.Rd:70): Warning: <h5> anchor "Arguments" already defined
GSRESTResource.html:152:1 (GSRESTResource.Rd:83): Warning: <h5> anchor "Usage" already defined
GSRESTResource.html:175:1 (GSRESTResource.Rd:96): Warning: <h5> anchor "Usage" already defined
GSRESTResource.html:181:1 (GSRESTResource.Rd:100): Warning: <h5> anchor "Arguments" already defined
GSRESTResource.html:206:1 (GSRESTResource.Rd:115): Warning: <h5> anchor "Usage" already defined
GSRESTResource.html:212:1 (GSRESTResource.Rd:119): Warning: <h5> anchor "Returns" already defined
GSRESTResource.html:229:1 (GSRESTResource.Rd:128): Warning: <h5> anchor "Usage" already defined
GSRESTResource.html:235:1 (GSRESTResource.Rd:132): Warning: <h5> anchor "Arguments" already defined
GSResource.html:223:1 (GSResource.Rd:131): Warning: <h5> anchor "Usage" already defined
GSResource.html:229:1 (GSResource.Rd:135): Warning: <h5> anchor "Arguments" already defined
GSResource.html:252:1 (GSResource.Rd:148): Warning: <h5> anchor "Usage" already defined
GSResource.html:258:1 (GSResource.Rd:152): Warning: <h5> anchor "Arguments" already defined
GSResource.html:281:1 (GSResource.Rd:165): Warning: <h5> anchor "Usage" already defined
GSResource.html:287:1 (GSResource.Rd:169): Warning: <h5> anchor "Arguments" already defined
GSResource.html:310:1 (GSResource.Rd:182): Warning: <h5> anchor "Usage" already defined
GSResource.html:316:1 (GSResource.Rd:186): Warning: <h5> anchor "Arguments" already defined
GSResource.html:339:1 (GSResource.Rd:199): Warning: <h5> anchor "Usage" already defined
GSResource.html:345:1 (GSResource.Rd:203): Warning: <h5> anchor "Arguments" already defined
GSResource.html:368:1 (GSResource.Rd:216): Warning: <h5> anchor "Usage" already defined
GSResource.html:374:1 (GSResource.Rd:220): Warning: <h5> anchor "Arguments" already defined
GSResource.html:397:1 (GSResource.Rd:233): Warning: <h5> anchor "Usage" already defined
GSResource.html:403:1 (GSResource.Rd:237): Warning: <h5> anchor "Arguments" already defined
GSResource.html:426:1 (GSResource.Rd:250): Warning: <h5> anchor "Usage" already defined
GSResource.html:432:1 (GSResource.Rd:254): Warning: <h5> anchor "Arguments" already defined
GSResource.html:455:1 (GSResource.Rd:267): Warning: <h5> anchor "Usage" already defined
GSResource.html:461:1 (GSResource.Rd:271): Warning: <h5> anchor "Arguments" already defined
GSResource.html:491:1 (GSResource.Rd:287): Warning: <h5> anchor "Usage" already defined
GSResource.html:497:1 (GSResource.Rd:291): Warning: <h5> anchor "Arguments" already defined
GSResource.html:510:1 (GSResource.Rd:298): Warning: <h5> anchor "Returns" already defined
GSResource.html:527:1 (GSResource.Rd:307): Warning: <h5> anchor "Usage" already defined
GSResource.html:533:1 (GSResource.Rd:311): Warning: <h5> anchor "Arguments" already defined
GSResource.html:556:1 (GSResource.Rd:324): Warning: <h5> anchor "Usage" already defined
GSResource.html:562:1 (GSResource.Rd:328): Warning: <h5> anchor "Arguments" already defined
GSResource.html:575:1 (GSResource.Rd:335): Warning: <h5> anchor "Returns" already defined
GSResource.html:592:1 (GSResource.Rd:344): Warning: <h5> anchor "Usage" already defined
GSResource.html:598:1 (GSResource.Rd:348): Warning: <h5> anchor "Arguments" already defined
GSResource.html:611:1 (GSResource.Rd:355): Warning: <h5> anchor "Returns" already defined
GSResource.html:628:1 (GSResource.Rd:364): Warning: <h5> anchor "Usage" already defined
GSResource.html:634:1 (GSResource.Rd:368): Warning: <h5> anchor "Arguments" already defined
GSResource.html:657:1 (GSResource.Rd:381): Warning: <h5> anchor "Usage" already defined
GSResource.html:663:1 (GSResource.Rd:385): Warning: <h5> anchor "Arguments" already defined
GSResource.html:686:1 (GSResource.Rd:398): Warning: <h5> anchor "Usage" already defined
GSResource.html:692:1 (GSResource.Rd:402): Warning: <h5> anchor "Arguments" already defined
GSResource.html:715:1 (GSResource.Rd:415): Warning: <h5> anchor "Usage" already defined
GSResource.html:721:1 (GSResource.Rd:419): Warning: <h5> anchor "Arguments" already defined
GSResource.html:754:1 (GSResource.Rd:442): Warning: <h5> anchor "Usage" already defined
GSResource.html:760:1 (GSResource.Rd:446): Warning: <h5> anchor "Arguments" already defined
GSResource.html:793:1 (GSResource.Rd:469): Warning: <h5> anchor "Usage" already defined
GSResource.html:799:1 (GSResource.Rd:473): Warning: <h5> anchor "Arguments" already defined
GSResource.html:814:1 (GSResource.Rd:482): Warning: <h5> anchor "Returns" already defined
GSResource.html:831:1 (GSResource.Rd:491): Warning: <h5> anchor "Usage" already defined
GSResource.html:837:1 (GSResource.Rd:495): Warning: <h5> anchor "Arguments" already defined
GSResource.html:850:1 (GSResource.Rd:502): Warning: <h5> anchor "Returns" already defined
GSResource.html:867:1 (GSResource.Rd:511): Warning: <h5> anchor "Usage" already defined
GSResource.html:873:1 (GSResource.Rd:515): Warning: <h5> anchor "Arguments" already defined
GSResource.html:900:1 (GSResource.Rd:532): Warning: <h5> anchor "Usage" already defined
GSResource.html:906:1 (GSResource.Rd:536): Warning: <h5> anchor "Arguments" already defined
GSServiceManager.html:184:1 (GSServiceManager.Rd:110): Warning: <h5> anchor "Usage" already defined
GSServiceManager.html:190:1 (GSServiceManager.Rd:114): Warning: <h5> anchor "Arguments" already defined
GSServiceManager.html:203:1 (GSServiceManager.Rd:121): Warning: <h5> anchor "Returns" already defined
GSServiceManager.html:222:1 (GSServiceManager.Rd:132): Warning: <h5> anchor "Usage" already defined
GSServiceManager.html:228:1 (GSServiceManager.Rd:136): Warning: <h5> anchor "Arguments" already defined
GSServiceManager.html:241:1 (GSServiceManager.Rd:143): Warning: <h5> anchor "Returns" already defined
GSServiceManager.html:260:1 (GSServiceManager.Rd:154): Warning: <h5> anchor "Usage" already defined
GSServiceManager.html:266:1 (GSServiceManager.Rd:158): Warning: <h5> anchor "Arguments" already defined
GSServiceManager.html:279:1 (GSServiceManager.Rd:165): Warning: <h5> anchor "Returns" already defined
GSServiceManager.html:298:1 (GSServiceManager.Rd:176): Warning: <h5> anchor "Usage" already defined
GSServiceManager.html:304:1 (GSServiceManager.Rd:180): Warning: <h5> anchor "Arguments" already defined
GSServiceManager.html:321:1 (GSServiceManager.Rd:191): Warning: <h5> anchor "Returns" already defined
GSServiceManager.html:339:1 (GSServiceManager.Rd:201): Warning: <h5> anchor "Usage" already defined
GSServiceManager.html:345:1 (GSServiceManager.Rd:205): Warning: <h5> anchor "Arguments" already defined
GSServiceManager.html:360:1 (GSServiceManager.Rd:214): Warning: <h5> anchor "Returns" already defined
GSServiceManager.html:379:1 (GSServiceManager.Rd:225): Warning: <h5> anchor "Usage" already defined
GSServiceManager.html:385:1 (GSServiceManager.Rd:229): Warning: <h5> anchor "Arguments" already defined
GSServiceManager.html:400:1 (GSServiceManager.Rd:238): Warning: <h5> anchor "Returns" already defined
GSServiceManager.html:419:1 (GSServiceManager.Rd:249): Warning: <h5> anchor "Usage" already defined
GSServiceManager.html:425:1 (GSServiceManager.Rd:253): Warning: <h5> anchor "Arguments" already defined
GSServiceManager.html:440:1 (GSServiceManager.Rd:262): Warning: <h5> anchor "Returns" already defined
GSServiceManager.html:459:1 (GSServiceManager.Rd:273): Warning: <h5> anchor "Usage" already defined
GSServiceManager.html:465:1 (GSServiceManager.Rd:277): Warning: <h5> anchor "Arguments" already defined
GSServiceManager.html:480:1 (GSServiceManager.Rd:286): Warning: <h5> anchor "Returns" already defined
GSServiceManager.html:497:1 (GSServiceManager.Rd:295): Warning: <h5> anchor "Usage" already defined
GSServiceManager.html:503:1 (GSServiceManager.Rd:299): Warning: <h5> anchor "Arguments" already defined
GSServiceManager.html:516:1 (GSServiceManager.Rd:306): Warning: <h5> anchor "Returns" already defined
GSServiceManager.html:533:1 (GSServiceManager.Rd:315): Warning: <h5> anchor "Usage" already defined
GSServiceManager.html:539:1 (GSServiceManager.Rd:319): Warning: <h5> anchor "Arguments" already defined
GSServiceManager.html:552:1 (GSServiceManager.Rd:326): Warning: <h5> anchor "Returns" already defined
GSServiceManager.html:569:1 (GSServiceManager.Rd:335): Warning: <h5> anchor "Usage" already defined
GSServiceManager.html:575:1 (GSServiceManager.Rd:339): Warning: <h5> anchor "Arguments" already defined
GSServiceManager.html:588:1 (GSServiceManager.Rd:346): Warning: <h5> anchor "Returns" already defined
GSServiceManager.html:605:1 (GSServiceManager.Rd:355): Warning: <h5> anchor "Usage" already defined
GSServiceManager.html:611:1 (GSServiceManager.Rd:359): Warning: <h5> anchor "Arguments" already defined
GSServiceManager.html:626:1 (GSServiceManager.Rd:368): Warning: <h5> anchor "Returns" already defined
GSServiceManager.html:643:1 (GSServiceManager.Rd:377): Warning: <h5> anchor "Usage" already defined
GSServiceManager.html:649:1 (GSServiceManager.Rd:381): Warning: <h5> anchor "Arguments" already defined
GSServiceManager.html:662:1 (GSServiceManager.Rd:388): Warning: <h5> anchor "Returns" already defined
GSServiceManager.html:679:1 (GSServiceManager.Rd:397): Warning: <h5> anchor "Usage" already defined
GSServiceManager.html:685:1 (GSServiceManager.Rd:401): Warning: <h5> anchor "Arguments" already defined
GSServiceManager.html:698:1 (GSServiceManager.Rd:408): Warning: <h5> anchor "Returns" already defined
GSServiceManager.html:715:1 (GSServiceManager.Rd:417): Warning: <h5> anchor "Usage" already defined
GSServiceManager.html:721:1 (GSServiceManager.Rd:421): Warning: <h5> anchor "Arguments" already defined
GSServiceManager.html:734:1 (GSServiceManager.Rd:428): Warning: <h5> anchor "Returns" already defined
GSServiceManager.html:751:1 (GSServiceManager.Rd:437): Warning: <h5> anchor "Usage" already defined
GSServiceManager.html:757:1 (GSServiceManager.Rd:441): Warning: <h5> anchor "Arguments" already defined
GSServiceSettings.html:188:1 (GSServiceSettings.Rd:120): Warning: <h5> anchor "Usage" already defined
GSServiceSettings.html:194:1 (GSServiceSettings.Rd:124): Warning: <h5> anchor "Arguments" already defined
GSServiceSettings.html:217:1 (GSServiceSettings.Rd:137): Warning: <h5> anchor "Usage" already defined
GSServiceSettings.html:223:1 (GSServiceSettings.Rd:141): Warning: <h5> anchor "Arguments" already defined
GSServiceSettings.html:246:1 (GSServiceSettings.Rd:154): Warning: <h5> anchor "Usage" already defined
GSServiceSettings.html:252:1 (GSServiceSettings.Rd:158): Warning: <h5> anchor "Arguments" already defined
GSServiceSettings.html:275:1 (GSServiceSettings.Rd:171): Warning: <h5> anchor "Usage" already defined
GSServiceSettings.html:281:1 (GSServiceSettings.Rd:175): Warning: <h5> anchor "Arguments" already defined
GSServiceSettings.html:304:1 (GSServiceSettings.Rd:188): Warning: <h5> anchor "Usage" already defined
GSServiceSettings.html:310:1 (GSServiceSettings.Rd:192): Warning: <h5> anchor "Arguments" already defined
GSServiceSettings.html:333:1 (GSServiceSettings.Rd:205): Warning: <h5> anchor "Usage" already defined
GSServiceSettings.html:339:1 (GSServiceSettings.Rd:209): Warning: <h5> anchor "Arguments" already defined
GSServiceSettings.html:362:1 (GSServiceSettings.Rd:222): Warning: <h5> anchor "Usage" already defined
GSServiceSettings.html:368:1 (GSServiceSettings.Rd:226): Warning: <h5> anchor "Arguments" already defined
GSServiceSettings.html:391:1 (GSServiceSettings.Rd:239): Warning: <h5> anchor "Usage" already defined
GSServiceSettings.html:397:1 (GSServiceSettings.Rd:243): Warning: <h5> anchor "Arguments" already defined
GSServiceSettings.html:420:1 (GSServiceSettings.Rd:256): Warning: <h5> anchor "Usage" already defined
GSServiceSettings.html:426:1 (GSServiceSettings.Rd:260): Warning: <h5> anchor "Arguments" already defined
GSServiceSettings.html:449:1 (GSServiceSettings.Rd:273): Warning: <h5> anchor "Usage" already defined
GSServiceSettings.html:455:1 (GSServiceSettings.Rd:277): Warning: <h5> anchor "Arguments" already defined
GSServiceSettings.html:478:1 (GSServiceSettings.Rd:290): Warning: <h5> anchor "Usage" already defined
GSServiceSettings.html:484:1 (GSServiceSettings.Rd:294): Warning: <h5> anchor "Arguments" already defined
GSServiceSettings.html:514:1 (GSServiceSettings.Rd:310): Warning: <h5> anchor "Usage" already defined
GSServiceSettings.html:520:1 (GSServiceSettings.Rd:314): Warning: <h5> anchor "Arguments" already defined
GSServiceSettings.html:533:1 (GSServiceSettings.Rd:321): Warning: <h5> anchor "Returns" already defined
GSServiceSettings.html:550:1 (GSServiceSettings.Rd:330): Warning: <h5> anchor "Usage" already defined
GSServiceSettings.html:556:1 (GSServiceSettings.Rd:334): Warning: <h5> anchor "Arguments" already defined
GSShapefileDataStore.html:152:1 (GSShapefileDataStore.Rd:101): Warning: <h5> anchor "Usage" already defined
GSShapefileDataStore.html:158:1 (GSShapefileDataStore.Rd:105): Warning: <h5> anchor "Arguments" already defined
GSShapefileDataStore.html:181:1 (GSShapefileDataStore.Rd:118): Warning: <h5> anchor "Usage" already defined
GSShapefileDataStore.html:187:1 (GSShapefileDataStore.Rd:122): Warning: <h5> anchor "Arguments" already defined
GSShapefileDataStore.html:210:1 (GSShapefileDataStore.Rd:135): Warning: <h5> anchor "Usage" already defined
GSShapefileDataStore.html:216:1 (GSShapefileDataStore.Rd:139): Warning: <h5> anchor "Arguments" already defined
GSShapefileDataStore.html:239:1 (GSShapefileDataStore.Rd:152): Warning: <h5> anchor "Usage" already defined
GSShapefileDataStore.html:245:1 (GSShapefileDataStore.Rd:156): Warning: <h5> anchor "Arguments" already defined
GSShapefileDataStore.html:268:1 (GSShapefileDataStore.Rd:169): Warning: <h5> anchor "Usage" already defined
GSShapefileDataStore.html:274:1 (GSShapefileDataStore.Rd:173): Warning: <h5> anchor "Arguments" already defined
GSShapefileDataStore.html:297:1 (GSShapefileDataStore.Rd:186): Warning: <h5> anchor "Usage" already defined
GSShapefileDataStore.html:313:1 (GSShapefileDataStore.Rd:196): Warning: <h5> anchor "Usage" already defined
GSShapefileDataStore.html:319:1 (GSShapefileDataStore.Rd:200): Warning: <h5> anchor "Arguments" already defined
GSShapefileDirectoryDataStore.html:152:1 (GSShapefileDirectoryDataStore.Rd:102): Warning: <h5> anchor "Usage" already defined
GSShapefileDirectoryDataStore.html:158:1 (GSShapefileDirectoryDataStore.Rd:106): Warning: <h5> anchor "Arguments" already defined
GSShapefileDirectoryDataStore.html:181:1 (GSShapefileDirectoryDataStore.Rd:119): Warning: <h5> anchor "Usage" already defined
GSShapefileDirectoryDataStore.html:187:1 (GSShapefileDirectoryDataStore.Rd:123): Warning: <h5> anchor "Arguments" already defined
GSShapefileDirectoryDataStore.html:210:1 (GSShapefileDirectoryDataStore.Rd:136): Warning: <h5> anchor "Usage" already defined
GSShapefileDirectoryDataStore.html:216:1 (GSShapefileDirectoryDataStore.Rd:140): Warning: <h5> anchor "Arguments" already defined
GSShapefileDirectoryDataStore.html:239:1 (GSShapefileDirectoryDataStore.Rd:153): Warning: <h5> anchor "Usage" already defined
GSShapefileDirectoryDataStore.html:245:1 (GSShapefileDirectoryDataStore.Rd:157): Warning: <h5> anchor "Arguments" already defined
GSShapefileDirectoryDataStore.html:268:1 (GSShapefileDirectoryDataStore.Rd:170): Warning: <h5> anchor "Usage" already defined
GSShapefileDirectoryDataStore.html:274:1 (GSShapefileDirectoryDataStore.Rd:174): Warning: <h5> anchor "Arguments" already defined
GSShapefileDirectoryDataStore.html:297:1 (GSShapefileDirectoryDataStore.Rd:187): Warning: <h5> anchor "Usage" already defined
GSShapefileDirectoryDataStore.html:313:1 (GSShapefileDirectoryDataStore.Rd:197): Warning: <h5> anchor "Usage" already defined
GSShapefileDirectoryDataStore.html:319:1 (GSShapefileDirectoryDataStore.Rd:201): Warning: <h5> anchor "Arguments" already defined
GSShinyMonitor.html:109:1 (GSShinyMonitor.Rd:63): Warning: <h5> anchor "Usage" already defined
GSShinyMonitor.html:115:1 (GSShinyMonitor.Rd:67): Warning: <h5> anchor "Arguments" already defined
GSShinyMonitor.html:145:1 (GSShinyMonitor.Rd:83): Warning: <h5> anchor "Usage" already defined
GSShinyMonitor.html:161:1 (GSShinyMonitor.Rd:93): Warning: <h5> anchor "Usage" already defined
GSShinyMonitor.html:167:1 (GSShinyMonitor.Rd:97): Warning: <h5> anchor "Arguments" already defined
GSStyleManager.html:155:1 (GSStyleManager.Rd:97): Warning: <h5> anchor "Usage" already defined
GSStyleManager.html:161:1 (GSStyleManager.Rd:101): Warning: <h5> anchor "Arguments" already defined
GSStyleManager.html:174:1 (GSStyleManager.Rd:108): Warning: <h5> anchor "Returns" already defined
GSStyleManager.html:191:1 (GSStyleManager.Rd:117): Warning: <h5> anchor "Usage" already defined
GSStyleManager.html:197:1 (GSStyleManager.Rd:121): Warning: <h5> anchor "Arguments" already defined
GSStyleManager.html:212:1 (GSStyleManager.Rd:130): Warning: <h5> anchor "Returns" already defined
GSStyleManager.html:229:1 (GSStyleManager.Rd:139): Warning: <h5> anchor "Usage" already defined
GSStyleManager.html:235:1 (GSStyleManager.Rd:143): Warning: <h5> anchor "Arguments" already defined
GSStyleManager.html:256:1 (GSStyleManager.Rd:158): Warning: <h5> anchor "Returns" already defined
GSStyleManager.html:273:1 (GSStyleManager.Rd:167): Warning: <h5> anchor "Usage" already defined
GSStyleManager.html:279:1 (GSStyleManager.Rd:171): Warning: <h5> anchor "Arguments" already defined
GSStyleManager.html:300:1 (GSStyleManager.Rd:186): Warning: <h5> anchor "Returns" already defined
GSStyleManager.html:320:1 (GSStyleManager.Rd:198): Warning: <h5> anchor "Usage" already defined
GSStyleManager.html:326:1 (GSStyleManager.Rd:202): Warning: <h5> anchor "Arguments" already defined
GSStyleManager.html:345:1 (GSStyleManager.Rd:215): Warning: <h5> anchor "Returns" already defined
GSStyleManager.html:362:1 (GSStyleManager.Rd:224): Warning: <h5> anchor "Usage" already defined
GSStyleManager.html:368:1 (GSStyleManager.Rd:228): Warning: <h5> anchor "Arguments" already defined
GSStyleManager.html:391:1 (GSStyleManager.Rd:241): Warning: <h5> anchor "Usage" already defined
GSStyleManager.html:397:1 (GSStyleManager.Rd:245): Warning: <h5> anchor "Arguments" already defined
GSStyleManager.html:412:1 (GSStyleManager.Rd:254): Warning: <h5> anchor "Returns" already defined
GSStyleManager.html:429:1 (GSStyleManager.Rd:263): Warning: <h5> anchor "Usage" already defined
GSStyleManager.html:435:1 (GSStyleManager.Rd:267): Warning: <h5> anchor "Arguments" already defined
GSVersion.html:131:1 (GSVersion.Rd:83): Warning: <h5> anchor "Usage" already defined
GSVersion.html:137:1 (GSVersion.Rd:87): Warning: <h5> anchor "Arguments" already defined
GSVersion.html:167:1 (GSVersion.Rd:103): Warning: <h5> anchor "Usage" already defined
GSVersion.html:173:1 (GSVersion.Rd:107): Warning: <h5> anchor "Arguments" already defined
GSVersion.html:186:1 (GSVersion.Rd:114): Warning: <h5> anchor "Returns" already defined
GSVersion.html:203:1 (GSVersion.Rd:123): Warning: <h5> anchor "Usage" already defined
GSVersion.html:209:1 (GSVersion.Rd:127): Warning: <h5> anchor "Arguments" already defined
GSVersion.html:222:1 (GSVersion.Rd:134): Warning: <h5> anchor "Returns" already defined
GSVersion.html:239:1 (GSVersion.Rd:143): Warning: <h5> anchor "Usage" already defined
GSVersion.html:245:1 (GSVersion.Rd:147): Warning: <h5> anchor "Arguments" already defined
GSVirtualTable.html:158:1 (GSVirtualTable.Rd:95): Warning: <h5> anchor "Usage" already defined
GSVirtualTable.html:164:1 (GSVirtualTable.Rd:99): Warning: <h5> anchor "Arguments" already defined
GSVirtualTable.html:187:1 (GSVirtualTable.Rd:112): Warning: <h5> anchor "Usage" already defined
GSVirtualTable.html:193:1 (GSVirtualTable.Rd:116): Warning: <h5> anchor "Arguments" already defined
GSVirtualTable.html:216:1 (GSVirtualTable.Rd:129): Warning: <h5> anchor "Usage" already defined
GSVirtualTable.html:222:1 (GSVirtualTable.Rd:133): Warning: <h5> anchor "Arguments" already defined
GSVirtualTable.html:245:1 (GSVirtualTable.Rd:146): Warning: <h5> anchor "Usage" already defined
GSVirtualTable.html:251:1 (GSVirtualTable.Rd:150): Warning: <h5> anchor "Arguments" already defined
GSVirtualTable.html:274:1 (GSVirtualTable.Rd:163): Warning: <h5> anchor "Usage" already defined
GSVirtualTable.html:280:1 (GSVirtualTable.Rd:167): Warning: <h5> anchor "Arguments" already defined
GSVirtualTable.html:303:1 (GSVirtualTable.Rd:180): Warning: <h5> anchor "Usage" already defined
GSVirtualTable.html:309:1 (GSVirtualTable.Rd:184): Warning: <h5> anchor "Arguments" already defined
GSVirtualTable.html:332:1 (GSVirtualTable.Rd:197): Warning: <h5> anchor "Usage" already defined
GSVirtualTable.html:338:1 (GSVirtualTable.Rd:201): Warning: <h5> anchor "Arguments" already defined
GSVirtualTable.html:368:1 (GSVirtualTable.Rd:217): Warning: <h5> anchor "Usage" already defined
GSVirtualTable.html:374:1 (GSVirtualTable.Rd:221): Warning: <h5> anchor "Arguments" already defined
GSVirtualTable.html:387:1 (GSVirtualTable.Rd:228): Warning: <h5> anchor "Returns" already defined
GSVirtualTable.html:404:1 (GSVirtualTable.Rd:237): Warning: <h5> anchor "Usage" already defined
GSVirtualTable.html:410:1 (GSVirtualTable.Rd:241): Warning: <h5> anchor "Arguments" already defined
GSVirtualTableGeometry.html:137:1 (GSVirtualTableGeometry.Rd:88): Warning: <h5> anchor "Usage" already defined
GSVirtualTableGeometry.html:143:1 (GSVirtualTableGeometry.Rd:92): Warning: <h5> anchor "Arguments" already defined
GSVirtualTableGeometry.html:166:1 (GSVirtualTableGeometry.Rd:105): Warning: <h5> anchor "Usage" already defined
GSVirtualTableGeometry.html:172:1 (GSVirtualTableGeometry.Rd:109): Warning: <h5> anchor "Arguments" already defined
GSVirtualTableParameter.html:137:1 (GSVirtualTableParameter.Rd:89): Warning: <h5> anchor "Usage" already defined
GSVirtualTableParameter.html:143:1 (GSVirtualTableParameter.Rd:93): Warning: <h5> anchor "Arguments" already defined
GSVirtualTableParameter.html:166:1 (GSVirtualTableParameter.Rd:106): Warning: <h5> anchor "Usage" already defined
GSVirtualTableParameter.html:172:1 (GSVirtualTableParameter.Rd:110): Warning: <h5> anchor "Arguments" already defined
GSWorkspace.html:129:1 (GSWorkspace.Rd:80): Warning: <h5> anchor "Usage" already defined
GSWorkspace.html:135:1 (GSWorkspace.Rd:84): Warning: <h5> anchor "Arguments" already defined
GSWorkspace.html:158:1 (GSWorkspace.Rd:97): Warning: <h5> anchor "Usage" already defined
GSWorkspace.html:164:1 (GSWorkspace.Rd:101): Warning: <h5> anchor "Arguments" already defined
GSWorkspaceManager.html:155:1 (GSWorkspaceManager.Rd:97): Warning: <h5> anchor "Usage" already defined
GSWorkspaceManager.html:178:1 (GSWorkspaceManager.Rd:110): Warning: <h5> anchor "Usage" already defined
GSWorkspaceManager.html:184:1 (GSWorkspaceManager.Rd:114): Warning: <h5> anchor "Arguments" already defined
GSWorkspaceManager.html:197:1 (GSWorkspaceManager.Rd:121): Warning: <h5> anchor "Returns" already defined
GSWorkspaceManager.html:218:1 (GSWorkspaceManager.Rd:134): Warning: <h5> anchor "Usage" already defined
GSWorkspaceManager.html:224:1 (GSWorkspaceManager.Rd:138): Warning: <h5> anchor "Arguments" already defined
GSWorkspaceManager.html:239:1 (GSWorkspaceManager.Rd:147): Warning: <h5> anchor "Returns" already defined
GSWorkspaceManager.html:260:1 (GSWorkspaceManager.Rd:160): Warning: <h5> anchor "Usage" already defined
GSWorkspaceManager.html:266:1 (GSWorkspaceManager.Rd:164): Warning: <h5> anchor "Arguments" already defined
GSWorkspaceManager.html:281:1 (GSWorkspaceManager.Rd:173): Warning: <h5> anchor "Returns" already defined
GSWorkspaceManager.html:298:1 (GSWorkspaceManager.Rd:182): Warning: <h5> anchor "Usage" already defined
GSWorkspaceManager.html:304:1 (GSWorkspaceManager.Rd:186): Warning: <h5> anchor "Arguments" already defined
GSWorkspaceManager.html:319:1 (GSWorkspaceManager.Rd:195): Warning: <h5> anchor "Returns" already defined
GSWorkspaceManager.html:336:1 (GSWorkspaceManager.Rd:204): Warning: <h5> anchor "Usage" already defined
GSWorkspaceManager.html:342:1 (GSWorkspaceManager.Rd:208): Warning: <h5> anchor "Arguments" already defined
GSWorkspaceManager.html:355:1 (GSWorkspaceManager.Rd:215): Warning: <h5> anchor "Returns" already defined
GSWorkspaceManager.html:372:1 (GSWorkspaceManager.Rd:224): Warning: <h5> anchor "Usage" already defined
GSWorkspaceManager.html:378:1 (GSWorkspaceManager.Rd:228): Warning: <h5> anchor "Arguments" already defined
GSWorkspaceManager.html:393:1 (GSWorkspaceManager.Rd:237): Warning: <h5> anchor "Returns" already defined
GSWorkspaceManager.html:410:1 (GSWorkspaceManager.Rd:246): Warning: <h5> anchor "Usage" already defined
GSWorkspaceManager.html:416:1 (GSWorkspaceManager.Rd:250): Warning: <h5> anchor "Arguments" already defined
GSWorkspaceManager.html:431:1 (GSWorkspaceManager.Rd:259): Warning: <h5> anchor "Returns" already defined
GSWorkspaceManager.html:448:1 (GSWorkspaceManager.Rd:268): Warning: <h5> anchor "Usage" already defined
GSWorkspaceManager.html:454:1 (GSWorkspaceManager.Rd:272): Warning: <h5> anchor "Arguments" already defined
GSWorkspaceManager.html:467:1 (GSWorkspaceManager.Rd:279): Warning: <h5> anchor "Returns" already defined
GSWorkspaceManager.html:484:1 (GSWorkspaceManager.Rd:288): Warning: <h5> anchor "Usage" already defined
GSWorkspaceManager.html:490:1 (GSWorkspaceManager.Rd:292): Warning: <h5> anchor "Arguments" already defined
GSWorkspaceSettings.html:159:1 (GSWorkspaceSettings.Rd:101): Warning: <h5> anchor "Usage" already defined
GSWorkspaceSettings.html:165:1 (GSWorkspaceSettings.Rd:105): Warning: <h5> anchor "Arguments" already defined
GSWorkspaceSettings.html:188:1 (GSWorkspaceSettings.Rd:118): Warning: <h5> anchor "Usage" already defined
GSWorkspaceSettings.html:194:1 (GSWorkspaceSettings.Rd:122): Warning: <h5> anchor "Arguments" already defined
GSWorkspaceSettings.html:217:1 (GSWorkspaceSettings.Rd:135): Warning: <h5> anchor "Usage" already defined
GSWorkspaceSettings.html:223:1 (GSWorkspaceSettings.Rd:139): Warning: <h5> anchor "Arguments" already defined
GSWorkspaceSettings.html:246:1 (GSWorkspaceSettings.Rd:152): Warning: <h5> anchor "Usage" already defined
GSWorkspaceSettings.html:252:1 (GSWorkspaceSettings.Rd:156): Warning: <h5> anchor "Arguments" already defined
GSWorkspaceSettings.html:275:1 (GSWorkspaceSettings.Rd:169): Warning: <h5> anchor "Usage" already defined
GSWorkspaceSettings.html:281:1 (GSWorkspaceSettings.Rd:173): Warning: <h5> anchor "Arguments" already defined
GSWorkspaceSettings.html:304:1 (GSWorkspaceSettings.Rd:186): Warning: <h5> anchor "Usage" already defined
GSWorkspaceSettings.html:310:1 (GSWorkspaceSettings.Rd:190): Warning: <h5> anchor "Arguments" already defined
GSWorkspaceSettings.html:333:1 (GSWorkspaceSettings.Rd:203): Warning: <h5> anchor "Usage" already defined
GSWorkspaceSettings.html:339:1 (GSWorkspaceSettings.Rd:207): Warning: <h5> anchor "Arguments" already defined
GSWorkspaceSettings.html:362:1 (GSWorkspaceSettings.Rd:220): Warning: <h5> anchor "Usage" already defined
GSWorkspaceSettings.html:368:1 (GSWorkspaceSettings.Rd:224): Warning: <h5> anchor "Arguments" already defined
GSWorldImageCoverageStore.html:143:1 (GSWorldImageCoverageStore.Rd:93): Warning: <h5> anchor "Usage" already defined
GSWorldImageCoverageStore.html:149:1 (GSWorldImageCoverageStore.Rd:97): Warning: <h5> anchor "Arguments" already defined
Flavor: r-devel-linux-x86_64-debian-gcc