Last updated on 2025-10-21 09:48:33 CEST.
Flavor | Version | Tinstall | Tcheck | Ttotal | Status | Flags |
---|---|---|---|---|---|---|
r-devel-linux-x86_64-debian-clang | 0.3-23 | 26.83 | 229.17 | 256.00 | OK | |
r-devel-linux-x86_64-debian-gcc | 0.3-23 | 16.58 | 170.76 | 187.34 | NOTE | |
r-devel-linux-x86_64-fedora-clang | 0.3-23 | 5767.70 | ERROR | |||
r-devel-linux-x86_64-fedora-gcc | 0.3-23 | 5761.63 | ERROR | |||
r-devel-windows-x86_64 | 0.3-23 | 26.00 | 217.00 | 243.00 | OK | |
r-patched-linux-x86_64 | 0.3-23 | 27.93 | 223.44 | 251.37 | OK | |
r-release-linux-x86_64 | 0.3-23 | 24.95 | 225.77 | 250.72 | OK | |
r-release-macos-arm64 | 0.3-23 | 138.00 | OK | |||
r-release-macos-x86_64 | 0.3-23 | 286.00 | OK | |||
r-release-windows-x86_64 | 0.3-23 | 27.00 | 221.00 | 248.00 | OK | |
r-oldrel-macos-arm64 | 0.3-23 | 144.00 | OK | |||
r-oldrel-macos-x86_64 | 0.3-23 | 252.00 | OK | |||
r-oldrel-windows-x86_64 | 0.3-23 | 35.00 | 288.00 | 323.00 | OK |
Version: 0.3-23
Check: top-level files
Result: NOTE
Found the following validation problem for the NEWS.Rd HTML conversion:
NEWS.html:906:1 (inst/NEWS.Rd:649): Warning: missing </ul> before </div>
NEWS.html:58:1 (inst/NEWS.Rd:33): Warning: <h4> anchor "NEW-FEATURES" already defined
NEWS.html:76:1 (inst/NEWS.Rd:47): Warning: <h4> anchor "BUG-FIXES" already defined
NEWS.html:93:1 (inst/NEWS.Rd:60): Warning: <h4> anchor "BUG-FIXES" already defined
NEWS.html:109:1 (inst/NEWS.Rd:72): Warning: <h4> anchor "NEW-FEATURES" already defined
NEWS.html:128:1 (inst/NEWS.Rd:86): Warning: <h4> anchor "BUG-FIXES" already defined
NEWS.html:142:1 (inst/NEWS.Rd:96): Warning: <h4> anchor "NEW-FEATURES" already defined
NEWS.html:159:1 (inst/NEWS.Rd:108): Warning: <h4> anchor "BUG-FIXES" already defined
NEWS.html:181:1 (inst/NEWS.Rd:124): Warning: <h4> anchor "NEW-FEATURES" already defined
NEWS.html:217:1 (inst/NEWS.Rd:151): Warning: <h4> anchor "BUG-FIXES" already defined
NEWS.html:241:1 (inst/NEWS.Rd:169): Warning: <h4> anchor "NEW-FEATURES" already defined
NEWS.html:255:1 (inst/NEWS.Rd:179): Warning: <h4> anchor "BUG-FIXES" already defined
NEWS.html:276:1 (inst/NEWS.Rd:195): Warning: <h4> anchor "NEW-FEATURES" already defined
NEWS.html:287:1 (inst/NEWS.Rd:202): Warning: <h4> anchor "BUG-FIXES" already defined
NEWS.html:315:1 (inst/NEWS.Rd:223): Warning: <h4> anchor "BUG-FIXES" already defined
NEWS.html:331:1 (inst/NEWS.Rd:235): Warning: <h4> anchor "NEW-FEATURES" already defined
NEWS.html:344:1 (inst/NEWS.Rd:244): Warning: <h4> anchor "BUG-FIXES" already defined
NEWS.html:360:1 (inst/NEWS.Rd:256): Warning: <h4> anchor "NEW-FEATURES" already defined
NEWS.html:371:1 (inst/NEWS.Rd:263): Warning: <h4> anchor "BUG-FIXES" already defined
NEWS.html:398:1 (inst/NEWS.Rd:283): Warning: <h4> anchor "BUG-FIXES" already defined
NEWS.html:431:1 (inst/NEWS.Rd:307): Warning: <h4> anchor "BUG-FIXES" already defined
NEWS.html:451:1 (inst/NEWS.Rd:322): Warning: <h4> anchor "NEW-FEATURES" already defined
NEWS.html:469:1 (inst/NEWS.Rd:335): Warning: <h4> anchor "BUG-FIXES" already defined
NEWS.html:486:1 (inst/NEWS.Rd:348): Warning: <h4> anchor "NEW-FEATURES" already defined
NEWS.html:498:1 (inst/NEWS.Rd:356): Warning: <h4> anchor "BUG-FIXES" already defined
NEWS.html:514:1 (inst/NEWS.Rd:368): Warning: <h4> anchor "BUG-FIXES" already defined
NEWS.html:534:1 (inst/NEWS.Rd:383): Warning: <h4> anchor "NEW-FEATURES" already defined
NEWS.html:558:1 (inst/NEWS.Rd:400): Warning: <h4> anchor "BUG-FIXES" already defined
NEWS.html:574:1 (inst/NEWS.Rd:412): Warning: <h4> anchor "NEW-FEATURES" already defined
NEWS.html:593:1 (inst/NEWS.Rd:426): Warning: <h4> anchor "NEW-FEATURES" already defined
NEWS.html:605:1 (inst/NEWS.Rd:434): Warning: <h4> anchor "BUG-FIXES" already defined
NEWS.html:622:1 (inst/NEWS.Rd:447): Warning: <h4> anchor "BUG-FIXES" already defined
NEWS.html:638:1 (inst/NEWS.Rd:459): Warning: <h4> anchor "NEW-FEATURES" already defined
NEWS.html:650:1 (inst/NEWS.Rd:467): Warning: <h4> anchor "BUG-FIXES" already defined
NEWS.html:676:1 (inst/NEWS.Rd:487): Warning: <h4> anchor "BUG-FIXES" already defined
NEWS.html:691:1 (inst/NEWS.Rd:497): Warning: <h4> anchor "NEW-FEATURES" already defined
NEWS.html:709:1 (inst/NEWS.Rd:509): Warning: <h4> anchor "BUG-FIXES" already defined
NEWS.html:729:1 (inst/NEWS.Rd:524): Warning: <h4> anchor "NEW-FEATURES" already defined
NEWS.html:766:1 (inst/NEWS.Rd:552): Warning: <h4> anchor "BUG-FIXES" already defined
NEWS.html:785:1 (inst/NEWS.Rd:566): Warning: <h4> anchor "NEW-FEATURES" already defined
NEWS.html:800:1 (inst/NEWS.Rd:576): Warning: <h4> anchor "BUG-FIXES" already defined
NEWS.html:815:1 (inst/NEWS.Rd:587): Warning: <h4> anchor "NEW-FEATURES" already defined
NEWS.html:845:1 (inst/NEWS.Rd:608): Warning: <h4> anchor "BUG-FIXES" already defined
NEWS.html:861:1 (inst/NEWS.Rd:620): Warning: <h4> anchor "NEW-FEATURES" already defined
NEWS.html:891:1 (inst/NEWS.Rd:641): Warning: <h4> anchor "BUG-FIXES" already defined
Flavor: r-devel-linux-x86_64-debian-gcc
Version: 0.3-23
Check: re-building of vignette outputs
Result: ERROR
Error(s) in re-building vignettes:
--- re-building ‘georob_vignette.Rnw’ using Sweave
Loading required package: sp
Attaching package: ‘georob’
The following object is masked from ‘package:stats’:
step
OMP: Warning #96: Cannot form a team with 24 threads, using 2 instead.
OMP: Hint Consider unsetting KMP_DEVICE_THREAD_LIMIT (KMP_ALL_THREADS), KMP_TEAMS_THREAD_LIMIT, and OMP_THREAD_LIMIT (if any are set).
recomputing robust Mahalanobis distances
saving the robust distances 'MD' as part of ‘r.lmrob’
Flavor: r-devel-linux-x86_64-fedora-clang
Version: 0.3-23
Check: re-building of vignette outputs
Result: ERROR
Error(s) in re-building vignettes:
--- re-building ‘georob_vignette.Rnw’ using Sweave
Loading required package: sp
Attaching package: ‘georob’
The following object is masked from ‘package:stats’:
step
recomputing robust Mahalanobis distances
saving the robust distances 'MD' as part of ‘r.lmrob’
Flavor: r-devel-linux-x86_64-fedora-gcc