Last updated on 2025-10-21 09:48:33 CEST.
Flavor | Version | Tinstall | Tcheck | Ttotal | Status | Flags |
---|---|---|---|---|---|---|
r-devel-linux-x86_64-debian-clang | 0.8 | 117.36 | 968.90 | 1086.26 | OK | |
r-devel-linux-x86_64-debian-gcc | 0.8 | 76.17 | 602.53 | 678.70 | NOTE | |
r-devel-linux-x86_64-fedora-clang | 0.8 | 1795.18 | OK | |||
r-devel-linux-x86_64-fedora-gcc | 0.8 | 1601.14 | OK | |||
r-devel-windows-x86_64 | 0.8 | 118.00 | 763.00 | 881.00 | OK | |
r-patched-linux-x86_64 | 0.8 | 106.56 | 933.98 | 1040.54 | OK | |
r-release-linux-x86_64 | 0.8 | 105.33 | 929.40 | 1034.73 | OK | |
r-release-macos-arm64 | 0.8 | 658.00 | OK | |||
r-release-macos-x86_64 | 0.8 | 1013.00 | OK | |||
r-release-windows-x86_64 | 0.8 | 112.00 | 756.00 | 868.00 | OK | |
r-oldrel-macos-arm64 | 0.8 | 561.00 | OK | |||
r-oldrel-macos-x86_64 | 0.8 | 899.00 | OK | |||
r-oldrel-windows-x86_64 | 0.8 | 168.00 | 1115.00 | 1283.00 | OK |
Version: 0.8
Check: HTML version of manual
Result: NOTE
Found the following HTML validation problems:
GNAbstractManager.html:148:1 (GNAbstractManager.Rd:83): Warning: <h5> anchor "Usage" already defined
GNAbstractManager.html:154:1 (GNAbstractManager.Rd:87): Warning: <h5> anchor "Arguments" already defined
GNAbstractManager.html:177:1 (GNAbstractManager.Rd:100): Warning: <h5> anchor "Usage" already defined
GNAbstractManager.html:183:1 (GNAbstractManager.Rd:104): Warning: <h5> anchor "Arguments" already defined
GNAbstractManager.html:206:1 (GNAbstractManager.Rd:117): Warning: <h5> anchor "Usage" already defined
GNAbstractManager.html:212:1 (GNAbstractManager.Rd:121): Warning: <h5> anchor "Arguments" already defined
GNAbstractManager.html:243:1 (GNAbstractManager.Rd:142): Warning: <h5> anchor "Usage" already defined
GNAbstractManager.html:256:1 (GNAbstractManager.Rd:153): Warning: <h5> anchor "Arguments" already defined
GNAbstractManager.html:289:1 (GNAbstractManager.Rd:176): Warning: <h5> anchor "Usage" already defined
GNAbstractManager.html:312:1 (GNAbstractManager.Rd:189): Warning: <h5> anchor "Usage" already defined
GNAbstractManager.html:318:1 (GNAbstractManager.Rd:193): Warning: <h5> anchor "Returns" already defined
GNAbstractManager.html:336:1 (GNAbstractManager.Rd:203): Warning: <h5> anchor "Usage" already defined
GNAbstractManager.html:342:1 (GNAbstractManager.Rd:207): Warning: <h5> anchor "Arguments" already defined
GNAbstractManager.html:367:1 (GNAbstractManager.Rd:222): Warning: <h5> anchor "Usage" already defined
GNAbstractManager.html:373:1 (GNAbstractManager.Rd:226): Warning: <h5> anchor "Returns" already defined
GNAbstractManager.html:390:1 (GNAbstractManager.Rd:235): Warning: <h5> anchor "Usage" already defined
GNAbstractManager.html:396:1 (GNAbstractManager.Rd:239): Warning: <h5> anchor "Arguments" already defined
GNLegacyAPIManager.html:181:1 (GNLegacyAPIManager.Rd:114): Warning: <h5> anchor "Usage" already defined
GNLegacyAPIManager.html:187:1 (GNLegacyAPIManager.Rd:118): Warning: <h5> anchor "Arguments" already defined
GNLegacyAPIManager.html:212:1 (GNLegacyAPIManager.Rd:133): Warning: <h5> anchor "Usage" already defined
GNLegacyAPIManager.html:235:1 (GNLegacyAPIManager.Rd:146): Warning: <h5> anchor "Usage" already defined
GNLegacyAPIManager.html:241:1 (GNLegacyAPIManager.Rd:150): Warning: <h5> anchor "Returns" already defined
GNLegacyAPIManager.html:264:1 (GNLegacyAPIManager.Rd:165): Warning: <h5> anchor "Usage" already defined
GNLegacyAPIManager.html:281:1 (GNLegacyAPIManager.Rd:180): Warning: <h5> anchor "Arguments" already defined
GNLegacyAPIManager.html:323:1 (GNLegacyAPIManager.Rd:212): Warning: <h5> anchor "Usage" already defined
GNLegacyAPIManager.html:329:1 (GNLegacyAPIManager.Rd:216): Warning: <h5> anchor "Arguments" already defined
GNLegacyAPIManager.html:356:1 (GNLegacyAPIManager.Rd:233): Warning: <h5> anchor "Usage" already defined
GNLegacyAPIManager.html:362:1 (GNLegacyAPIManager.Rd:237): Warning: <h5> anchor "Arguments" already defined
GNLegacyAPIManager.html:389:1 (GNLegacyAPIManager.Rd:254): Warning: <h5> anchor "Usage" already defined
GNLegacyAPIManager.html:395:1 (GNLegacyAPIManager.Rd:258): Warning: <h5> anchor "Arguments" already defined
GNLegacyAPIManager.html:408:1 (GNLegacyAPIManager.Rd:265): Warning: <h5> anchor "Returns" already defined
GNLegacyAPIManager.html:426:1 (GNLegacyAPIManager.Rd:275): Warning: <h5> anchor "Usage" already defined
GNLegacyAPIManager.html:432:1 (GNLegacyAPIManager.Rd:279): Warning: <h5> anchor "Arguments" already defined
GNLegacyAPIManager.html:445:1 (GNLegacyAPIManager.Rd:286): Warning: <h5> anchor "Returns" already defined
GNLegacyAPIManager.html:463:1 (GNLegacyAPIManager.Rd:296): Warning: <h5> anchor "Usage" already defined
GNLegacyAPIManager.html:469:1 (GNLegacyAPIManager.Rd:300): Warning: <h5> anchor "Arguments" already defined
GNLegacyAPIManager.html:482:1 (GNLegacyAPIManager.Rd:307): Warning: <h5> anchor "Returns" already defined
GNLegacyAPIManager.html:499:1 (GNLegacyAPIManager.Rd:316): Warning: <h5> anchor "Usage" already defined
GNLegacyAPIManager.html:505:1 (GNLegacyAPIManager.Rd:320): Warning: <h5> anchor "Arguments" already defined
GNLegacyAPIManager.html:518:1 (GNLegacyAPIManager.Rd:327): Warning: <h5> anchor "Returns" already defined
GNLegacyAPIManager.html:540:1 (GNLegacyAPIManager.Rd:341): Warning: <h5> anchor "Usage" already defined
GNLegacyAPIManager.html:554:1 (GNLegacyAPIManager.Rd:353): Warning: <h5> anchor "Arguments" already defined
GNLegacyAPIManager.html:589:1 (GNLegacyAPIManager.Rd:378): Warning: <h5> anchor "Usage" already defined
GNLegacyAPIManager.html:595:1 (GNLegacyAPIManager.Rd:382): Warning: <h5> anchor "Arguments" already defined
GNLegacyAPIManager.html:608:1 (GNLegacyAPIManager.Rd:389): Warning: <h5> anchor "Returns" already defined
GNLegacyAPIManager.html:625:1 (GNLegacyAPIManager.Rd:398): Warning: <h5> anchor "Usage" already defined
GNLegacyAPIManager.html:641:1 (GNLegacyAPIManager.Rd:408): Warning: <h5> anchor "Usage" already defined
GNLegacyAPIManager.html:647:1 (GNLegacyAPIManager.Rd:412): Warning: <h5> anchor "Arguments" already defined
GNManager.html:128:1 (GNManager.Rd:88): Warning: <h5> anchor "Usage" already defined
GNManager.html:134:1 (GNManager.Rd:92): Warning: <h5> anchor "Arguments" already defined
GNOpenAPIManager.html:184:1 (GNOpenAPIManager.Rd:115): Warning: <h5> anchor "Usage" already defined
GNOpenAPIManager.html:190:1 (GNOpenAPIManager.Rd:119): Warning: <h5> anchor "Arguments" already defined
GNOpenAPIManager.html:215:1 (GNOpenAPIManager.Rd:134): Warning: <h5> anchor "Usage" already defined
GNOpenAPIManager.html:238:1 (GNOpenAPIManager.Rd:147): Warning: <h5> anchor "Usage" already defined
GNOpenAPIManager.html:244:1 (GNOpenAPIManager.Rd:151): Warning: <h5> anchor "Returns" already defined
GNOpenAPIManager.html:261:1 (GNOpenAPIManager.Rd:160): Warning: <h5> anchor "Usage" already defined
GNOpenAPIManager.html:267:1 (GNOpenAPIManager.Rd:164): Warning: <h5> anchor "Returns" already defined
GNOpenAPIManager.html:284:1 (GNOpenAPIManager.Rd:173): Warning: <h5> anchor "Usage" already defined
GNOpenAPIManager.html:295:1 (GNOpenAPIManager.Rd:182): Warning: <h5> anchor "Arguments" already defined
GNOpenAPIManager.html:314:1 (GNOpenAPIManager.Rd:195): Warning: <h5> anchor "Returns" already defined
GNOpenAPIManager.html:336:1 (GNOpenAPIManager.Rd:209): Warning: <h5> anchor "Usage" already defined
GNOpenAPIManager.html:358:1 (GNOpenAPIManager.Rd:229): Warning: <h5> anchor "Arguments" already defined
GNOpenAPIManager.html:413:1 (GNOpenAPIManager.Rd:274): Warning: <h5> anchor "Usage" already defined
GNOpenAPIManager.html:435:1 (GNOpenAPIManager.Rd:294): Warning: <h5> anchor "Arguments" already defined
GNOpenAPIManager.html:490:1 (GNOpenAPIManager.Rd:339): Warning: <h5> anchor "Usage" already defined
GNOpenAPIManager.html:511:1 (GNOpenAPIManager.Rd:358): Warning: <h5> anchor "Arguments" already defined
GNOpenAPIManager.html:560:1 (GNOpenAPIManager.Rd:397): Warning: <h5> anchor "Usage" already defined
GNOpenAPIManager.html:566:1 (GNOpenAPIManager.Rd:401): Warning: <h5> anchor "Arguments" already defined
GNOpenAPIManager.html:591:1 (GNOpenAPIManager.Rd:416): Warning: <h5> anchor "Usage" already defined
GNOpenAPIManager.html:602:1 (GNOpenAPIManager.Rd:425): Warning: <h5> anchor "Arguments" already defined
GNOpenAPIManager.html:621:1 (GNOpenAPIManager.Rd:438): Warning: <h5> anchor "Returns" already defined
GNOpenAPIManager.html:638:1 (GNOpenAPIManager.Rd:447): Warning: <h5> anchor "Usage" already defined
GNOpenAPIManager.html:644:1 (GNOpenAPIManager.Rd:451): Warning: <h5> anchor "Arguments" already defined
GNOpenAPIManager.html:661:1 (GNOpenAPIManager.Rd:462): Warning: <h5> anchor "Returns" already defined
GNOpenAPIManager.html:678:1 (GNOpenAPIManager.Rd:471): Warning: <h5> anchor "Usage" already defined
GNOpenAPIManager.html:684:1 (GNOpenAPIManager.Rd:475): Warning: <h5> anchor "Arguments" already defined
GNOpenAPIManager.html:697:1 (GNOpenAPIManager.Rd:482): Warning: <h5> anchor "Returns" already defined
GNOpenAPIManager.html:714:1 (GNOpenAPIManager.Rd:491): Warning: <h5> anchor "Usage" already defined
GNOpenAPIManager.html:720:1 (GNOpenAPIManager.Rd:495): Warning: <h5> anchor "Arguments" already defined
GNOpenAPIManager.html:733:1 (GNOpenAPIManager.Rd:502): Warning: <h5> anchor "Returns" already defined
GNOpenAPIManager.html:751:1 (GNOpenAPIManager.Rd:512): Warning: <h5> anchor "Usage" already defined
GNOpenAPIManager.html:757:1 (GNOpenAPIManager.Rd:516): Warning: <h5> anchor "Arguments" already defined
GNOpenAPIManager.html:779:1 (GNOpenAPIManager.Rd:529): Warning: <h5> anchor "Usage" already defined
GNOpenAPIManager.html:785:1 (GNOpenAPIManager.Rd:533): Warning: <h5> anchor "Arguments" already defined
GNPriv.html:117:1 (GNPriv.Rd:71): Warning: <h5> anchor "Usage" already defined
GNPriv.html:123:1 (GNPriv.Rd:75): Warning: <h5> anchor "Arguments" already defined
GNPrivConfiguration.html:105:1 (GNPrivConfiguration.Rd:64): Warning: <h5> anchor "Usage" already defined
GNPrivConfiguration.html:136:1 (GNPrivConfiguration.Rd:83): Warning: <h5> anchor "Usage" already defined
GNPrivConfiguration.html:142:1 (GNPrivConfiguration.Rd:87): Warning: <h5> anchor "Arguments" already defined
GNRESTRequest.html:117:1 (GNRESTRequest.Rd:64): Warning: <h5> anchor "Usage" already defined
GNRESTRequest.html:123:1 (GNRESTRequest.Rd:68): Warning: <h5> anchor "Arguments" already defined
GNRESTRequest.html:148:1 (GNRESTRequest.Rd:83): Warning: <h5> anchor "Usage" already defined
GNRESTRequest.html:171:1 (GNRESTRequest.Rd:96): Warning: <h5> anchor "Usage" already defined
GNRESTRequest.html:177:1 (GNRESTRequest.Rd:100): Warning: <h5> anchor "Arguments" already defined
GNVersion.html:124:1 (GNVersion.Rd:71): Warning: <h5> anchor "Usage" already defined
GNVersion.html:130:1 (GNVersion.Rd:75): Warning: <h5> anchor "Arguments" already defined
GNVersion.html:160:1 (GNVersion.Rd:91): Warning: <h5> anchor "Usage" already defined
GNVersion.html:166:1 (GNVersion.Rd:95): Warning: <h5> anchor "Arguments" already defined
GNVersion.html:179:1 (GNVersion.Rd:102): Warning: <h5> anchor "Returns" already defined
GNVersion.html:196:1 (GNVersion.Rd:111): Warning: <h5> anchor "Usage" already defined
GNVersion.html:202:1 (GNVersion.Rd:115): Warning: <h5> anchor "Arguments" already defined
GNVersion.html:215:1 (GNVersion.Rd:122): Warning: <h5> anchor "Returns" already defined
GNVersion.html:232:1 (GNVersion.Rd:131): Warning: <h5> anchor "Usage" already defined
GNVersion.html:238:1 (GNVersion.Rd:135): Warning: <h5> anchor "Arguments" already defined
Flavor: r-devel-linux-x86_64-debian-gcc