Last updated on 2025-10-21 09:48:33 CEST.
Flavor | Version | Tinstall | Tcheck | Ttotal | Status | Flags |
---|---|---|---|---|---|---|
r-devel-linux-x86_64-debian-clang | 0.2.2 | 7.82 | 81.43 | 89.25 | NOTE | |
r-devel-linux-x86_64-debian-gcc | 0.2.2 | 5.13 | 59.97 | 65.10 | NOTE | |
r-devel-linux-x86_64-fedora-clang | 0.2.2 | 139.37 | OK | |||
r-devel-linux-x86_64-fedora-gcc | 0.2.2 | 127.62 | OK | |||
r-devel-windows-x86_64 | 0.2.2 | 11.00 | 98.00 | 109.00 | OK | |
r-patched-linux-x86_64 | 0.2.2 | 8.68 | 77.85 | 86.53 | OK | |
r-release-linux-x86_64 | 0.2.2 | 7.88 | 78.60 | 86.48 | OK | |
r-release-macos-arm64 | 0.2.2 | 46.00 | OK | |||
r-release-macos-x86_64 | 0.2.2 | 76.00 | OK | |||
r-release-windows-x86_64 | 0.2.2 | 12.00 | 100.00 | 112.00 | OK | |
r-oldrel-macos-arm64 | 0.2.2 | 39.00 | OK | |||
r-oldrel-macos-x86_64 | 0.2.2 | 58.00 | OK | |||
r-oldrel-windows-x86_64 | 0.2.2 | 14.00 | 121.00 | 135.00 | OK |
Version: 0.2.2
Check: CRAN incoming feasibility
Result: NOTE
Maintainer: ‘Anja Kleebaum <kleebaum@informatik.uni-heidelberg.de>’
No Authors@R field in DESCRIPTION.
Please add one, modifying
Authors@R: person(given = "Anja",
family = "Kleebaum",
role = c("aut", "cre"),
email = "kleebaum@informatik.uni-heidelberg.de")
as necessary.
Flavors: r-devel-linux-x86_64-debian-clang, r-devel-linux-x86_64-debian-gcc
Version: 0.2.2
Check: HTML version of manual
Result: NOTE
Found the following HTML validation problems:
myColorRamp.html:61:1 (myColorRamp.Rd:18): Warning: missing </ul> before </div>
Flavor: r-devel-linux-x86_64-debian-gcc