Last updated on 2025-10-21 09:48:33 CEST.
Flavor | Version | Tinstall | Tcheck | Ttotal | Status | Flags |
---|---|---|---|---|---|---|
r-devel-linux-x86_64-debian-clang | 1.1.1 | 3.73 | 279.97 | 283.70 | NOTE | |
r-devel-linux-x86_64-debian-gcc | 1.1.1 | 2.86 | 166.80 | 169.66 | NOTE | |
r-devel-linux-x86_64-fedora-clang | 1.1.1 | 483.70 | NOTE | |||
r-devel-linux-x86_64-fedora-gcc | 1.1.1 | 462.31 | NOTE | |||
r-devel-windows-x86_64 | 1.1.1 | 7.00 | 240.00 | 247.00 | NOTE | |
r-patched-linux-x86_64 | 1.1.1 | 5.33 | 271.10 | 276.43 | NOTE | |
r-release-linux-x86_64 | 1.1.1 | 4.08 | 276.42 | 280.50 | NOTE | |
r-release-macos-arm64 | 1.1.1 | 115.00 | NOTE | |||
r-release-macos-x86_64 | 1.1.1 | 315.00 | NOTE | |||
r-release-windows-x86_64 | 1.1.1 | 7.00 | 251.00 | 258.00 | NOTE | |
r-oldrel-macos-arm64 | 1.1.1 | 106.00 | NOTE | |||
r-oldrel-macos-x86_64 | 1.1.1 | 176.00 | NOTE | |||
r-oldrel-windows-x86_64 | 1.1.1 | 9.00 | 362.00 | 371.00 | NOTE |
Version: 1.1.1
Check: Rd files
Result: NOTE
checkRd: (-1) geexex.Rd:10: Lost braces in \itemize; meant \describe ?
checkRd: (-1) geexex.Rd:11: Lost braces in \itemize; meant \describe ?
checkRd: (-1) geexex.Rd:12: Lost braces in \itemize; meant \describe ?
checkRd: (-1) geexex.Rd:13: Lost braces in \itemize; meant \describe ?
checkRd: (-1) geexex.Rd:14: Lost braces in \itemize; meant \describe ?
checkRd: (-1) geexex.Rd:15: Lost braces in \itemize; meant \describe ?
checkRd: (-1) geexex.Rd:16: Lost braces in \itemize; meant \describe ?
checkRd: (-1) geexex.Rd:17: Lost braces in \itemize; meant \describe ?
checkRd: (-1) geexex.Rd:18: Lost braces in \itemize; meant \describe ?
Flavors: r-devel-linux-x86_64-debian-clang, r-devel-linux-x86_64-debian-gcc, r-devel-linux-x86_64-fedora-clang, r-devel-linux-x86_64-fedora-gcc, r-devel-windows-x86_64, r-patched-linux-x86_64, r-release-linux-x86_64, r-release-macos-arm64, r-release-macos-x86_64, r-release-windows-x86_64, r-oldrel-macos-arm64, r-oldrel-macos-x86_64, r-oldrel-windows-x86_64
Version: 1.1.1
Check: HTML version of manual
Result: NOTE
Found the following HTML validation problems:
compute_pairwise_sum_of_list.html:61:1 (compute_pairwise_sum_of_list.Rd:19): Warning: missing </ul> before </div>
compute_sum_of_list.html:50:1 (compute_sum_of_list.Rd:12): Warning: missing </ul> before </div>
grab_GFUN-methods.html:52:1 (grab_GFUN-methods.Rd:19): Warning: missing </ul> before </div>
grab_estFUN-methods.html:49:1 (grab_estFUN-methods.Rd:15): Warning: missing </ul> before </div>
grab_psiFUN_list-methods.html:52:1 (grab_psiFUN_list-methods.Rd:19): Warning: missing </ul> before </div>
show-methods.html:58:1 (show-methods.Rd:27): Warning: missing </ul> before </div>
weights-methods.html:50:1 (weights-methods.Rd:15): Warning: missing </ul> before </div>
Flavor: r-devel-linux-x86_64-debian-gcc
Version: 1.1.1
Check: dependencies in R code
Result: NOTE
Namespace in Imports field not imported from: ‘rootSolve’
All declared Imports should be used.
Flavors: r-devel-linux-x86_64-fedora-clang, r-devel-linux-x86_64-fedora-gcc