Last updated on 2025-10-21 09:48:33 CEST.
Flavor | Version | Tinstall | Tcheck | Ttotal | Status | Flags |
---|---|---|---|---|---|---|
r-devel-linux-x86_64-debian-clang | 1.0-6 | 13.54 | 86.37 | 99.91 | OK | |
r-devel-linux-x86_64-debian-gcc | 1.0-6 | 8.72 | 59.50 | 68.22 | NOTE | |
r-devel-linux-x86_64-fedora-clang | 1.0-6 | 160.46 | OK | |||
r-devel-linux-x86_64-fedora-gcc | 1.0-6 | 141.43 | OK | |||
r-devel-windows-x86_64 | 1.0-6 | 12.00 | 86.00 | 98.00 | OK | |
r-patched-linux-x86_64 | 1.0-6 | 12.51 | 81.25 | 93.76 | OK | |
r-release-linux-x86_64 | 1.0-6 | 11.13 | 80.73 | 91.86 | OK | |
r-release-macos-arm64 | 1.0-6 | 42.00 | OK | |||
r-release-macos-x86_64 | 1.0-6 | 87.00 | OK | |||
r-release-windows-x86_64 | 1.0-6 | 12.00 | 88.00 | 100.00 | OK | |
r-oldrel-macos-arm64 | 1.0-6 | 39.00 | OK | |||
r-oldrel-macos-x86_64 | 1.0-6 | 59.00 | OK | |||
r-oldrel-windows-x86_64 | 1.0-6 | 17.00 | 108.00 | 125.00 | OK |
Version: 1.0-6
Check: HTML version of manual
Result: NOTE
Found the following HTML validation problems:
emes.html:85:1 (emes.Rd:24): Warning: missing </ul> before </div>
es.html:93:1 (es.Rd:29): Warning: missing </ul> before </div>
geebt.html:75:1 (geebt.Rd:20): Warning: missing </ul> before </div>
geega.html:65:1 (geega.Rd:16): Warning: missing </ul> before </div>
initial_Lambda.html:76:1 (initial_Lambda.Rd:22): Warning: missing </ul> before </div>
print.geecure.html:50:1 (print.geecure.Rd:11): Warning: missing </ul> before </div>
print.geecure2.html:50:1 (print.geecure2.Rd:11): Warning: missing </ul> before </div>
varest.html:117:1 (varest.Rd:39): Warning: missing </ul> before </div>
varest2.html:86:1 (varest2.Rd:26): Warning: missing </ul> before </div>
Flavor: r-devel-linux-x86_64-debian-gcc