CRAN Package Check Results for Package gdim

Last updated on 2025-07-12 09:49:19 CEST.

Flavor Version Tinstall Tcheck Ttotal Status Flags
r-devel-linux-x86_64-debian-clang 0.1.0 6.10 75.37 81.47 NOTE
r-devel-linux-x86_64-debian-gcc 0.1.0 4.46 56.70 61.16 NOTE
r-devel-linux-x86_64-fedora-clang 0.1.0 123.61 OK
r-devel-linux-x86_64-fedora-gcc 0.1.0 135.64 OK
r-devel-windows-x86_64 0.1.0 7.00 86.00 93.00 OK
r-patched-linux-x86_64 0.1.0 5.72 72.76 78.48 OK
r-release-linux-x86_64 0.1.0 5.81 70.23 76.04 OK
r-release-macos-arm64 0.1.0 43.00 OK
r-release-macos-x86_64 0.1.0 85.00 OK
r-release-windows-x86_64 0.1.0 8.00 84.00 92.00 OK
r-oldrel-macos-arm64 0.1.0 34.00 OK
r-oldrel-macos-x86_64 0.1.0 73.00 OK
r-oldrel-windows-x86_64 0.1.0 10.00 106.00 116.00 OK

Check Details

Version: 0.1.0
Check: CRAN incoming feasibility
Result: NOTE Maintainer: ‘Alex Hayes <alexpghayes@gmail.com>’ The Description field contains see Chen et al. (2021) <arXiv:2108.03336> for details. Please refer to arXiv e-prints via their arXiv DOI <doi:10.48550/arXiv.YYMM.NNNNN>. Flavors: r-devel-linux-x86_64-debian-clang, r-devel-linux-x86_64-debian-gcc