Last updated on 2025-10-21 09:48:34 CEST.
Flavor | Version | Tinstall | Tcheck | Ttotal | Status | Flags |
---|---|---|---|---|---|---|
r-devel-linux-x86_64-debian-clang | 1.0.4 | 46.66 | 164.64 | 211.30 | OK | |
r-devel-linux-x86_64-debian-gcc | 1.0.4 | 29.98 | 143.74 | 173.72 | NOTE | |
r-devel-linux-x86_64-fedora-clang | 1.0.4 | 348.33 | OK | |||
r-devel-linux-x86_64-fedora-gcc | 1.0.4 | 301.22 | OK | |||
r-devel-windows-x86_64 | 1.0.4 | 49.00 | 176.00 | 225.00 | OK | |
r-patched-linux-x86_64 | 1.0.4 | 42.94 | 160.97 | 203.91 | OK | |
r-release-linux-x86_64 | 1.0.4 | 41.43 | 159.18 | 200.61 | OK | |
r-release-macos-arm64 | 1.0.4 | 102.00 | OK | |||
r-release-macos-x86_64 | 1.0.4 | 172.00 | OK | |||
r-release-windows-x86_64 | 1.0.4 | 49.00 | 176.00 | 225.00 | OK | |
r-oldrel-macos-arm64 | 1.0.4 | 99.00 | NOTE | |||
r-oldrel-macos-x86_64 | 1.0.4 | 181.00 | NOTE | |||
r-oldrel-windows-x86_64 | 1.0.4 | 61.00 | 232.00 | 293.00 | OK |
Version: 1.0.4
Check: HTML version of manual
Result: NOTE
Found the following HTML validation problems:
Predict.matrix.gKRLS.smooth.html:53:1 (Predict.matrix.gKRLS.smooth.Rd:14): Warning: missing </ul> before </div>
create_sketched_kernel.html:58:1 (create_sketched_kernel.Rd:16): Warning: missing </ul> before </div>
mlr3_gKRLS.html:95:1 (mlr3_gKRLS.Rd:61): Warning: <h5> anchor "Usage" already defined
mlr3_gKRLS.html:115:1 (mlr3_gKRLS.Rd:74): Warning: <h3> anchor "Super-classes" already defined
mlr3_gKRLS.html:121:1 (mlr3_gKRLS.Rd:77): Warning: <h3> anchor "Methods" already defined
mlr3_gKRLS.html:125:1 (mlr3_gKRLS.Rd:78): Warning: <h4> anchor "Public-methods" already defined
mlr3_gKRLS.html:157:1 (mlr3_gKRLS.Rd:102): Warning: <h4> anchor "Method-+E2+80+98new+28+29+E2+80+99" already defined
mlr3_gKRLS.html:163:1 (mlr3_gKRLS.Rd:104): Warning: <h5> anchor "Usage" already defined
mlr3_gKRLS.html:173:1 (mlr3_gKRLS.Rd:112): Warning: <h4> anchor "Method-+E2+80+98clone+28+29+E2+80+99" already defined
mlr3_gKRLS.html:179:1 (mlr3_gKRLS.Rd:114): Warning: <h5> anchor "Usage" already defined
mlr3_gKRLS.html:185:1 (mlr3_gKRLS.Rd:118): Warning: <h5> anchor "Arguments" already defined
Flavor: r-devel-linux-x86_64-debian-gcc
Version: 1.0.4
Check: installed package size
Result: NOTE
installed size is 7.8Mb
sub-directories of 1Mb or more:
libs 7.4Mb
Flavors: r-oldrel-macos-arm64, r-oldrel-macos-x86_64