Last updated on 2025-10-21 09:48:33 CEST.
Flavor | Version | Tinstall | Tcheck | Ttotal | Status | Flags |
---|---|---|---|---|---|---|
r-devel-linux-x86_64-debian-clang | 1.0.6 | 9.56 | 77.01 | 86.57 | OK | |
r-devel-linux-x86_64-debian-gcc | 1.0.6 | 6.88 | 58.20 | 65.08 | NOTE | |
r-devel-linux-x86_64-fedora-clang | 1.0.6 | 136.27 | OK | |||
r-devel-linux-x86_64-fedora-gcc | 1.0.6 | 140.34 | OK | |||
r-devel-windows-x86_64 | 1.0.6 | 11.00 | 86.00 | 97.00 | OK | |
r-patched-linux-x86_64 | 1.0.6 | 9.04 | 72.50 | 81.54 | OK | |
r-release-linux-x86_64 | 1.0.6 | 10.17 | 72.94 | 83.11 | OK | |
r-release-macos-arm64 | 1.0.6 | 46.00 | OK | |||
r-release-macos-x86_64 | 1.0.6 | 122.00 | OK | |||
r-release-windows-x86_64 | 1.0.6 | 11.00 | 86.00 | 97.00 | OK | |
r-oldrel-macos-arm64 | 1.0.6 | 50.00 | OK | |||
r-oldrel-macos-x86_64 | 1.0.6 | 128.00 | OK | |||
r-oldrel-windows-x86_64 | 1.0.6 | 14.00 | 108.00 | 122.00 | OK |
Version: 1.0.6
Check: HTML version of manual
Result: NOTE
Found the following HTML validation problems:
FuzzExtract.html:73:1 (FuzzExtract.Rd:121): Warning: <h3> anchor "Methods" already defined
FuzzExtract.html:140:1 (FuzzExtract.Rd:153): Warning: <h5> anchor "Usage" already defined
FuzzExtract.html:152:1 (FuzzExtract.Rd:163): Warning: <h5> anchor "Arguments" already defined
FuzzExtract.html:181:1 (FuzzExtract.Rd:183): Warning: <h5> anchor "Usage" already defined
FuzzExtract.html:194:1 (FuzzExtract.Rd:194): Warning: <h5> anchor "Arguments" already defined
FuzzExtract.html:225:1 (FuzzExtract.Rd:216): Warning: <h5> anchor "Usage" already defined
FuzzExtract.html:237:1 (FuzzExtract.Rd:226): Warning: <h5> anchor "Arguments" already defined
FuzzExtract.html:266:1 (FuzzExtract.Rd:246): Warning: <h5> anchor "Usage" already defined
FuzzExtract.html:278:1 (FuzzExtract.Rd:256): Warning: <h5> anchor "Arguments" already defined
FuzzExtract.html:307:1 (FuzzExtract.Rd:276): Warning: <h5> anchor "Usage" already defined
FuzzExtract.html:313:1 (FuzzExtract.Rd:280): Warning: <h5> anchor "Arguments" already defined
FuzzExtract.html:340:1 (FuzzExtract.Rd:297): Warning: <h5> anchor "Usage" already defined
FuzzExtract.html:346:1 (FuzzExtract.Rd:301): Warning: <h5> anchor "Arguments" already defined
FuzzMatcher.html:95:1 (FuzzMatcher.Rd:138): Warning: <h3> anchor "Methods" already defined
FuzzMatcher.html:177:1 (FuzzMatcher.Rd:175): Warning: <h5> anchor "Usage" already defined
FuzzMatcher.html:188:1 (FuzzMatcher.Rd:184): Warning: <h5> anchor "Arguments" already defined
FuzzMatcher.html:215:1 (FuzzMatcher.Rd:202): Warning: <h5> anchor "Usage" already defined
FuzzMatcher.html:226:1 (FuzzMatcher.Rd:211): Warning: <h5> anchor "Arguments" already defined
FuzzMatcher.html:253:1 (FuzzMatcher.Rd:229): Warning: <h5> anchor "Usage" already defined
FuzzMatcher.html:259:1 (FuzzMatcher.Rd:233): Warning: <h5> anchor "Arguments" already defined
FuzzMatcher.html:282:1 (FuzzMatcher.Rd:247): Warning: <h5> anchor "Usage" already defined
FuzzMatcher.html:288:1 (FuzzMatcher.Rd:251): Warning: <h5> anchor "Arguments" already defined
FuzzMatcher.html:313:1 (FuzzMatcher.Rd:267): Warning: <h5> anchor "Usage" already defined
FuzzMatcher.html:319:1 (FuzzMatcher.Rd:271): Warning: <h5> anchor "Arguments" already defined
FuzzMatcher.html:344:1 (FuzzMatcher.Rd:287): Warning: <h5> anchor "Usage" already defined
FuzzMatcher.html:350:1 (FuzzMatcher.Rd:291): Warning: <h5> anchor "Arguments" already defined
FuzzMatcher.html:373:1 (FuzzMatcher.Rd:305): Warning: <h5> anchor "Usage" already defined
FuzzMatcher.html:379:1 (FuzzMatcher.Rd:309): Warning: <h5> anchor "Arguments" already defined
FuzzMatcher.html:402:1 (FuzzMatcher.Rd:323): Warning: <h5> anchor "Usage" already defined
FuzzMatcher.html:413:1 (FuzzMatcher.Rd:332): Warning: <h5> anchor "Arguments" already defined
FuzzMatcher.html:440:1 (FuzzMatcher.Rd:350): Warning: <h5> anchor "Usage" already defined
FuzzMatcher.html:446:1 (FuzzMatcher.Rd:354): Warning: <h5> anchor "Arguments" already defined
FuzzMatcher.html:469:1 (FuzzMatcher.Rd:368): Warning: <h5> anchor "Usage" already defined
FuzzMatcher.html:480:1 (FuzzMatcher.Rd:377): Warning: <h5> anchor "Arguments" already defined
FuzzMatcher.html:509:1 (FuzzMatcher.Rd:396): Warning: <h5> anchor "Usage" already defined
FuzzMatcher.html:515:1 (FuzzMatcher.Rd:400): Warning: <h5> anchor "Arguments" already defined
FuzzUtils.html:76:1 (FuzzUtils.Rd:107): Warning: <h3> anchor "Methods" already defined
FuzzUtils.html:133:1 (FuzzUtils.Rd:133): Warning: <h5> anchor "Usage" already defined
FuzzUtils.html:164:1 (FuzzUtils.Rd:153): Warning: <h5> anchor "Usage" already defined
FuzzUtils.html:170:1 (FuzzUtils.Rd:157): Warning: <h5> anchor "Arguments" already defined
FuzzUtils.html:191:1 (FuzzUtils.Rd:169): Warning: <h5> anchor "Usage" already defined
FuzzUtils.html:197:1 (FuzzUtils.Rd:173): Warning: <h5> anchor "Arguments" already defined
FuzzUtils.html:220:1 (FuzzUtils.Rd:187): Warning: <h5> anchor "Usage" already defined
FuzzUtils.html:226:1 (FuzzUtils.Rd:191): Warning: <h5> anchor "Arguments" already defined
FuzzUtils.html:247:1 (FuzzUtils.Rd:203): Warning: <h5> anchor "Usage" already defined
FuzzUtils.html:253:1 (FuzzUtils.Rd:207): Warning: <h5> anchor "Arguments" already defined
FuzzUtils.html:274:1 (FuzzUtils.Rd:219): Warning: <h5> anchor "Usage" already defined
FuzzUtils.html:280:1 (FuzzUtils.Rd:223): Warning: <h5> anchor "Arguments" already defined
FuzzUtils.html:303:1 (FuzzUtils.Rd:236): Warning: <h5> anchor "Usage" already defined
FuzzUtils.html:309:1 (FuzzUtils.Rd:240): Warning: <h5> anchor "Arguments" already defined
SequenceMatcher.html:77:1 (SequenceMatcher.Rd:95): Warning: <h3> anchor "Methods" already defined
SequenceMatcher.html:146:1 (SequenceMatcher.Rd:129): Warning: <h5> anchor "Usage" already defined
SequenceMatcher.html:160:1 (SequenceMatcher.Rd:138): Warning: <h5> anchor "Usage" already defined
SequenceMatcher.html:174:1 (SequenceMatcher.Rd:147): Warning: <h5> anchor "Usage" already defined
SequenceMatcher.html:188:1 (SequenceMatcher.Rd:156): Warning: <h5> anchor "Usage" already defined
SequenceMatcher.html:202:1 (SequenceMatcher.Rd:165): Warning: <h5> anchor "Usage" already defined
SequenceMatcher.html:218:1 (SequenceMatcher.Rd:175): Warning: <h5> anchor "Usage" already defined
SequenceMatcher.html:224:1 (SequenceMatcher.Rd:179): Warning: <h5> anchor "Arguments" already defined
Flavor: r-devel-linux-x86_64-debian-gcc