Last updated on 2025-10-21 09:48:33 CEST.
Flavor | Version | Tinstall | Tcheck | Ttotal | Status | Flags |
---|---|---|---|---|---|---|
r-devel-linux-x86_64-debian-clang | 1.1.0 | 7.55 | 67.45 | 75.00 | OK | |
r-devel-linux-x86_64-debian-gcc | 1.1.0 | 4.90 | 48.78 | 53.68 | NOTE | |
r-devel-linux-x86_64-fedora-clang | 1.1.0 | 118.32 | OK | |||
r-devel-linux-x86_64-fedora-gcc | 1.1.0 | 108.73 | OK | |||
r-devel-windows-x86_64 | 1.1.0 | 10.00 | 80.00 | 90.00 | OK | |
r-patched-linux-x86_64 | 1.1.0 | 7.58 | 63.10 | 70.68 | OK | |
r-release-linux-x86_64 | 1.1.0 | 6.92 | 62.62 | 69.54 | OK | |
r-release-macos-arm64 | 1.1.0 | 43.00 | OK | |||
r-release-macos-x86_64 | 1.1.0 | 51.00 | OK | |||
r-release-windows-x86_64 | 1.1.0 | 13.00 | 82.00 | 95.00 | OK | |
r-oldrel-macos-arm64 | 1.1.0 | 33.00 | OK | |||
r-oldrel-macos-x86_64 | 1.1.0 | 59.00 | OK | |||
r-oldrel-windows-x86_64 | 1.1.0 | 14.00 | 97.00 | 111.00 | OK |
Version: 1.1.0
Check: HTML version of manual
Result: NOTE
Found the following HTML validation problems:
fusionMultiPlot-shiny.html:68:1 (fusionMultiPlot-shiny.Rd:25): Warning: missing </ul> before </div>
fusionPlotOutput.html:68:1 (fusionPlotOutput.Rd:24): Warning: missing </ul> before </div>
Flavor: r-devel-linux-x86_64-debian-gcc