CRAN Package Check Results for Package fuseMLR

Last updated on 2025-10-21 09:48:33 CEST.

Flavor Version Tinstall Tcheck Ttotal Status Flags
r-devel-linux-x86_64-debian-clang 0.0.2 13.59 105.59 119.18 OK
r-devel-linux-x86_64-debian-gcc 0.0.2 8.99 79.05 88.04 NOTE
r-devel-linux-x86_64-fedora-clang 0.0.2 185.90 OK
r-devel-linux-x86_64-fedora-gcc 0.0.2 182.19 OK
r-devel-windows-x86_64 0.0.2 13.00 113.00 126.00 OK
r-patched-linux-x86_64 0.0.2 16.03 99.85 115.88 OK
r-release-linux-x86_64 0.0.2 12.33 99.47 111.80 OK
r-release-macos-arm64 0.0.2 58.00 OK
r-release-macos-x86_64 0.0.2 120.00 OK
r-release-windows-x86_64 0.0.2 14.00 115.00 129.00 OK
r-oldrel-macos-arm64 0.0.2 76.00 OK
r-oldrel-macos-x86_64 0.0.2 108.00 OK
r-oldrel-windows-x86_64 0.0.2 20.00 140.00 160.00 OK

Check Details

Version: 0.0.2
Check: HTML version of manual
Result: NOTE Found the following HTML validation problems: Data.html:124:1 (Data.Rd:60): Warning: <h5> anchor "Usage" already defined Data.html:130:1 (Data.Rd:64): Warning: <h5> anchor "Arguments" already defined Data.html:153:1 (Data.Rd:77): Warning: <h5> anchor "Usage" already defined Data.html:159:1 (Data.Rd:81): Warning: <h5> anchor "Arguments" already defined Data.html:194:1 (Data.Rd:102): Warning: <h5> anchor "Usage" already defined Data.html:200:1 (Data.Rd:106): Warning: <h5> anchor "Arguments" already defined Data.html:220:1 (Data.Rd:120): Warning: <h5> anchor "Returns" already defined Data.html:237:1 (Data.Rd:129): Warning: <h5> anchor "Usage" already defined Data.html:243:1 (Data.Rd:133): Warning: <h5> anchor "Arguments" already defined Data.html:257:1 (Data.Rd:141): Warning: <h5> anchor "Returns" already defined Data.html:275:1 (Data.Rd:151): Warning: <h5> anchor "Usage" already defined Data.html:281:1 (Data.Rd:155): Warning: <h5> anchor "Arguments" already defined Data.html:298:1 (Data.Rd:166): Warning: <h5> anchor "Returns" already defined Data.html:315:1 (Data.Rd:175): Warning: <h5> anchor "Usage" already defined Data.html:321:1 (Data.Rd:179): Warning: <h5> anchor "Returns" already defined Data.html:338:1 (Data.Rd:188): Warning: <h5> anchor "Usage" already defined Data.html:344:1 (Data.Rd:192): Warning: <h5> anchor "Arguments" already defined Data.html:357:1 (Data.Rd:199): Warning: <h5> anchor "Returns" already defined Data.html:374:1 (Data.Rd:208): Warning: <h5> anchor "Usage" already defined Data.html:380:1 (Data.Rd:212): Warning: <h5> anchor "Returns" already defined Data.html:397:1 (Data.Rd:221): Warning: <h5> anchor "Usage" already defined Data.html:403:1 (Data.Rd:225): Warning: <h5> anchor "Returns" already defined Data.html:421:1 (Data.Rd:235): Warning: <h5> anchor "Usage" already defined Data.html:427:1 (Data.Rd:239): Warning: <h5> anchor "Returns" already defined Data.html:444:1 (Data.Rd:248): Warning: <h5> anchor "Usage" already defined Data.html:460:1 (Data.Rd:258): Warning: <h5> anchor "Usage" already defined Data.html:466:1 (Data.Rd:262): Warning: <h5> anchor "Arguments" already defined HashTable.html:314:1 (HashTable.Rd:169): Warning: missing </ul> before </div> HashTable.html:105:1 (HashTable.Rd:46): Warning: <h5> anchor "Usage" already defined HashTable.html:111:1 (HashTable.Rd:50): Warning: <h5> anchor "Arguments" already defined HashTable.html:134:1 (HashTable.Rd:63): Warning: <h5> anchor "Usage" already defined HashTable.html:140:1 (HashTable.Rd:67): Warning: <h5> anchor "Arguments" already defined HashTable.html:170:1 (HashTable.Rd:87): Warning: <h5> anchor "Usage" already defined HashTable.html:176:1 (HashTable.Rd:91): Warning: <h5> anchor "Arguments" already defined HashTable.html:200:1 (HashTable.Rd:105): Warning: <h5> anchor "Usage" already defined HashTable.html:223:1 (HashTable.Rd:118): Warning: <h5> anchor "Usage" already defined HashTable.html:229:1 (HashTable.Rd:122): Warning: <h5> anchor "Arguments" already defined HashTable.html:252:1 (HashTable.Rd:135): Warning: <h5> anchor "Usage" already defined HashTable.html:268:1 (HashTable.Rd:145): Warning: <h5> anchor "Usage" already defined HashTable.html:284:1 (HashTable.Rd:155): Warning: <h5> anchor "Usage" already defined HashTable.html:290:1 (HashTable.Rd:159): Warning: <h5> anchor "Arguments" already defined HashTable.html:303:1 (HashTable.Rd:166): Warning: <h5> anchor "Returns" already defined Lrner.html:514:1 (Lrner.Rd:299): Warning: missing </ul> before </div> Lrner.html:151:1 (Lrner.Rd:80): Warning: <h5> anchor "Usage" already defined Lrner.html:157:1 (Lrner.Rd:84): Warning: <h5> anchor "Arguments" already defined Lrner.html:180:1 (Lrner.Rd:97): Warning: <h5> anchor "Usage" already defined Lrner.html:186:1 (Lrner.Rd:101): Warning: <h5> anchor "Arguments" already defined Lrner.html:211:1 (Lrner.Rd:116): Warning: <h5> anchor "Usage" already defined Lrner.html:223:1 (Lrner.Rd:126): Warning: <h5> anchor "Arguments" already defined Lrner.html:261:1 (Lrner.Rd:154): Warning: <h5> anchor "Usage" already defined Lrner.html:267:1 (Lrner.Rd:158): Warning: <h5> anchor "Arguments" already defined Lrner.html:304:1 (Lrner.Rd:181): Warning: <h5> anchor "Usage" already defined Lrner.html:310:1 (Lrner.Rd:185): Warning: <h5> anchor "Returns" already defined Lrner.html:327:1 (Lrner.Rd:194): Warning: <h5> anchor "Usage" already defined Lrner.html:343:1 (Lrner.Rd:204): Warning: <h5> anchor "Usage" already defined Lrner.html:359:1 (Lrner.Rd:214): Warning: <h5> anchor "Usage" already defined Lrner.html:365:1 (Lrner.Rd:218): Warning: <h5> anchor "Returns" already defined Lrner.html:382:1 (Lrner.Rd:227): Warning: <h5> anchor "Usage" already defined Lrner.html:388:1 (Lrner.Rd:231): Warning: <h5> anchor "Returns" already defined Lrner.html:405:1 (Lrner.Rd:240): Warning: <h5> anchor "Usage" already defined Lrner.html:411:1 (Lrner.Rd:244): Warning: <h5> anchor "Returns" already defined Lrner.html:428:1 (Lrner.Rd:253): Warning: <h5> anchor "Usage" already defined Lrner.html:434:1 (Lrner.Rd:257): Warning: <h5> anchor "Returns" already defined Lrner.html:451:1 (Lrner.Rd:266): Warning: <h5> anchor "Usage" already defined Lrner.html:457:1 (Lrner.Rd:270): Warning: <h5> anchor "Returns" already defined Lrner.html:474:1 (Lrner.Rd:279): Warning: <h5> anchor "Usage" already defined Lrner.html:480:1 (Lrner.Rd:283): Warning: <h5> anchor "Returns" already defined Lrner.html:497:1 (Lrner.Rd:292): Warning: <h5> anchor "Usage" already defined Lrner.html:503:1 (Lrner.Rd:296): Warning: <h5> anchor "Returns" already defined Model.html:363:1 (Model.Rd:204): Warning: missing </ul> before </div> Model.html:128:1 (Model.Rd:63): Warning: <h5> anchor "Usage" already defined Model.html:134:1 (Model.Rd:67): Warning: <h5> anchor "Arguments" already defined Model.html:157:1 (Model.Rd:80): Warning: <h5> anchor "Usage" already defined Model.html:163:1 (Model.Rd:84): Warning: <h5> anchor "Arguments" already defined Model.html:186:1 (Model.Rd:97): Warning: <h5> anchor "Usage" already defined Model.html:202:1 (Model.Rd:107): Warning: <h5> anchor "Usage" already defined Model.html:218:1 (Model.Rd:117): Warning: <h5> anchor "Usage" already defined Model.html:224:1 (Model.Rd:121): Warning: <h5> anchor "Arguments" already defined Model.html:247:1 (Model.Rd:134): Warning: <h5> anchor "Usage" already defined Model.html:263:1 (Model.Rd:144): Warning: <h5> anchor "Usage" already defined Model.html:269:1 (Model.Rd:148): Warning: <h5> anchor "Arguments" already defined Model.html:294:1 (Model.Rd:163): Warning: <h5> anchor "Usage" already defined Model.html:300:1 (Model.Rd:167): Warning: <h5> anchor "Arguments" already defined Model.html:322:1 (Model.Rd:183): Warning: <h5> anchor "Returns" already defined Model.html:340:1 (Model.Rd:193): Warning: <h5> anchor "Usage" already defined Model.html:346:1 (Model.Rd:197): Warning: <h5> anchor "Arguments" already defined PredictData.html:125:1 (PredictData.Rd:72): Warning: <h5> anchor "Usage" already defined PredictData.html:131:1 (PredictData.Rd:76): Warning: <h5> anchor "Arguments" already defined PredictData.html:155:1 (PredictData.Rd:90): Warning: <h5> anchor "Usage" already defined PredictData.html:178:1 (PredictData.Rd:103): Warning: <h5> anchor "Usage" already defined PredictData.html:184:1 (PredictData.Rd:107): Warning: <h5> anchor "Returns" already defined PredictData.html:202:1 (PredictData.Rd:117): Warning: <h5> anchor "Usage" already defined PredictData.html:208:1 (PredictData.Rd:121): Warning: <h5> anchor "Arguments" already defined PredictData.html:221:1 (PredictData.Rd:128): Warning: <h5> anchor "Returns" already defined PredictData.html:238:1 (PredictData.Rd:137): Warning: <h5> anchor "Usage" already defined PredictData.html:244:1 (PredictData.Rd:141): Warning: <h5> anchor "Arguments" already defined PredictLayer.html:120:1 (PredictLayer.Rd:65): Warning: <h5> anchor "Usage" already defined PredictLayer.html:126:1 (PredictLayer.Rd:69): Warning: <h5> anchor "Arguments" already defined PredictLayer.html:149:1 (PredictLayer.Rd:82): Warning: <h5> anchor "Usage" already defined PredictLayer.html:172:1 (PredictLayer.Rd:95): Warning: <h5> anchor "Usage" already defined PredictLayer.html:178:1 (PredictLayer.Rd:99): Warning: <h5> anchor "Returns" already defined PredictLayer.html:195:1 (PredictLayer.Rd:108): Warning: <h5> anchor "Usage" already defined PredictLayer.html:201:1 (PredictLayer.Rd:112): Warning: <h5> anchor "Returns" already defined PredictLayer.html:218:1 (PredictLayer.Rd:121): Warning: <h5> anchor "Usage" already defined PredictLayer.html:224:1 (PredictLayer.Rd:125): Warning: <h5> anchor "Arguments" already defined PredictLayer.html:237:1 (PredictLayer.Rd:132): Warning: <h5> anchor "Returns" already defined PredictLayer.html:254:1 (PredictLayer.Rd:141): Warning: <h5> anchor "Usage" already defined PredictMetaLayer.html:266:1 (PredictMetaLayer.Rd:146): Warning: missing </ul> before </div> PredictMetaLayer.html:124:1 (PredictMetaLayer.Rd:64): Warning: <h5> anchor "Usage" already defined PredictMetaLayer.html:130:1 (PredictMetaLayer.Rd:68): Warning: <h5> anchor "Arguments" already defined PredictMetaLayer.html:153:1 (PredictMetaLayer.Rd:81): Warning: <h5> anchor "Usage" already defined PredictMetaLayer.html:176:1 (PredictMetaLayer.Rd:94): Warning: <h5> anchor "Usage" already defined PredictMetaLayer.html:182:1 (PredictMetaLayer.Rd:98): Warning: <h5> anchor "Returns" already defined PredictMetaLayer.html:199:1 (PredictMetaLayer.Rd:107): Warning: <h5> anchor "Usage" already defined PredictMetaLayer.html:205:1 (PredictMetaLayer.Rd:111): Warning: <h5> anchor "Returns" already defined PredictMetaLayer.html:223:1 (PredictMetaLayer.Rd:121): Warning: <h5> anchor "Usage" already defined PredictMetaLayer.html:240:1 (PredictMetaLayer.Rd:132): Warning: <h5> anchor "Usage" already defined PredictMetaLayer.html:256:1 (PredictMetaLayer.Rd:142): Warning: <h5> anchor "Usage" already defined Predicting.html:145:1 (Predicting.Rd:81): Warning: <h5> anchor "Usage" already defined Predicting.html:151:1 (Predicting.Rd:85): Warning: <h5> anchor "Arguments" already defined Predicting.html:174:1 (Predicting.Rd:98): Warning: <h5> anchor "Usage" already defined Predicting.html:180:1 (Predicting.Rd:102): Warning: <h5> anchor "Arguments" already defined Predicting.html:211:1 (Predicting.Rd:119): Warning: <h5> anchor "Usage" already defined Predicting.html:217:1 (Predicting.Rd:123): Warning: <h5> anchor "Returns" already defined Predicting.html:234:1 (Predicting.Rd:132): Warning: <h5> anchor "Usage" already defined Predicting.html:240:1 (Predicting.Rd:136): Warning: <h5> anchor "Returns" already defined Predicting.html:257:1 (Predicting.Rd:145): Warning: <h5> anchor "Usage" already defined Target.html:133:1 (Target.Rd:74): Warning: <h5> anchor "Usage" already defined Target.html:139:1 (Target.Rd:78): Warning: <h5> anchor "Arguments" already defined Target.html:162:1 (Target.Rd:91): Warning: <h5> anchor "Usage" already defined Target.html:168:1 (Target.Rd:95): Warning: <h5> anchor "Arguments" already defined Target.html:192:1 (Target.Rd:109): Warning: <h5> anchor "Usage" already defined Target.html:215:1 (Target.Rd:122): Warning: <h5> anchor "Usage" already defined Target.html:221:1 (Target.Rd:126): Warning: <h5> anchor "Returns" already defined Target.html:238:1 (Target.Rd:135): Warning: <h5> anchor "Usage" already defined Target.html:254:1 (Target.Rd:145): Warning: <h5> anchor "Usage" already defined Target.html:260:1 (Target.Rd:149): Warning: <h5> anchor "Returns" already defined Target.html:279:1 (Target.Rd:160): Warning: <h5> anchor "Usage" already defined Target.html:285:1 (Target.Rd:164): Warning: <h5> anchor "Arguments" already defined Target.html:311:1 (Target.Rd:180): Warning: <h5> anchor "Usage" already defined Target.html:317:1 (Target.Rd:184): Warning: <h5> anchor "Arguments" already defined TestData.html:124:1 (TestData.Rd:73): Warning: <h5> anchor "Usage" already defined TestData.html:130:1 (TestData.Rd:77): Warning: <h5> anchor "Arguments" already defined TestData.html:154:1 (TestData.Rd:91): Warning: <h5> anchor "Usage" already defined TestData.html:177:1 (TestData.Rd:104): Warning: <h5> anchor "Usage" already defined TestData.html:183:1 (TestData.Rd:108): Warning: <h5> anchor "Returns" already defined TestData.html:201:1 (TestData.Rd:118): Warning: <h5> anchor "Usage" already defined TestData.html:207:1 (TestData.Rd:122): Warning: <h5> anchor "Arguments" already defined TestLayer.html:122:1 (TestLayer.Rd:67): Warning: <h5> anchor "Usage" already defined TestLayer.html:128:1 (TestLayer.Rd:71): Warning: <h5> anchor "Arguments" already defined TestLayer.html:151:1 (TestLayer.Rd:84): Warning: <h5> anchor "Usage" already defined TestLayer.html:174:1 (TestLayer.Rd:97): Warning: <h5> anchor "Usage" already defined TestLayer.html:180:1 (TestLayer.Rd:101): Warning: <h5> anchor "Returns" already defined TestLayer.html:197:1 (TestLayer.Rd:110): Warning: <h5> anchor "Usage" already defined TestLayer.html:203:1 (TestLayer.Rd:114): Warning: <h5> anchor "Returns" already defined TestLayer.html:220:1 (TestLayer.Rd:123): Warning: <h5> anchor "Usage" already defined TestLayer.html:226:1 (TestLayer.Rd:127): Warning: <h5> anchor "Returns" already defined TestLayer.html:243:1 (TestLayer.Rd:136): Warning: <h5> anchor "Usage" already defined TestMetaLayer.html:307:1 (TestMetaLayer.Rd:173): Warning: missing </ul> before </div> TestMetaLayer.html:128:1 (TestMetaLayer.Rd:66): Warning: <h5> anchor "Usage" already defined TestMetaLayer.html:134:1 (TestMetaLayer.Rd:70): Warning: <h5> anchor "Arguments" already defined TestMetaLayer.html:157:1 (TestMetaLayer.Rd:83): Warning: <h5> anchor "Usage" already defined TestMetaLayer.html:180:1 (TestMetaLayer.Rd:96): Warning: <h5> anchor "Usage" already defined TestMetaLayer.html:186:1 (TestMetaLayer.Rd:100): Warning: <h5> anchor "Returns" already defined TestMetaLayer.html:204:1 (TestMetaLayer.Rd:110): Warning: <h5> anchor "Usage" already defined TestMetaLayer.html:221:1 (TestMetaLayer.Rd:121): Warning: <h5> anchor "Usage" already defined TestMetaLayer.html:237:1 (TestMetaLayer.Rd:131): Warning: <h5> anchor "Usage" already defined TestMetaLayer.html:254:1 (TestMetaLayer.Rd:142): Warning: <h5> anchor "Usage" already defined TestMetaLayer.html:260:1 (TestMetaLayer.Rd:146): Warning: <h5> anchor "Arguments" already defined TestMetaLayer.html:290:1 (TestMetaLayer.Rd:166): Warning: <h5> anchor "Usage" already defined TestMetaLayer.html:296:1 (TestMetaLayer.Rd:170): Warning: <h5> anchor "Returns" already defined Testing.html:142:1 (Testing.Rd:78): Warning: <h5> anchor "Usage" already defined Testing.html:148:1 (Testing.Rd:82): Warning: <h5> anchor "Arguments" already defined Testing.html:171:1 (Testing.Rd:95): Warning: <h5> anchor "Usage" already defined Testing.html:194:1 (Testing.Rd:108): Warning: <h5> anchor "Usage" already defined Testing.html:200:1 (Testing.Rd:112): Warning: <h5> anchor "Returns" already defined Testing.html:217:1 (Testing.Rd:121): Warning: <h5> anchor "Usage" already defined Testing.html:233:1 (Testing.Rd:131): Warning: <h5> anchor "Usage" already defined Testing.html:249:1 (Testing.Rd:141): Warning: <h5> anchor "Usage" already defined Testing.html:255:1 (Testing.Rd:145): Warning: <h5> anchor "Returns" already defined Testing.html:272:1 (Testing.Rd:154): Warning: <h5> anchor "Usage" already defined Testing.html:278:1 (Testing.Rd:158): Warning: <h5> anchor "Arguments" already defined Testing.html:302:1 (Testing.Rd:172): Warning: <h5> anchor "Usage" already defined TrainData.html:135:1 (TrainData.Rd:74): Warning: <h5> anchor "Usage" already defined TrainData.html:141:1 (TrainData.Rd:78): Warning: <h5> anchor "Arguments" already defined TrainData.html:164:1 (TrainData.Rd:91): Warning: <h5> anchor "Usage" already defined TrainData.html:170:1 (TrainData.Rd:95): Warning: <h5> anchor "Arguments" already defined TrainData.html:194:1 (TrainData.Rd:109): Warning: <h5> anchor "Usage" already defined TrainData.html:217:1 (TrainData.Rd:122): Warning: <h5> anchor "Usage" already defined TrainData.html:223:1 (TrainData.Rd:126): Warning: <h5> anchor "Returns" already defined TrainData.html:240:1 (TrainData.Rd:135): Warning: <h5> anchor "Usage" already defined TrainData.html:256:1 (TrainData.Rd:145): Warning: <h5> anchor "Usage" already defined TrainData.html:262:1 (TrainData.Rd:149): Warning: <h5> anchor "Returns" already defined TrainData.html:280:1 (TrainData.Rd:159): Warning: <h5> anchor "Usage" already defined TrainData.html:286:1 (TrainData.Rd:163): Warning: <h5> anchor "Returns" already defined TrainData.html:304:1 (TrainData.Rd:173): Warning: <h5> anchor "Usage" already defined TrainData.html:310:1 (TrainData.Rd:177): Warning: <h5> anchor "Arguments" already defined TrainData.html:323:1 (TrainData.Rd:184): Warning: <h5> anchor "Returns" already defined TrainData.html:340:1 (TrainData.Rd:193): Warning: <h5> anchor "Usage" already defined TrainData.html:346:1 (TrainData.Rd:197): Warning: <h5> anchor "Arguments" already defined TrainLayer.html:177:1 (TrainLayer.Rd:89): Warning: <h5> anchor "Usage" already defined TrainLayer.html:183:1 (TrainLayer.Rd:93): Warning: <h5> anchor "Arguments" already defined TrainLayer.html:206:1 (TrainLayer.Rd:106): Warning: <h5> anchor "Usage" already defined TrainLayer.html:229:1 (TrainLayer.Rd:119): Warning: <h5> anchor "Usage" already defined TrainLayer.html:245:1 (TrainLayer.Rd:129): Warning: <h5> anchor "Usage" already defined TrainLayer.html:251:1 (TrainLayer.Rd:133): Warning: <h5> anchor "Arguments" already defined TrainLayer.html:271:1 (TrainLayer.Rd:147): Warning: <h5> anchor "Returns" already defined TrainLayer.html:288:1 (TrainLayer.Rd:156): Warning: <h5> anchor "Usage" already defined TrainLayer.html:294:1 (TrainLayer.Rd:160): Warning: <h5> anchor "Arguments" already defined TrainLayer.html:311:1 (TrainLayer.Rd:171): Warning: <h5> anchor "Returns" already defined TrainLayer.html:328:1 (TrainLayer.Rd:180): Warning: <h5> anchor "Usage" already defined TrainLayer.html:334:1 (TrainLayer.Rd:184): Warning: <h5> anchor "Arguments" already defined TrainLayer.html:352:1 (TrainLayer.Rd:196): Warning: <h5> anchor "Returns" already defined TrainLayer.html:369:1 (TrainLayer.Rd:205): Warning: <h5> anchor "Usage" already defined TrainLayer.html:375:1 (TrainLayer.Rd:209): Warning: <h5> anchor "Returns" already defined TrainLayer.html:392:1 (TrainLayer.Rd:218): Warning: <h5> anchor "Usage" already defined TrainLayer.html:398:1 (TrainLayer.Rd:222): Warning: <h5> anchor "Returns" already defined TrainLayer.html:415:1 (TrainLayer.Rd:231): Warning: <h5> anchor "Usage" already defined TrainLayer.html:421:1 (TrainLayer.Rd:235): Warning: <h5> anchor "Returns" already defined TrainLayer.html:438:1 (TrainLayer.Rd:244): Warning: <h5> anchor "Usage" already defined TrainLayer.html:444:1 (TrainLayer.Rd:248): Warning: <h5> anchor "Returns" already defined TrainLayer.html:461:1 (TrainLayer.Rd:257): Warning: <h5> anchor "Usage" already defined TrainLayer.html:467:1 (TrainLayer.Rd:261): Warning: <h5> anchor "Returns" already defined TrainLayer.html:484:1 (TrainLayer.Rd:270): Warning: <h5> anchor "Usage" already defined TrainLayer.html:490:1 (TrainLayer.Rd:274): Warning: <h5> anchor "Returns" already defined TrainLayer.html:507:1 (TrainLayer.Rd:283): Warning: <h5> anchor "Usage" already defined TrainLayer.html:513:1 (TrainLayer.Rd:287): Warning: <h5> anchor "Returns" already defined TrainLayer.html:530:1 (TrainLayer.Rd:296): Warning: <h5> anchor "Usage" already defined TrainLayer.html:536:1 (TrainLayer.Rd:300): Warning: <h5> anchor "Returns" already defined TrainLayer.html:553:1 (TrainLayer.Rd:309): Warning: <h5> anchor "Usage" already defined TrainLayer.html:559:1 (TrainLayer.Rd:313): Warning: <h5> anchor "Returns" already defined TrainLayer.html:576:1 (TrainLayer.Rd:322): Warning: <h5> anchor "Usage" already defined TrainLayer.html:582:1 (TrainLayer.Rd:326): Warning: <h5> anchor "Returns" already defined TrainLayer.html:599:1 (TrainLayer.Rd:335): Warning: <h5> anchor "Usage" already defined TrainLayer.html:605:1 (TrainLayer.Rd:339): Warning: <h5> anchor "Returns" already defined TrainLayer.html:622:1 (TrainLayer.Rd:348): Warning: <h5> anchor "Usage" already defined TrainMetaLayer.html:618:1 (TrainMetaLayer.Rd:349): Warning: missing </ul> before </div> TrainMetaLayer.html:176:1 (TrainMetaLayer.Rd:85): Warning: <h5> anchor "Usage" already defined TrainMetaLayer.html:182:1 (TrainMetaLayer.Rd:89): Warning: <h5> anchor "Arguments" already defined TrainMetaLayer.html:205:1 (TrainMetaLayer.Rd:102): Warning: <h5> anchor "Usage" already defined TrainMetaLayer.html:228:1 (TrainMetaLayer.Rd:115): Warning: <h5> anchor "Usage" already defined TrainMetaLayer.html:244:1 (TrainMetaLayer.Rd:125): Warning: <h5> anchor "Usage" already defined TrainMetaLayer.html:250:1 (TrainMetaLayer.Rd:129): Warning: <h5> anchor "Arguments" already defined TrainMetaLayer.html:267:1 (TrainMetaLayer.Rd:140): Warning: <h5> anchor "Returns" already defined TrainMetaLayer.html:284:1 (TrainMetaLayer.Rd:149): Warning: <h5> anchor "Usage" already defined TrainMetaLayer.html:290:1 (TrainMetaLayer.Rd:153): Warning: <h5> anchor "Arguments" already defined TrainMetaLayer.html:307:1 (TrainMetaLayer.Rd:164): Warning: <h5> anchor "Returns" already defined TrainMetaLayer.html:325:1 (TrainMetaLayer.Rd:174): Warning: <h5> anchor "Usage" already defined TrainMetaLayer.html:331:1 (TrainMetaLayer.Rd:178): Warning: <h5> anchor "Arguments" already defined TrainMetaLayer.html:350:1 (TrainMetaLayer.Rd:191): Warning: <h5> anchor "Returns" already defined TrainMetaLayer.html:367:1 (TrainMetaLayer.Rd:200): Warning: <h5> anchor "Usage" already defined TrainMetaLayer.html:373:1 (TrainMetaLayer.Rd:204): Warning: <h5> anchor "Returns" already defined TrainMetaLayer.html:390:1 (TrainMetaLayer.Rd:213): Warning: <h5> anchor "Usage" already defined TrainMetaLayer.html:396:1 (TrainMetaLayer.Rd:217): Warning: <h5> anchor "Returns" already defined TrainMetaLayer.html:413:1 (TrainMetaLayer.Rd:226): Warning: <h5> anchor "Usage" already defined TrainMetaLayer.html:419:1 (TrainMetaLayer.Rd:230): Warning: <h5> anchor "Returns" already defined TrainMetaLayer.html:437:1 (TrainMetaLayer.Rd:240): Warning: <h5> anchor "Usage" already defined TrainMetaLayer.html:454:1 (TrainMetaLayer.Rd:251): Warning: <h5> anchor "Usage" already defined TrainMetaLayer.html:470:1 (TrainMetaLayer.Rd:261): Warning: <h5> anchor "Usage" already defined TrainMetaLayer.html:487:1 (TrainMetaLayer.Rd:272): Warning: <h5> anchor "Usage" already defined TrainMetaLayer.html:493:1 (TrainMetaLayer.Rd:276): Warning: <h5> anchor "Arguments" already defined TrainMetaLayer.html:523:1 (TrainMetaLayer.Rd:296): Warning: <h5> anchor "Usage" already defined TrainMetaLayer.html:529:1 (TrainMetaLayer.Rd:300): Warning: <h5> anchor "Returns" already defined TrainMetaLayer.html:546:1 (TrainMetaLayer.Rd:309): Warning: <h5> anchor "Usage" already defined TrainMetaLayer.html:552:1 (TrainMetaLayer.Rd:313): Warning: <h5> anchor "Returns" already defined TrainMetaLayer.html:569:1 (TrainMetaLayer.Rd:322): Warning: <h5> anchor "Usage" already defined TrainMetaLayer.html:575:1 (TrainMetaLayer.Rd:326): Warning: <h5> anchor "Returns" already defined TrainMetaLayer.html:592:1 (TrainMetaLayer.Rd:335): Warning: <h5> anchor "Usage" already defined TrainMetaLayer.html:608:1 (TrainMetaLayer.Rd:345): Warning: <h5> anchor "Usage" already defined Training.html:243:1 (Training.Rd:127): Warning: <h5> anchor "Usage" already defined Training.html:249:1 (Training.Rd:131): Warning: <h5> anchor "Arguments" already defined Training.html:272:1 (Training.Rd:144): Warning: <h5> anchor "Usage" already defined Training.html:278:1 (Training.Rd:148): Warning: <h5> anchor "Arguments" already defined Training.html:315:1 (Training.Rd:171): Warning: <h5> anchor "Usage" already defined Training.html:321:1 (Training.Rd:175): Warning: <h5> anchor "Arguments" already defined Training.html:338:1 (Training.Rd:186): Warning: <h5> anchor "Returns" already defined Training.html:355:1 (Training.Rd:195): Warning: <h5> anchor "Usage" already defined Training.html:366:1 (Training.Rd:204): Warning: <h5> anchor "Arguments" already defined Training.html:389:1 (Training.Rd:221): Warning: <h5> anchor "Returns" already defined Training.html:406:1 (Training.Rd:230): Warning: <h5> anchor "Usage" already defined Training.html:418:1 (Training.Rd:240): Warning: <h5> anchor "Arguments" already defined Training.html:444:1 (Training.Rd:260): Warning: <h5> anchor "Returns" already defined Training.html:461:1 (Training.Rd:269): Warning: <h5> anchor "Usage" already defined Training.html:467:1 (Training.Rd:273): Warning: <h5> anchor "Arguments" already defined Training.html:484:1 (Training.Rd:284): Warning: <h5> anchor "Returns" already defined Training.html:501:1 (Training.Rd:293): Warning: <h5> anchor "Usage" already defined Training.html:507:1 (Training.Rd:297): Warning: <h5> anchor "Arguments" already defined Training.html:524:1 (Training.Rd:308): Warning: <h5> anchor "Returns" already defined Training.html:541:1 (Training.Rd:317): Warning: <h5> anchor "Usage" already defined Training.html:547:1 (Training.Rd:321): Warning: <h5> anchor "Returns" already defined Training.html:564:1 (Training.Rd:330): Warning: <h5> anchor "Usage" already defined Training.html:570:1 (Training.Rd:334): Warning: <h5> anchor "Returns" already defined Training.html:587:1 (Training.Rd:343): Warning: <h5> anchor "Usage" already defined Training.html:593:1 (Training.Rd:347): Warning: <h5> anchor "Arguments" already defined Training.html:607:1 (Training.Rd:355): Warning: <h5> anchor "Returns" already defined Training.html:624:1 (Training.Rd:364): Warning: <h5> anchor "Usage" already defined Training.html:630:1 (Training.Rd:368): Warning: <h5> anchor "Returns" already defined Training.html:647:1 (Training.Rd:377): Warning: <h5> anchor "Usage" already defined Training.html:653:1 (Training.Rd:381): Warning: <h5> anchor "Returns" already defined Training.html:670:1 (Training.Rd:390): Warning: <h5> anchor "Usage" already defined Training.html:676:1 (Training.Rd:394): Warning: <h5> anchor "Returns" already defined Training.html:693:1 (Training.Rd:403): Warning: <h5> anchor "Usage" already defined Training.html:699:1 (Training.Rd:407): Warning: <h5> anchor "Arguments" already defined Training.html:713:1 (Training.Rd:415): Warning: <h5> anchor "Returns" already defined Training.html:730:1 (Training.Rd:424): Warning: <h5> anchor "Usage" already defined Training.html:746:1 (Training.Rd:434): Warning: <h5> anchor "Usage" already defined Training.html:762:1 (Training.Rd:444): Warning: <h5> anchor "Usage" already defined Training.html:778:1 (Training.Rd:454): Warning: <h5> anchor "Usage" already defined Training.html:794:1 (Training.Rd:464): Warning: <h5> anchor "Usage" already defined Training.html:810:1 (Training.Rd:474): Warning: <h5> anchor "Usage" already defined Training.html:826:1 (Training.Rd:484): Warning: <h5> anchor "Usage" already defined Training.html:842:1 (Training.Rd:494): Warning: <h5> anchor "Usage" already defined Training.html:848:1 (Training.Rd:498): Warning: <h5> anchor "Returns" already defined Training.html:865:1 (Training.Rd:507): Warning: <h5> anchor "Usage" already defined Training.html:881:1 (Training.Rd:517): Warning: <h5> anchor "Usage" already defined Training.html:897:1 (Training.Rd:527): Warning: <h5> anchor "Usage" already defined Training.html:903:1 (Training.Rd:531): Warning: <h5> anchor "Arguments" already defined Training.html:928:1 (Training.Rd:546): Warning: <h5> anchor "Usage" already defined Training.html:944:1 (Training.Rd:556): Warning: <h5> anchor "Usage" already defined Training.html:950:1 (Training.Rd:560): Warning: <h5> anchor "Arguments" already defined Training.html:974:1 (Training.Rd:574): Warning: <h5> anchor "Usage" already defined VarSel.html:437:1 (VarSel.Rd:254): Warning: missing </ul> before </div> VarSel.html:142:1 (VarSel.Rd:77): Warning: <h5> anchor "Usage" already defined VarSel.html:148:1 (VarSel.Rd:81): Warning: <h5> anchor "Arguments" already defined VarSel.html:171:1 (VarSel.Rd:94): Warning: <h5> anchor "Usage" already defined VarSel.html:177:1 (VarSel.Rd:98): Warning: <h5> anchor "Arguments" already defined VarSel.html:202:1 (VarSel.Rd:113): Warning: <h5> anchor "Usage" already defined VarSel.html:214:1 (VarSel.Rd:123): Warning: <h5> anchor "Arguments" already defined VarSel.html:252:1 (VarSel.Rd:151): Warning: <h5> anchor "Usage" already defined VarSel.html:258:1 (VarSel.Rd:155): Warning: <h5> anchor "Arguments" already defined VarSel.html:289:1 (VarSel.Rd:172): Warning: <h5> anchor "Usage" already defined VarSel.html:295:1 (VarSel.Rd:176): Warning: <h5> anchor "Returns" already defined VarSel.html:312:1 (VarSel.Rd:185): Warning: <h5> anchor "Usage" already defined VarSel.html:318:1 (VarSel.Rd:189): Warning: <h5> anchor "Returns" already defined VarSel.html:335:1 (VarSel.Rd:198): Warning: <h5> anchor "Usage" already defined VarSel.html:341:1 (VarSel.Rd:202): Warning: <h5> anchor "Returns" already defined VarSel.html:358:1 (VarSel.Rd:211): Warning: <h5> anchor "Usage" already defined VarSel.html:364:1 (VarSel.Rd:215): Warning: <h5> anchor "Returns" already defined VarSel.html:381:1 (VarSel.Rd:224): Warning: <h5> anchor "Usage" already defined VarSel.html:387:1 (VarSel.Rd:228): Warning: <h5> anchor "Returns" already defined VarSel.html:404:1 (VarSel.Rd:237): Warning: <h5> anchor "Usage" already defined VarSel.html:420:1 (VarSel.Rd:247): Warning: <h5> anchor "Usage" already defined VarSel.html:426:1 (VarSel.Rd:251): Warning: <h5> anchor "Returns" already defined createCobraPred.html:91:1 (createCobraPred.Rd:37): Warning: missing </ul> before </div> createDif.html:46:1 (createDif.Rd:10): Warning: missing </ul> before </div> createLoss.html:50:1 (createLoss.Rd:12): Warning: missing </ul> before </div> createWeights.html:74:1 (createWeights.Rd:26): Warning: missing </ul> before </div> summary.Testing.html:53:1 (summary.Testing.Rd:14): Warning: missing </ul> before </div> summary.Training.html:53:1 (summary.Training.Rd:14): Warning: missing </ul> before </div> upsetplot.html:52:1 (upsetplot.Rd:14): Warning: missing </ul> before </div> Flavor: r-devel-linux-x86_64-debian-gcc