Last updated on 2025-10-21 09:48:33 CEST.
Flavor | Version | Tinstall | Tcheck | Ttotal | Status | Flags |
---|---|---|---|---|---|---|
r-devel-linux-x86_64-debian-clang | 0.2.2 | 2.39 | 31.09 | 33.48 | OK | |
r-devel-linux-x86_64-debian-gcc | 0.2.2 | 1.84 | 24.47 | 26.31 | NOTE | |
r-devel-linux-x86_64-fedora-clang | 0.2.2 | 46.94 | OK | |||
r-devel-linux-x86_64-fedora-gcc | 0.2.2 | 44.33 | OK | |||
r-devel-windows-x86_64 | 0.2.2 | 3.00 | 55.00 | 58.00 | OK | |
r-patched-linux-x86_64 | 0.2.2 | 2.76 | 27.87 | 30.63 | OK | |
r-release-linux-x86_64 | 0.2.2 | 2.14 | 28.10 | 30.24 | OK | |
r-release-macos-arm64 | 0.2.2 | 31.00 | OK | |||
r-release-macos-x86_64 | 0.2.2 | 37.00 | OK | |||
r-release-windows-x86_64 | 0.2.2 | 3.00 | 57.00 | 60.00 | OK | |
r-oldrel-macos-arm64 | 0.2.2 | 26.00 | OK | |||
r-oldrel-macos-x86_64 | 0.2.2 | 35.00 | OK | |||
r-oldrel-windows-x86_64 | 0.2.2 | 4.00 | 61.00 | 65.00 | OK |
Version: 0.2.2
Check: HTML version of manual
Result: NOTE
Found the following HTML validation problems:
yes_no.html:60:1 (yes_no.Rd:18): Warning: missing </ul> before </div>
Flavor: r-devel-linux-x86_64-debian-gcc