Last updated on 2025-10-21 09:48:33 CEST.
Flavor | Version | Tinstall | Tcheck | Ttotal | Status | Flags |
---|---|---|---|---|---|---|
r-devel-linux-x86_64-debian-clang | 2.3 | 12.06 | 84.33 | 96.39 | NOTE | |
r-devel-linux-x86_64-debian-gcc | 2.3 | 9.57 | 58.45 | 68.02 | NOTE | |
r-devel-linux-x86_64-fedora-clang | 2.3 | 158.03 | OK | |||
r-devel-linux-x86_64-fedora-gcc | 2.3 | 143.56 | OK | |||
r-devel-windows-x86_64 | 2.3 | 14.00 | 85.00 | 99.00 | OK | |
r-patched-linux-x86_64 | 2.3 | 10.89 | 81.41 | 92.30 | OK | |
r-release-linux-x86_64 | 2.3 | 13.53 | 80.57 | 94.10 | OK | |
r-release-macos-arm64 | 2.3 | 47.00 | OK | |||
r-release-macos-x86_64 | 2.3 | 84.00 | OK | |||
r-release-windows-x86_64 | 2.3 | 15.00 | 87.00 | 102.00 | OK | |
r-oldrel-macos-arm64 | 2.3 | 40.00 | OK | |||
r-oldrel-macos-x86_64 | 2.3 | 63.00 | OK | |||
r-oldrel-windows-x86_64 | 2.3 | 21.00 | 109.00 | 130.00 | OK |
Version: 2.3
Check: CRAN incoming feasibility
Result: NOTE
Maintainer: ‘Maengseok Noh <msnoh@pknu.ac.kr>’
No Authors@R field in DESCRIPTION.
Please add one, modifying
Authors@R: c(person(given = c("Il", "Do"),
family = "Ha",
role = "aut"),
person(given = "Maengseok",
family = "Noh",
role = c("aut", "cre"),
email = "msnoh@pknu.ac.kr"),
person(given = "Jiwoong",
family = "Kim",
role = "aut"),
person(given = "Youngjo",
family = "Lee",
role = "aut"))
as necessary.
Flavors: r-devel-linux-x86_64-debian-clang, r-devel-linux-x86_64-debian-gcc
Version: 2.3
Check: HTML version of manual
Result: NOTE
Found the following HTML validation problems:
CmpRsk.html:53:1 (CmpRsk.Rd:17): Warning: missing </ul> before </div>
frailty.vs.html:90:1 (frailty.vs.Rd:26): Warning: missing </ul> before </div>
hlike.frailty.html:89:1 (hlike.frailty.Rd:31): Warning: missing </ul> before </div>
jmfit.html:65:1 (jmfit.Rd:20): Warning: missing </ul> before </div>
jointmodeling.html:73:1 (jointmodeling.Rd:24): Warning: missing </ul> before </div>
mlmfit.html:67:1 (mlmfit.Rd:18): Warning: missing </ul> before </div>
Flavor: r-devel-linux-x86_64-debian-gcc