Last updated on 2025-10-21 09:48:32 CEST.
Flavor | Version | Tinstall | Tcheck | Ttotal | Status | Flags |
---|---|---|---|---|---|---|
r-devel-linux-x86_64-debian-clang | 3.1.7 | 6.34 | 82.59 | 88.93 | OK | |
r-devel-linux-x86_64-debian-gcc | 3.1.7 | 4.22 | 59.98 | 64.20 | NOTE | |
r-devel-linux-x86_64-fedora-clang | 3.1.7 | 136.99 | OK | |||
r-devel-linux-x86_64-fedora-gcc | 3.1.7 | 139.42 | OK | |||
r-devel-windows-x86_64 | 3.1.7 | 7.00 | 93.00 | 100.00 | OK | |
r-patched-linux-x86_64 | 3.1.7 | 7.36 | 77.58 | 84.94 | OK | |
r-release-linux-x86_64 | 3.1.7 | 6.18 | 79.24 | 85.42 | OK | |
r-release-macos-arm64 | 3.1.7 | 72.00 | OK | |||
r-release-macos-x86_64 | 3.1.7 | 110.00 | OK | |||
r-release-windows-x86_64 | 3.1.7 | 9.00 | 93.00 | 102.00 | OK | |
r-oldrel-macos-arm64 | 3.1.7 | 56.00 | OK | |||
r-oldrel-macos-x86_64 | 3.1.7 | 108.00 | OK | |||
r-oldrel-windows-x86_64 | 3.1.7 | 10.00 | 115.00 | 125.00 | OK |
Version: 3.1.7
Check: HTML version of manual
Result: NOTE
Found the following HTML validation problems:
drawHorizontalLines.html:56:1 (drawHorizontalLines.Rd:16): Warning: missing </ul> before </div>
prepLines.html:67:1 (prepLines.Rd:23): Warning: missing </ul> before </div>
safeLoadPackage.html:46:1 (safeLoadPackage.Rd:10): Warning: missing </ul> before </div>
Flavor: r-devel-linux-x86_64-debian-gcc