Last updated on 2025-10-21 09:48:32 CEST.
Flavor | Version | Tinstall | Tcheck | Ttotal | Status | Flags |
---|---|---|---|---|---|---|
r-devel-linux-x86_64-debian-clang | 2.0.0 | 40.12 | 139.19 | 179.31 | OK | |
r-devel-linux-x86_64-debian-gcc | 2.0.0 | 26.73 | 96.37 | 123.10 | NOTE | |
r-devel-linux-x86_64-fedora-clang | 2.0.0 | 304.48 | OK | |||
r-devel-linux-x86_64-fedora-gcc | 2.0.0 | 285.58 | OK | |||
r-devel-windows-x86_64 | 2.0.0 | 46.00 | 164.00 | 210.00 | OK | |
r-patched-linux-x86_64 | 2.0.0 | 41.44 | 130.43 | 171.87 | OK | |
r-release-linux-x86_64 | 2.0.0 | 40.57 | 132.43 | 173.00 | OK | |
r-release-macos-arm64 | 2.0.0 | 80.00 | OK | |||
r-release-macos-x86_64 | 2.0.0 | 205.00 | OK | |||
r-release-windows-x86_64 | 2.0.0 | 51.00 | 164.00 | 215.00 | OK | |
r-oldrel-macos-arm64 | 2.0.0 | 82.00 | OK | |||
r-oldrel-macos-x86_64 | 2.0.0 | 176.00 | OK | |||
r-oldrel-windows-x86_64 | 2.0.0 | 58.00 | 212.00 | 270.00 | OK |
Version: 2.0.0
Check: HTML version of manual
Result: NOTE
Found the following HTML validation problems:
func_F0.html:46:1 (func_F0.Rd:10): Warning: missing </ul> before </div>
func_P.html:50:1 (func_P.Rd:12): Warning: missing </ul> before </div>
func_R.html:50:1 (func_R.Rd:12): Warning: missing </ul> before </div>
func_WDcor.html:46:1 (func_WDcor.Rd:10): Warning: missing </ul> before </div>
func_avg.html:46:1 (func_avg.Rd:10): Warning: missing </ul> before </div>
func_avgDSD.html:50:1 (func_avgDSD.Rd:12): Warning: missing </ul> before </div>
func_avgDwellTime.html:46:1 (func_avgDwellTime.Rd:10): Warning: missing </ul> before </div>
func_avgWSD.html:50:1 (func_avgWSD.Rd:12): Warning: missing </ul> before </div>
func_cor.html:46:1 (func_cor.Rd:10): Warning: missing </ul> before </div>
func_cv.html:46:1 (func_cv.Rd:10): Warning: missing </ul> before </div>
func_dyWet.html:50:1 (func_dyWet.Rd:12): Warning: missing </ul> before </div>
func_maxDSD.html:50:1 (func_maxDSD.Rd:12): Warning: missing </ul> before </div>
func_maxWSD.html:50:1 (func_maxWSD.Rd:12): Warning: missing </ul> before </div>
func_nWet.html:50:1 (func_nWet.Rd:12): Warning: missing </ul> before </div>
func_normP.html:50:1 (func_normP.Rd:12): Warning: missing </ul> before </div>
func_rng.html:50:1 (func_rng.Rd:12): Warning: missing </ul> before </div>
func_seasRatio.html:50:1 (func_seasRatio.Rd:12): Warning: missing </ul> before </div>
func_tot.html:46:1 (func_tot.Rd:10): Warning: missing </ul> before </div>
func_wettest6monPeakDay.html:50:1 (func_wettest6monPeakDay.Rd:12): Warning: missing </ul> before </div>
func_wettest6monSeasRatio.html:50:1 (func_wettest6monSeasRatio.Rd:12): Warning: missing </ul> before </div>
mvFunc_avgDryDay.html:50:1 (mvFunc_avgDryDay.Rd:12): Warning: missing </ul> before </div>
mvFunc_avgWetDay.html:50:1 (mvFunc_avgWetDay.Rd:12): Warning: missing </ul> before </div>
mvFunc_cor.html:50:1 (mvFunc_cor.Rd:12): Warning: missing </ul> before </div>
mvFunc_cvDryDay.html:50:1 (mvFunc_cvDryDay.Rd:12): Warning: missing </ul> before </div>
mvFunc_cvWetDay.html:50:1 (mvFunc_cvWetDay.Rd:12): Warning: missing </ul> before </div>
tankPerformance.html:78:1 (tankPerformance.Rd:24): Warning: missing </ul> before </div>
Flavor: r-devel-linux-x86_64-debian-gcc