Last updated on 2025-02-21 09:50:44 CET.
Flavor | Version | Tinstall | Tcheck | Ttotal | Status | Flags |
---|---|---|---|---|---|---|
r-devel-linux-x86_64-debian-clang | 0.2 | 3.60 | 41.06 | 44.66 | NOTE | |
r-devel-linux-x86_64-debian-gcc | 0.2 | 2.13 | 29.15 | 31.28 | NOTE | |
r-devel-linux-x86_64-fedora-clang | 0.2 | 70.34 | NOTE | |||
r-devel-linux-x86_64-fedora-gcc | 0.2 | 79.99 | NOTE | |||
r-devel-macos-arm64 | 0.2 | 33.00 | OK | |||
r-devel-macos-x86_64 | 0.2 | 58.00 | NOTE | |||
r-devel-windows-x86_64 | 0.2 | 6.00 | 57.00 | 63.00 | NOTE | |
r-patched-linux-x86_64 | 0.2 | 3.64 | 37.88 | 41.52 | OK | |
r-release-linux-x86_64 | 0.2 | 2.75 | 38.14 | 40.89 | OK | |
r-release-macos-arm64 | 0.2 | 34.00 | OK | |||
r-release-macos-x86_64 | 0.2 | 73.00 | OK | |||
r-release-windows-x86_64 | 0.2 | 6.00 | 58.00 | 64.00 | OK | |
r-oldrel-macos-arm64 | 0.2 | 34.00 | OK | |||
r-oldrel-macos-x86_64 | 0.2 | 57.00 | OK | |||
r-oldrel-windows-x86_64 | 0.2 | 6.00 | 86.00 | 92.00 | OK |
Version: 0.2
Check: DESCRIPTION meta-information
Result: NOTE
Missing dependency on R >= 4.1.0 because package code uses the pipe
|> or function shorthand \(...) syntax added in R 4.1.0.
File(s) using such syntax:
‘airport_footprint.R’ ‘latlong_footprint.R’
Flavors: r-devel-linux-x86_64-debian-clang, r-devel-linux-x86_64-debian-gcc, r-devel-linux-x86_64-fedora-clang, r-devel-linux-x86_64-fedora-gcc, r-devel-macos-x86_64, r-devel-windows-x86_64