CRAN Package Check Results for Package fontquiver

Last updated on 2025-10-21 09:48:32 CEST.

Flavor Version Tinstall Tcheck Ttotal Status Flags
r-devel-linux-x86_64-debian-clang 0.2.1 2.09 23.05 25.14 OK
r-devel-linux-x86_64-debian-gcc 0.2.1 1.71 18.18 19.89 NOTE
r-devel-linux-x86_64-fedora-clang 0.2.1 39.29 OK
r-devel-linux-x86_64-fedora-gcc 0.2.1 35.87 OK
r-devel-windows-x86_64 0.2.1 4.00 43.00 47.00 OK
r-patched-linux-x86_64 0.2.1 2.28 21.76 24.04 OK
r-release-linux-x86_64 0.2.1 1.81 21.80 23.61 OK
r-release-macos-arm64 0.2.1 20.00 OK
r-release-macos-x86_64 0.2.1 26.00 OK
r-release-windows-x86_64 0.2.1 6.00 44.00 50.00 OK
r-oldrel-macos-arm64 0.2.1 17.00 NOTE
r-oldrel-macos-x86_64 0.2.1 26.00 NOTE
r-oldrel-windows-x86_64 0.2.1 5.00 49.00 54.00 NOTE

Check Details

Version: 0.2.1
Check: HTML version of manual
Result: NOTE Found the following HTML validation problems: fontset_register.html:54:1 (fontset_register.Rd:14): Warning: missing </ul> before </div> Flavor: r-devel-linux-x86_64-debian-gcc

Version: 0.2.1
Check: LazyData
Result: NOTE 'LazyData' is specified without a 'data' directory Flavors: r-oldrel-macos-arm64, r-oldrel-macos-x86_64, r-oldrel-windows-x86_64