Last updated on 2025-02-21 09:50:44 CET.
Flavor | Version | Tinstall | Tcheck | Ttotal | Status | Flags |
---|---|---|---|---|---|---|
r-devel-linux-x86_64-debian-clang | 0.1.0 | 1.57 | 7.73 | 9.30 | OK | |
r-devel-linux-x86_64-debian-gcc | 0.1.0 | 1.31 | 6.49 | 7.80 | OK | |
r-devel-linux-x86_64-fedora-clang | 0.1.0 | 14.26 | OK | |||
r-devel-linux-x86_64-fedora-gcc | 0.1.0 | 13.94 | OK | |||
r-devel-macos-arm64 | 0.1.0 | 10.00 | OK | |||
r-devel-macos-x86_64 | 0.1.0 | 18.00 | OK | |||
r-devel-windows-x86_64 | 0.1.0 | 2.00 | 18.00 | 20.00 | OK | |
r-patched-linux-x86_64 | 0.1.0 | 1.27 | 7.52 | 8.79 | NOTE | |
r-release-linux-x86_64 | 0.1.0 | 1.36 | 7.44 | 8.80 | NOTE | |
r-release-macos-arm64 | 0.1.0 | 17.00 | NOTE | |||
r-release-macos-x86_64 | 0.1.0 | 12.00 | NOTE | |||
r-release-windows-x86_64 | 0.1.0 | 3.00 | 19.00 | 22.00 | NOTE | |
r-oldrel-macos-arm64 | 0.1.0 | 11.00 | NOTE | |||
r-oldrel-macos-x86_64 | 0.1.0 | 12.00 | NOTE | |||
r-oldrel-windows-x86_64 | 0.1.0 | 2.00 | 18.00 | 20.00 | NOTE |
Version: 0.1.0
Check: LazyData
Result: NOTE
'LazyData' is specified without a 'data' directory
Flavors: r-patched-linux-x86_64, r-release-linux-x86_64, r-release-macos-arm64, r-release-macos-x86_64, r-release-windows-x86_64, r-oldrel-macos-arm64, r-oldrel-macos-x86_64, r-oldrel-windows-x86_64
Version: 0.1.0
Check: installed package size
Result: NOTE
installed size is 6.2Mb
sub-directories of 1Mb or more:
fonts 6.1Mb
Flavors: r-release-macos-arm64, r-release-macos-x86_64, r-release-windows-x86_64, r-oldrel-macos-arm64, r-oldrel-macos-x86_64, r-oldrel-windows-x86_64