Last updated on 2025-10-21 09:48:32 CEST.
Flavor | Version | Tinstall | Tcheck | Ttotal | Status | Flags |
---|---|---|---|---|---|---|
r-devel-linux-x86_64-debian-clang | 1.3.3 | 11.52 | 539.33 | 550.85 | OK | |
r-devel-linux-x86_64-debian-gcc | 1.3.3 | 7.20 | 320.78 | 327.98 | NOTE | |
r-devel-linux-x86_64-fedora-clang | 1.3.3 | 932.23 | OK | |||
r-devel-linux-x86_64-fedora-gcc | 1.3.3 | 863.44 | OK | |||
r-devel-windows-x86_64 | 1.3.3 | 13.00 | 440.00 | 453.00 | OK | |
r-patched-linux-x86_64 | 1.3.3 | 11.87 | 511.25 | 523.12 | OK | |
r-release-linux-x86_64 | 1.3.3 | 11.17 | 513.29 | 524.46 | OK | |
r-release-macos-arm64 | 1.3.3 | 195.00 | OK | |||
r-release-macos-x86_64 | 1.3.3 | 578.00 | OK | |||
r-release-windows-x86_64 | 1.3.3 | 14.00 | 439.00 | 453.00 | OK | |
r-oldrel-macos-arm64 | 1.3.3 | 191.00 | OK | |||
r-oldrel-macos-x86_64 | 1.3.3 | 624.00 | OK | |||
r-oldrel-windows-x86_64 | 1.3.3 | 19.00 | 641.00 | 660.00 | OK |
Version: 1.3.3
Check: HTML version of manual
Result: NOTE
Found the following HTML validation problems:
flux_cut.html:54:1 (flux_cut.Rd:14): Warning: missing </ul> before </div>
flux_fit_type.html:61:1 (flux_fit_type.Rd:20): Warning: missing </ul> before </div>
flux_fortify.html:77:1 (flux_fortify.Rd:31): Warning: missing </ul> before </div>
flux_fortify_exp.html:51:1 (flux_fortify_exp.Rd:12): Warning: missing </ul> before </div>
flux_fortify_lin.html:47:1 (flux_fortify_lin.Rd:10): Warning: missing </ul> before </div>
flux_fortify_quadratic.html:47:1 (flux_fortify_quadratic.Rd:10): Warning: missing </ul> before </div>
flux_match_col.html:60:1 (flux_match_col.Rd:18): Warning: missing </ul> before </div>
flux_match_fixed.html:57:1 (flux_match_fixed.Rd:17): Warning: missing </ul> before </div>
flux_param_exp.html:49:1 (flux_param_exp.Rd:10): Warning: missing </ul> before </div>
flux_param_kappamax.html:49:1 (flux_param_kappamax.Rd:10): Warning: missing </ul> before </div>
flux_param_lm.html:49:1 (flux_param_lm.Rd:10): Warning: missing </ul> before </div>
flux_param_qua.html:49:1 (flux_param_qua.Rd:10): Warning: missing </ul> before </div>
flux_plot_flag.html:51:1 (flux_plot_flag.Rd:12): Warning: missing </ul> before </div>
flux_plot_longpdf.html:59:1 (flux_plot_longpdf.Rd:17): Warning: missing </ul> before </div>
flux_plot_pdf.html:59:1 (flux_plot_pdf.Rd:17): Warning: missing </ul> before </div>
flux_print_plot.html:51:1 (flux_print_plot.Rd:13): Warning: missing </ul> before </div>
flux_quality_kappamax.html:103:1 (flux_quality_kappamax.Rd:47): Warning: missing </ul> before </div>
Flavor: r-devel-linux-x86_64-debian-gcc