Last updated on 2025-10-21 09:48:32 CEST.
Flavor | Version | Tinstall | Tcheck | Ttotal | Status | Flags |
---|---|---|---|---|---|---|
r-devel-linux-x86_64-debian-clang | 0.9.0 | 4.27 | 85.65 | 89.92 | OK | |
r-devel-linux-x86_64-debian-gcc | 0.9.0 | 3.08 | 59.93 | 63.01 | NOTE | |
r-devel-linux-x86_64-fedora-clang | 0.9.0 | 142.98 | OK | |||
r-devel-linux-x86_64-fedora-gcc | 0.9.0 | 150.31 | OK | |||
r-devel-windows-x86_64 | 0.9.0 | 7.00 | 98.00 | 105.00 | OK | |
r-patched-linux-x86_64 | 0.9.0 | 4.59 | 79.07 | 83.66 | OK | |
r-release-linux-x86_64 | 0.9.0 | 4.66 | 80.38 | 85.04 | OK | |
r-release-macos-arm64 | 0.9.0 | 47.00 | OK | |||
r-release-macos-x86_64 | 0.9.0 | 90.00 | OK | |||
r-release-windows-x86_64 | 0.9.0 | 8.00 | 98.00 | 106.00 | OK | |
r-oldrel-macos-arm64 | 0.9.0 | 53.00 | OK | |||
r-oldrel-macos-x86_64 | 0.9.0 | 96.00 | OK | |||
r-oldrel-windows-x86_64 | 0.9.0 | 9.00 | 119.00 | 128.00 | OK |
Version: 0.9.0
Check: HTML version of manual
Result: NOTE
Found the following HTML validation problems:
format_percentage.html:54:1 (format_percentage.Rd:14): Warning: missing </ul> before </div>
is_class.html:50:1 (is_class.Rd:12): Warning: missing </ul> before </div>
quiet_prettyNum.html:50:1 (quiet_prettyNum.Rd:12): Warning: missing </ul> before </div>
replace_num_in_expr.html:54:1 (replace_num_in_expr.Rd:14): Warning: missing </ul> before </div>
update_numbers.html:50:1 (update_numbers.Rd:12): Warning: missing </ul> before </div>
update_x.html:54:1 (update_x.Rd:14): Warning: missing </ul> before </div>
update_y.html:54:1 (update_y.Rd:14): Warning: missing </ul> before </div>
update_y_stack.html:62:1 (update_y_stack.Rd:18): Warning: missing </ul> before </div>
update_y_stack_unite.html:54:1 (update_y_stack_unite.Rd:14): Warning: missing </ul> before </div>
Flavor: r-devel-linux-x86_64-debian-gcc