Last updated on 2025-10-21 09:48:32 CEST.
Flavor | Version | Tinstall | Tcheck | Ttotal | Status | Flags |
---|---|---|---|---|---|---|
r-devel-linux-x86_64-debian-clang | 0.1.2 | 81.65 | 138.39 | 220.04 | OK | |
r-devel-linux-x86_64-debian-gcc | 0.1.2 | 59.42 | 92.17 | 151.59 | NOTE | |
r-devel-linux-x86_64-fedora-clang | 0.1.2 | 371.82 | OK | |||
r-devel-linux-x86_64-fedora-gcc | 0.1.2 | 379.79 | OK | |||
r-devel-windows-x86_64 | 0.1.2 | 138.00 | 187.00 | 325.00 | OK | |
r-patched-linux-x86_64 | 0.1.2 | 90.82 | 130.00 | 220.82 | OK | |
r-release-linux-x86_64 | 0.1.2 | 85.77 | 126.86 | 212.63 | OK | |
r-release-macos-arm64 | 0.1.2 | 108.00 | OK | |||
r-release-macos-x86_64 | 0.1.2 | 230.00 | OK | |||
r-release-windows-x86_64 | 0.1.2 | 147.00 | 184.00 | 331.00 | OK | |
r-oldrel-macos-arm64 | 0.1.2 | 112.00 | NOTE | |||
r-oldrel-macos-x86_64 | 0.1.2 | 240.00 | NOTE | |||
r-oldrel-windows-x86_64 | 0.1.2 | 149.00 | 255.00 | 404.00 | NOTE |
Version: 0.1.2
Check: top-level files
Result: NOTE
Found the following validation problem for the NEWS.Rd HTML conversion:
NEWS.html:765:1 (inst/NEWS.Rd:513): Warning: missing </ul> before </div>
NEWS.html:170:1 (inst/NEWS.Rd:95): Warning: <h4> anchor "Description" already defined
NEWS.html:243:1 (inst/NEWS.Rd:145): Warning: <h4> anchor "Methods" already defined
NEWS.html:284:1 (inst/NEWS.Rd:176): Warning: <h4> anchor "New-Features" already defined
NEWS.html:338:1 (inst/NEWS.Rd:218): Warning: <h4> anchor "Bug-Fixes" already defined
NEWS.html:378:1 (inst/NEWS.Rd:241): Warning: <h4> anchor "Documentation" already defined
NEWS.html:391:1 (inst/NEWS.Rd:248): Warning: <h4> anchor "New-Features" already defined
NEWS.html:414:1 (inst/NEWS.Rd:264): Warning: <h4> anchor "Internals" already defined
NEWS.html:430:1 (inst/NEWS.Rd:272): Warning: <h4> anchor "Installation" already defined
NEWS.html:471:1 (inst/NEWS.Rd:300): Warning: <h4> anchor "Installation" already defined
NEWS.html:505:1 (inst/NEWS.Rd:323): Warning: <h4> anchor "Description" already defined
NEWS.html:541:1 (inst/NEWS.Rd:348): Warning: <h4> anchor "Installation" already defined
NEWS.html:569:1 (inst/NEWS.Rd:369): Warning: <h4> anchor "Documentation" already defined
NEWS.html:586:1 (inst/NEWS.Rd:380): Warning: <h4> anchor "Classes" already defined
NEWS.html:652:1 (inst/NEWS.Rd:426): Warning: <h4> anchor "Methods" already defined
NEWS.html:686:1 (inst/NEWS.Rd:453): Warning: <h4> anchor "New-Features" already defined
Flavor: r-devel-linux-x86_64-debian-gcc
Version: 0.1.2
Check: installed package size
Result: NOTE
installed size is 15.6Mb
sub-directories of 1Mb or more:
R 2.1Mb
libs 13.1Mb
Flavors: r-oldrel-macos-arm64, r-oldrel-macos-x86_64, r-oldrel-windows-x86_64