Last updated on 2025-10-21 09:48:32 CEST.
Flavor | Version | Tinstall | Tcheck | Ttotal | Status | Flags |
---|---|---|---|---|---|---|
r-devel-linux-x86_64-debian-clang | 0.3.5 | 14.63 | 91.56 | 106.19 | OK | |
r-devel-linux-x86_64-debian-gcc | 0.3.5 | 10.52 | 61.27 | 71.79 | NOTE | |
r-devel-linux-x86_64-fedora-clang | 0.3.5 | 174.93 | OK | |||
r-devel-linux-x86_64-fedora-gcc | 0.3.5 | 159.38 | OK | |||
r-devel-windows-x86_64 | 0.3.5 | 17.00 | 110.00 | 127.00 | OK | |
r-patched-linux-x86_64 | 0.3.5 | 14.44 | 86.66 | 101.10 | OK | |
r-release-linux-x86_64 | 0.3.5 | 14.40 | 85.23 | 99.63 | OK | |
r-release-macos-arm64 | 0.3.5 | 45.00 | OK | |||
r-release-macos-x86_64 | 0.3.5 | 89.00 | OK | |||
r-release-windows-x86_64 | 0.3.5 | 22.00 | 110.00 | 132.00 | OK | |
r-oldrel-macos-arm64 | 0.3.5 | 54.00 | OK | |||
r-oldrel-macos-x86_64 | 0.3.5 | 106.00 | OK | |||
r-oldrel-windows-x86_64 | 0.3.5 | 24.00 | 146.00 | 170.00 | OK |
Version: 0.3.5
Check: HTML version of manual
Result: NOTE
Found the following HTML validation problems:
wb_add_caption.html:68:1 (wb_add_caption.Rd:24): Warning: missing </ul> before </div>
wb_apply_border.html:54:1 (wb_apply_border.Rd:14): Warning: missing </ul> before </div>
wb_apply_cell_styles.html:54:1 (wb_apply_cell_styles.Rd:14): Warning: missing </ul> before </div>
wb_apply_content.html:54:1 (wb_apply_content.Rd:14): Warning: missing </ul> before </div>
wb_apply_text_styles.html:54:1 (wb_apply_text_styles.Rd:14): Warning: missing </ul> before </div>
wb_change_cell_width.html:58:1 (wb_change_cell_width.Rd:16): Warning: missing </ul> before </div>
wb_change_row_height.html:54:1 (wb_change_row_height.Rd:14): Warning: missing </ul> before </div>
Flavor: r-devel-linux-x86_64-debian-gcc