Last updated on 2025-10-21 09:48:32 CEST.
Flavor | Version | Tinstall | Tcheck | Ttotal | Status | Flags |
---|---|---|---|---|---|---|
r-devel-linux-x86_64-debian-clang | 0.1.1 | 13.55 | 286.30 | 299.85 | NOTE | |
r-devel-linux-x86_64-debian-gcc | 0.1.1 | 8.25 | 173.24 | 181.49 | NOTE | |
r-devel-linux-x86_64-fedora-clang | 0.1.1 | 491.44 | OK | |||
r-devel-linux-x86_64-fedora-gcc | 0.1.1 | 478.95 | OK | |||
r-devel-windows-x86_64 | 0.1.1 | 14.00 | 296.00 | 310.00 | NOTE | |
r-patched-linux-x86_64 | 0.1.1 | 13.83 | 271.02 | 284.85 | NOTE | |
r-release-linux-x86_64 | 0.1.1 | 12.26 | 269.74 | 282.00 | NOTE | |
r-release-macos-arm64 | 0.1.1 | 140.00 | OK | |||
r-release-macos-x86_64 | 0.1.1 | 310.00 | OK | |||
r-release-windows-x86_64 | 0.1.1 | 13.00 | 293.00 | 306.00 | NOTE | |
r-oldrel-macos-arm64 | 0.1.1 | 121.00 | OK | |||
r-oldrel-macos-x86_64 | 0.1.1 | 433.00 | OK | |||
r-oldrel-windows-x86_64 | 0.1.1 | 19.00 | 405.00 | 424.00 | OK |
Version: 0.1.1
Check: Rd cross-references
Result: NOTE
Found the following Rd file(s) with Rd \link{} targets missing package
anchors:
fitode-class.Rd: mle2-class
fitode.Rd: ode, ginv, mle2
fitodeMCMC.Rd: ode
logLik.sensitivity.Rd: ode
ode.sensitivity.Rd: ode
summary-fitodeMCMC-method.Rd: effectiveSize, gelman.diag
Please provide package anchors for all Rd \link{} targets not in the
package itself and the base packages.
Flavors: r-devel-linux-x86_64-debian-clang, r-devel-linux-x86_64-debian-gcc, r-devel-windows-x86_64, r-patched-linux-x86_64, r-release-linux-x86_64, r-release-windows-x86_64
Version: 0.1.1
Check: HTML version of manual
Result: NOTE
Found the following HTML validation problems:
check_link.html:51:1 (check_link.Rd:12): Warning: missing </ul> before </div>
fixpar.html:51:1 (fixpar.Rd:12): Warning: missing </ul> before </div>
grad-odemodel-method.html:55:1 (grad-odemodel-method.Rd:15): Warning: missing </ul> before </div>
jacobian-odemodel-method.html:59:1 (jacobian-odemodel-method.Rd:17): Warning: missing </ul> before </div>
make_prior.html:62:1 (make_prior.Rd:18): Warning: missing </ul> before </div>
ode.sensitivity.html:69:1 (ode.sensitivity.Rd:24): Warning: missing </ul> before </div>
plot_internal.html:108:1 (plot_internal.Rd:48): Warning: missing </ul> before </div>
select_model.html:49:1 (select_model.Rd:13): Warning: missing </ul> before </div>
select_prior.html:63:1 (select_prior.Rd:21): Warning: missing </ul> before </div>
simulate_internal.html:88:1 (simulate_internal.Rd:36): Warning: missing </ul> before </div>
Flavor: r-devel-linux-x86_64-debian-gcc