CRAN Package Check Results for Package fig

Last updated on 2025-10-21 09:48:32 CEST.

Flavor Version Tinstall Tcheck Ttotal Status Flags
r-devel-linux-x86_64-debian-clang 1.0.0 2.79 22.82 25.61 OK
r-devel-linux-x86_64-debian-gcc 1.0.0 1.95 18.83 20.78 NOTE
r-devel-linux-x86_64-fedora-clang 1.0.0 37.54 OK
r-devel-linux-x86_64-fedora-gcc 1.0.0 35.08 OK
r-devel-windows-x86_64 1.0.0 3.00 40.00 43.00 OK
r-patched-linux-x86_64 1.0.0 2.83 20.63 23.46 OK
r-release-linux-x86_64 1.0.0 2.66 20.54 23.20 OK
r-release-macos-arm64 1.0.0 16.00 OK
r-release-macos-x86_64 1.0.0 27.00 OK
r-release-windows-x86_64 1.0.0 5.00 42.00 47.00 OK
r-oldrel-macos-arm64 1.0.0 16.00 OK
r-oldrel-macos-x86_64 1.0.0 24.00 OK
r-oldrel-windows-x86_64 1.0.0 4.00 47.00 51.00 OK

Check Details

Version: 1.0.0
Check: HTML version of manual
Result: NOTE Found the following HTML validation problems: Fig.html:149:1 (Fig.Rd:170): Warning: <h5> anchor "Usage" already defined Fig.html:155:1 (Fig.Rd:174): Warning: <h5> anchor "Arguments" already defined Fig.html:172:1 (Fig.Rd:185): Warning: <h5> anchor "Details" already defined Fig.html:179:1 (Fig.Rd:189): Warning: <h5> anchor "Returns" already defined Fig.html:186:1 (Fig.Rd:192): Warning: <h5> anchor "Examples" already defined Fig.html:208:1 (Fig.Rd:209): Warning: <h5> anchor "Usage" already defined Fig.html:214:1 (Fig.Rd:213): Warning: <h5> anchor "Arguments" already defined Fig.html:227:1 (Fig.Rd:220): Warning: <h5> anchor "Returns" already defined Fig.html:234:1 (Fig.Rd:223): Warning: <h5> anchor "Examples" already defined Fig.html:257:1 (Fig.Rd:241): Warning: <h5> anchor "Usage" already defined Fig.html:263:1 (Fig.Rd:245): Warning: <h5> anchor "Returns" already defined Fig.html:270:1 (Fig.Rd:248): Warning: <h5> anchor "Examples" already defined Fig.html:292:1 (Fig.Rd:265): Warning: <h5> anchor "Usage" already defined Fig.html:298:1 (Fig.Rd:269): Warning: <h5> anchor "Arguments" already defined Fig.html:311:1 (Fig.Rd:276): Warning: <h5> anchor "Details" already defined Fig.html:332:1 (Fig.Rd:289): Warning: <h5> anchor "Returns" already defined Fig.html:339:1 (Fig.Rd:292): Warning: <h5> anchor "Examples" already defined Fig.html:366:1 (Fig.Rd:314): Warning: <h5> anchor "Usage" already defined Fig.html:372:1 (Fig.Rd:318): Warning: <h5> anchor "Arguments" already defined Fig.html:385:1 (Fig.Rd:325): Warning: <h5> anchor "Details" already defined Fig.html:392:1 (Fig.Rd:329): Warning: <h5> anchor "Returns" already defined Fig.html:399:1 (Fig.Rd:332): Warning: <h5> anchor "Examples" already defined Fig.html:420:1 (Fig.Rd:348): Warning: <h5> anchor "Usage" already defined Fig.html:426:1 (Fig.Rd:352): Warning: <h5> anchor "Details" already defined Fig.html:433:1 (Fig.Rd:356): Warning: <h5> anchor "Returns" already defined Fig.html:440:1 (Fig.Rd:359): Warning: <h5> anchor "Examples" already defined Fig.html:461:1 (Fig.Rd:375): Warning: <h5> anchor "Usage" already defined Fig.html:467:1 (Fig.Rd:379): Warning: <h5> anchor "Arguments" already defined Fig.html:482:1 (Fig.Rd:388): Warning: <h5> anchor "Returns" already defined Fig.html:489:1 (Fig.Rd:391): Warning: <h5> anchor "Examples" already defined Fig.html:511:1 (Fig.Rd:408): Warning: <h5> anchor "Usage" already defined Fig.html:517:1 (Fig.Rd:412): Warning: <h5> anchor "Arguments" already defined Fig.html:530:1 (Fig.Rd:419): Warning: <h5> anchor "Returns" already defined Fig.html:537:1 (Fig.Rd:422): Warning: <h5> anchor "Examples" already defined Fig.html:557:1 (Fig.Rd:437): Warning: <h5> anchor "Usage" already defined Fig.html:563:1 (Fig.Rd:441): Warning: <h5> anchor "Arguments" already defined Fig.html:577:1 (Fig.Rd:449): Warning: <h5> anchor "Returns" already defined Fig.html:584:1 (Fig.Rd:452): Warning: <h5> anchor "Examples" already defined Fig.html:606:1 (Fig.Rd:469): Warning: <h5> anchor "Usage" already defined Fig.html:612:1 (Fig.Rd:473): Warning: <h5> anchor "Arguments" already defined Flavor: r-devel-linux-x86_64-debian-gcc