Last updated on 2025-10-21 09:48:32 CEST.
Flavor | Version | Tinstall | Tcheck | Ttotal | Status | Flags |
---|---|---|---|---|---|---|
r-devel-linux-x86_64-debian-clang | 2.4.2 | 88.45 | 199.61 | 288.06 | OK | |
r-devel-linux-x86_64-debian-gcc | 2.4.2 | 55.45 | 119.42 | 174.87 | NOTE | |
r-devel-linux-x86_64-fedora-clang | 2.4.2 | 497.61 | OK | |||
r-devel-linux-x86_64-fedora-gcc | 2.4.2 | 456.05 | OK | |||
r-devel-windows-x86_64 | 2.4.2 | 95.00 | 218.00 | 313.00 | OK | |
r-patched-linux-x86_64 | 2.4.2 | 78.80 | 189.39 | 268.19 | OK | |
r-release-linux-x86_64 | 2.4.2 | 73.17 | 186.64 | 259.81 | OK | |
r-release-macos-arm64 | 2.4.2 | 103.00 | OK | |||
r-release-macos-x86_64 | 2.4.2 | 226.00 | OK | |||
r-release-windows-x86_64 | 2.4.2 | 95.00 | 218.00 | 313.00 | OK | |
r-oldrel-macos-arm64 | 2.4.2 | 114.00 | NOTE | |||
r-oldrel-macos-x86_64 | 2.4.2 | 223.00 | NOTE | |||
r-oldrel-windows-x86_64 | 2.4.2 | 117.00 | 287.00 | 404.00 | NOTE |
Version: 2.4.2
Check: HTML version of manual
Result: NOTE
Found the following HTML validation problems:
beta.html:49:1 (beta.Rd:13): Warning: missing </ul> before </div>
f_plot.html:52:1 (f_plot.Rd:14): Warning: missing </ul> before </div>
growth_vel.html:58:1 (growth_vel.Rd:17): Warning: missing </ul> before </div>
im.html:56:1 (im.Rd:15): Warning: missing </ul> before </div>
simu_data.html:66:1 (simu_data.Rd:17): Warning: missing </ul> before </div>
simu_warp.html:56:1 (simu_warp.Rd:12): Warning: missing </ul> before </div>
simu_warp_median.html:56:1 (simu_warp_median.Rd:12): Warning: missing </ul> before </div>
toy_data.html:61:1 (toy_data.Rd:17): Warning: missing </ul> before </div>
toy_warp.html:51:1 (toy_warp.Rd:12): Warning: missing </ul> before </div>
Flavor: r-devel-linux-x86_64-debian-gcc
Version: 2.4.2
Check: installed package size
Result: NOTE
installed size is 8.7Mb
sub-directories of 1Mb or more:
data 2.3Mb
libs 4.8Mb
Flavors: r-oldrel-macos-arm64, r-oldrel-macos-x86_64, r-oldrel-windows-x86_64