Last updated on 2025-02-21 09:50:44 CET.
Flavor | Version | Tinstall | Tcheck | Ttotal | Status | Flags |
---|---|---|---|---|---|---|
r-devel-linux-x86_64-debian-clang | 0.7 | 3.71 | 42.22 | 45.93 | OK | |
r-devel-linux-x86_64-debian-gcc | 0.7 | 2.82 | 31.48 | 34.30 | OK | |
r-devel-linux-x86_64-fedora-clang | 0.7 | 75.26 | NOTE | |||
r-devel-linux-x86_64-fedora-gcc | 0.7 | 82.41 | NOTE | |||
r-devel-macos-arm64 | 0.7 | 33.00 | OK | |||
r-devel-macos-x86_64 | 0.7 | 61.00 | OK | |||
r-devel-windows-x86_64 | 0.7 | 5.00 | 64.00 | 69.00 | OK | |
r-patched-linux-x86_64 | 0.7 | 3.34 | 39.71 | 43.05 | OK | |
r-release-linux-x86_64 | 0.7 | 2.66 | 39.44 | 42.10 | OK | |
r-release-macos-arm64 | 0.7 | 30.00 | OK | |||
r-release-macos-x86_64 | 0.7 | 48.00 | OK | |||
r-release-windows-x86_64 | 0.7 | 6.00 | 63.00 | 69.00 | OK | |
r-oldrel-macos-arm64 | 0.7 | 32.00 | OK | |||
r-oldrel-macos-x86_64 | 0.7 | 46.00 | OK | |||
r-oldrel-windows-x86_64 | 0.7 | 7.00 | 94.00 | 101.00 | OK |
Version: 0.7
Check: dependencies in R code
Result: NOTE
Namespace in Imports field not imported from: ‘ggplot2’
All declared Imports should be used.
Flavors: r-devel-linux-x86_64-fedora-clang, r-devel-linux-x86_64-fedora-gcc