Last updated on 2025-10-21 09:48:32 CEST.
Flavor | Version | Tinstall | Tcheck | Ttotal | Status | Flags |
---|---|---|---|---|---|---|
r-devel-linux-x86_64-debian-clang | 0.6-192 | 118.09 | 203.13 | 321.22 | OK | |
r-devel-linux-x86_64-debian-gcc | 0.6-192 | 72.41 | 141.66 | 214.07 | OK | |
r-devel-linux-x86_64-fedora-clang | 0.7-30 | 384.72 | OK | |||
r-devel-linux-x86_64-fedora-gcc | 0.7-30 | 395.34 | OK | |||
r-devel-windows-x86_64 | 0.6-192 | 131.00 | 217.00 | 348.00 | OK | |
r-patched-linux-x86_64 | 0.6-192 | 111.25 | 194.12 | 305.37 | OK | |
r-release-linux-x86_64 | 0.6-192 | 113.74 | 194.79 | 308.53 | OK | |
r-release-macos-arm64 | 0.7-30 | 169.00 | OK | |||
r-release-macos-x86_64 | 0.7-30 | 363.00 | OK | |||
r-release-windows-x86_64 | 0.6-192 | 145.00 | 218.00 | 363.00 | OK | |
r-oldrel-macos-arm64 | 0.7-30 | 171.00 | NOTE | |||
r-oldrel-macos-x86_64 | 0.7-30 | 367.00 | NOTE | |||
r-oldrel-windows-x86_64 | 0.6-192 | 164.00 | 282.00 | 446.00 | NOTE |
Version: 0.7-30
Check: installed package size
Result: NOTE
installed size is 14.8Mb
sub-directories of 1Mb or more:
data 7.2Mb
doc 2.0Mb
libs 5.1Mb
Flavors: r-oldrel-macos-arm64, r-oldrel-macos-x86_64
Version: 0.7-30
Check: for GNU extensions in Makefiles
Result: NOTE
GNU make is a SystemRequirements.
Flavors: r-oldrel-macos-arm64, r-oldrel-macos-x86_64
Version: 0.6-192
Check: installed package size
Result: NOTE
installed size is 5.7Mb
sub-directories of 1Mb or more:
data 3.7Mb
libs 1.2Mb
Flavor: r-oldrel-windows-x86_64
Version: 0.6-192
Check: for GNU extensions in Makefiles
Result: NOTE
GNU make is a SystemRequirements.
Flavor: r-oldrel-windows-x86_64