Last updated on 2025-10-21 09:48:32 CEST.
Flavor | Version | Tinstall | Tcheck | Ttotal | Status | Flags |
---|---|---|---|---|---|---|
r-devel-linux-x86_64-debian-clang | 0.6.1 | 48.81 | 104.44 | 153.25 | OK | |
r-devel-linux-x86_64-debian-gcc | 0.6.1 | 31.49 | 72.24 | 103.73 | NOTE | |
r-devel-linux-x86_64-fedora-clang | 0.6.1 | 260.01 | OK | |||
r-devel-linux-x86_64-fedora-gcc | 0.6.1 | 229.61 | OK | |||
r-devel-windows-x86_64 | 0.6.1 | 55.00 | 132.00 | 187.00 | OK | |
r-patched-linux-x86_64 | 0.6.1 | 45.76 | 95.94 | 141.70 | OK | |
r-release-linux-x86_64 | 0.6.1 | 44.60 | 95.10 | 139.70 | OK | |
r-release-macos-arm64 | 0.6.1 | 65.00 | OK | |||
r-release-macos-x86_64 | 0.6.1 | 117.00 | OK | |||
r-release-windows-x86_64 | 0.6.1 | 57.00 | 132.00 | 189.00 | OK | |
r-oldrel-macos-arm64 | 0.6.1 | 59.00 | NOTE | |||
r-oldrel-macos-x86_64 | 0.6.1 | 106.00 | NOTE | |||
r-oldrel-windows-x86_64 | 0.6.1 | 69.00 | 168.00 | 237.00 | NOTE |
Version: 0.6.1
Check: HTML version of manual
Result: NOTE
Found the following HTML validation problems:
aggregateEM.html:53:1 (aggregateEM.Rd:15): Warning: missing </ul> before </div>
plot.fastLink.html:57:1 (plot.fastLink.Rd:15): Warning: missing </ul> before </div>
print.inspectEM.html:51:1 (print.inspectEM.Rd:12): Warning: missing </ul> before </div>
summary.fastLink.html:71:1 (summary.fastLink.Rd:23): Warning: missing </ul> before </div>
Flavor: r-devel-linux-x86_64-debian-gcc
Version: 0.6.1
Check: installed package size
Result: NOTE
installed size is 8.5Mb
sub-directories of 1Mb or more:
data 5.6Mb
libs 2.6Mb
Flavors: r-oldrel-macos-arm64, r-oldrel-macos-x86_64, r-oldrel-windows-x86_64