Last updated on 2025-10-21 09:48:33 CEST.
Flavor | Version | Tinstall | Tcheck | Ttotal | Status | Flags |
---|---|---|---|---|---|---|
r-devel-linux-x86_64-debian-clang | 0.6.5 | 9.91 | 86.01 | 95.92 | NOTE | |
r-devel-linux-x86_64-debian-gcc | 0.6.5 | 8.21 | 70.73 | 78.94 | NOTE | |
r-devel-linux-x86_64-fedora-clang | 0.6.5 | 160.25 | OK | |||
r-devel-linux-x86_64-fedora-gcc | 0.6.5 | 142.22 | OK | |||
r-devel-windows-x86_64 | 0.6.5 | 11.00 | 91.00 | 102.00 | OK | |
r-patched-linux-x86_64 | 0.6.5 | 9.20 | 77.42 | 86.62 | OK | |
r-release-linux-x86_64 | 0.6.5 | 9.76 | 76.34 | 86.10 | OK | |
r-release-macos-arm64 | 0.6.5 | 94.00 | OK | |||
r-release-macos-x86_64 | 0.6.5 | 91.00 | OK | |||
r-release-windows-x86_64 | 0.6.5 | 11.00 | 87.00 | 98.00 | OK | |
r-oldrel-macos-arm64 | 0.6.5 | 41.00 | OK | |||
r-oldrel-macos-x86_64 | 0.6.5 | 62.00 | OK | |||
r-oldrel-windows-x86_64 | 0.6.5 | 15.00 | 114.00 | 129.00 | OK |
Version: 0.6.5
Check: CRAN incoming feasibility
Result: NOTE
Maintainer: ‘Felix Schönbrodt <felix@nicebread.de>’
No Authors@R field in DESCRIPTION.
Please add one, modifying
Authors@R: c(person(given = "Felix",
family = "Schönbrodt",
role = c("aut", "cre"),
email = "felix@nicebread.de"),
person(given = "Lara",
family = "Stas",
role = "aut"),
person(given = "Tom",
family = "Loeys",
role = "aut"))
as necessary.
Package CITATION file contains call(s) to old-style personList() or
as.personList(). Please use c() on person objects instead.
Package CITATION file contains call(s) to old-style citEntry(). Please
use bibentry() instead.
Flavors: r-devel-linux-x86_64-debian-clang, r-devel-linux-x86_64-debian-gcc
Version: 0.6.5
Check: top-level files
Result: NOTE
Found the following validation problem for the NEWS.Rd HTML conversion:
NEWS.html:385:1 (inst/NEWS.Rd:202): Warning: missing </ul> before </div>
NEWS.html:40:1 (inst/NEWS.Rd:18): Warning: <h4> anchor "Changes" already defined
NEWS.html:55:1 (inst/NEWS.Rd:27): Warning: <h4> anchor "Changes" already defined
NEWS.html:70:1 (inst/NEWS.Rd:37): Warning: <h4> anchor "Changes" already defined
NEWS.html:94:1 (inst/NEWS.Rd:50): Warning: <h4> anchor "Changes" already defined
NEWS.html:109:1 (inst/NEWS.Rd:60): Warning: <h4> anchor "Changes" already defined
NEWS.html:136:1 (inst/NEWS.Rd:74): Warning: <h4> anchor "Changes" already defined
NEWS.html:169:1 (inst/NEWS.Rd:89): Warning: <h4> anchor "Changes" already defined
NEWS.html:187:1 (inst/NEWS.Rd:99): Warning: <h4> anchor "Changes" already defined
NEWS.html:205:1 (inst/NEWS.Rd:109): Warning: <h4> anchor "Changes" already defined
NEWS.html:223:1 (inst/NEWS.Rd:120): Warning: <h4> anchor "Changes" already defined
NEWS.html:262:1 (inst/NEWS.Rd:143): Warning: <h4> anchor "New-Features" already defined
NEWS.html:304:1 (inst/NEWS.Rd:164): Warning: <h4> anchor "New-Features" already defined
NEWS.html:321:1 (inst/NEWS.Rd:174): Warning: <h4> anchor "New-Features" already defined
NEWS.html:345:1 (inst/NEWS.Rd:187): Warning: <h4> anchor "New-Features" already defined
NEWS.html:362:1 (inst/NEWS.Rd:195): Warning: <h4> anchor "Changes" already defined
Flavor: r-devel-linux-x86_64-debian-gcc
Version: 0.6.5
Check: HTML version of manual
Result: NOTE
Found the following HTML validation problems:
equalMeans.html:50:1 (equalMeans.Rd:12): Warning: missing </ul> before </div>
mod.html:50:1 (mod.Rd:12): Warning: missing </ul> before </div>
predict.fSRM.html:55:1 (predict.fSRM.Rd:14): Warning: missing </ul> before </div>
update.fSRM.html:55:1 (update.fSRM.Rd:14): Warning: missing </ul> before </div>
Flavor: r-devel-linux-x86_64-debian-gcc